Report per 2013 Ottobre
                   Monthly Climatological Summary for ott 2013

Name: Meteo Bagheria Centro   City: Bagheria   State: Italia
Elevation: 88 m  Lat: N 38 04' 37"   Lon: E 013 30' 16"

                  Temperature (C), Rain (mm), Wind Speed (km/h)

                                      Heat  Cool        Avg
    Mean                              Deg   Deg         Wind                 Dom
Day Temp  High   Time   Low    Time   Days  Days  Rain  Speed High   Time    Dir
----------------------------------------------------------------------------------
 1  23,2  26,0   14:31  21,6   05:14   0,0   4,9   0,0   6,5  37,0   14:51    NW
 2  23,2  26,3   14:38  20,9   06:46   0,0   4,9   0,0   3,7  22,0   15:57    NW
 3  23,1  25,3   14:56  21,3   07:06   0,0   4,8   0,0   2,9  17,0   12:27   ESE
 4  23,3  25,6   13:11  20,8   06:58   0,0   5,0   0,0   4,6  19,0   06:07   SSE
 5  22,9  25,3   12:15  20,5   15:42   0,0   4,6  21,9   9,5  43,0   21:12     S
 6  22,2  26,5   14:41  19,5   16:23   0,0   3,9  58,2   6,0  34,0   05:50     S
 7  21,4  23,9   14:48  19,6   07:05   0,0   3,1   0,0   2,4  16,0   12:48   NNW
 8  21,3  24,6   13:24  19,6   07:25   0,0   3,0   0,0   2,2  18,0   14:41     N
 9  21,1  24,2   11:36  18,7   07:16   0,0   2,8   0,0   4,0  23,0   15:03     W
10  20,8  22,5   16:10  18,1   07:27   0,0   2,5   3,6   3,2  39,0   14:24     S
11  20,8  23,7   09:07  17,4   15:18   0,0   2,5  34,8   5,5  42,0   15:44    SW
12  25,3  31,3   15:25  20,4   00:00   0,0   7,0   0,0   8,9  43,0   05:29     S
13  23,4  26,8   15:25  21,2   07:12   0,0   5,6   0,0   1,5  13,0   11:51   NNW
14  21,9  23,3   18:18  20,6   06:44   0,0   2,2   0,0   0,7  11,0   05:57     S
15  22,0  24,2   13:03  20,9   07:10   0,0   3,7   0,0   1,6  16,0   13:32   NNW
16  22,7  25,8   14:35  20,6   07:09   0,0   4,4   1,2   7,1  40,0   16:21   WNW
17  21,7  24,0   14:07  20,1   23:53   0,0   3,4   0,0   6,1  30,0   12:07    NW
18  20,9  24,2   13:49  18,6   07:46   0,0   2,6   0,0   2,9  13,0   14:23   SSE
19  21,4  24,8   14:42  18,8   07:16   0,0   3,2   0,0   3,2  23,0   23:50   SSE
20  22,9  27,9   14:17  20,6   06:41   0,0   4,5   0,0   7,3  31,0   02:58   SSW
21  22,0  25,5   13:42  19,7   05:53   0,0   3,7   0,0   5,4  31,0   07:32   SSW
22  21,6  24,9   13:18  19,5   05:39   0,0   3,3   0,0   2,1  17,0   15:16   ESE
23  21,4  24,8   14:21  19,3   07:29   0,0   3,1   0,0   2,6  16,0   12:21    SE
24  21,3  24,8   15:21  18,8   06:10   0,0   3,0   0,0   3,3  18,0   00:52     S
25  21,5  24,5   14:17  19,7   06:14   0,0   3,2   0,0   1,8  12,0   15:38   ESE
26  21,0  23,8   13:49  18,8   06:37   0,0   2,7   0,0   1,9  12,0   12:20   ESE
27  20,9  24,7   13:28  18,9   06:47   0,0   2,8   0,0   1,5  12,0   12:51    SE
28  20,3  23,3   13:00  18,2   06:15   0,0   2,0   0,0   1,5  13,0   13:12   ESE
29  20,0  22,8   12:18  18,0   06:34   0,0   1,7   0,0   1,5  16,0   12:40     E
30  20,7  23,8   13:14  18,1   05:06   0,0   2,4   0,0   4,3  23,0   02:09     S
31  20,6  23,3   10:49  18,2   04:30   0,0   2,3   0,0   2,8  18,0   00:54     S
----------------------------------------------------------------------------------
    21,8  31,3    12    17,4    11     0,0 108,8 119,7   3,8  43,0     5     SSW

Max >=  20,0: 31
Max <=  19,9:  0
Min <=  10,0:  0
Min <=   4,0:  0
Max Rain: 58,2 on day 6
Days of Rain: 5 (>= 0,3 mm)  3 (>= 6,0 mm)  3 (>= 20,0 mm)
Heat Base: 18,3  Cool Base: 18,3  Method: Integration