Report per 2018 Aprile
                   Monthly Climatological Summary for apr 2018

Name: Meteo Bagheria Centro   City: Bagheria   State: Italia
Elevation: 88 m  Lat: N 38 04' 37"   Lon: E 013 30' 15"

                  Temperature (C), Rain (mm), Wind Speed (km/h)

                                      Heat  Cool        Avg
    Mean                              Deg   Deg         Wind                 Dom
Day Temp  High   Time   Low    Time   Days  Days  Rain  Speed High   Time    Dir
----------------------------------------------------------------------------------
 1  14,6  18,2   13:33  12,2   23:45   3,7   0,0   0,0  13,7  43,0   15:05   WNW
 2  13,6  17,0   13:47  10,3   06:22   4,7   0,0   0,0   6,3  18,0   11:19    SE
 3  17,1  23,6   14:29  12,8   00:06   2,1   0,9   0,0  11,3  32,0   21:45   SSW
 4  17,5  22,1   15:07  15,0   22:43   1,1   0,4   0,0   8,1  36,0   01:46     S
 5  16,1  20,2   13:37  12,9   06:41   2,4   0,2   0,0   6,9  30,0   13:45    NW
 6  15,4  17,9   15:02  13,9   05:16   2,9   0,0   0,0   5,0  18,0   13:07    NW
 7  15,9  19,6   15:24  12,3   06:59   2,6   0,2   0,0   3,8  15,0   12:23   ESE
 8  19,0  25,1   15:03  15,1   00:44   1,1   1,7   0,0  14,7  68,0   22:58   SSE
 9  16,6  19,8   13:59  14,1   07:26   1,8   0,2   0,0   7,1  34,0   00:00   ESE
10  14,9  16,9   15:35  13,4   07:06   3,4   0,0   0,0   4,1  18,0   17:15   ESE
11  17,8  23,5   13:25  13,8   03:43   1,6   1,1   2,7   5,2  21,0   22:26    SE
12  16,9  20,5   12:19  14,4   06:46   1,7   0,2   0,3   5,6  19,0   00:00   ESE
13  15,9  18,9   12:39  12,9   06:20   2,4   0,0   0,0   5,1  18,0   13:54   ESE
14  17,2  20,0   22:34  14,3   05:48   1,5   0,4   0,0   4,0  28,0   22:21   SSE
15  19,0  21,5   14:23  14,6   23:29   0,5   1,2  16,8   9,9  37,0   02:28    SW
16  17,3  21,6   15:21  14,9   01:45   1,5   0,5   0,0   7,7  24,0   14:18    NW
17  17,1  20,9   12:44  14,8   06:35   1,5   0,3   0,0   3,5  16,0   13:05     E
18  16,3  19,4   12:39  14,5   04:47   2,1   0,1   0,3   3,5  16,0   13:12   ESE
19  17,1  21,2   14:09  14,4   06:05   1,7   0,4   0,3   3,4  12,0   14:33   ESE
20  18,3  22,8   14:06  15,4   03:48   0,9   0,9   0,0   3,2  13,0   13:05   ENE
21  18,1  20,8   13:49  16,2   06:05   0,5   0,4   0,0   3,0  12,0   10:41     N
22  19,0  23,3   14:55  16,4   06:48   0,5   1,2   0,0   3,3  13,0   12:09    NE
23  19,7  23,9   15:32  16,7   04:35   0,3   1,8   0,0   3,3  15,0   12:50   ENE
24  20,2  23,9   12:52  17,1   04:48   0,2   2,0   0,0   4,2  15,0   12:26   ESE
25  20,1  24,5   15:08  16,7   06:16   0,2   2,0   0,0   3,9  15,0   16:22   ESE
26  19,4  23,2   16:28  17,0   06:38   0,1   1,2   0,0   3,9  17,0   13:45   ESE
27  19,2  23,9   16:41  17,4   05:00   0,2   1,1   0,0   3,4  15,0   14:32   ESE
28  19,5  23,5   15:43  17,3   01:31   0,1   1,3   0,3   5,2  24,0   07:19    SE
29  21,3  26,9   15:18  17,9   06:25   0,0   3,0   0,0   4,2 186,0   20:02   NNW
30  19,3  21,8   11:50  17,3   23:53   0,1   1,1   0,0   6,6  22,0   13:31   NNW
----------------------------------------------------------------------------------
    17,6  26,9    29    10,3     2    43,4  23,8  20,7   5,8 186,0    29      SE

Max >=  20,0: 22
Max <=  19,9:  8
Min <=  10,0:  0
Min <=   4,0:  0
Max Rain: 16,8 on day 15
Days of Rain: 6 (>= 0,3 mm)  1 (>= 6,0 mm)  0 (>= 20,0 mm)
Heat Base: 18,3  Cool Base: 18,3  Method: Integration