Selezionare Mese o Anno per visualizzare Report
2024: Gen Feb Mar Apr Mag Giu Lug Ago Set Ott Nov Dic
2023: Gen Feb Mar Apr Mag Giu Lug Ago Set Ott Nov Dic
2022: Gen Feb Mar Apr Mag Giu Lug Ago Set Ott Nov Dic
2021: Gen Feb Mar Apr Mag Giu Lug Ago Set Ott Nov Dic
2020: Gen Feb Mar Apr Mag Giu Lug Ago Set Ott Nov Dic
2019: Gen Feb Mar Apr Mag Giu Lug Ago Set Ott Nov Dic
2018: Gen Feb Mar Apr Mag Giu Lug Ago Set Ott Nov Dic
2017: Gen Feb Mar Apr Mag Giu Lug Ago Set Ott Nov Dic
2016: Gen Feb Mar Apr Mag Giu Lug Ago Set Ott Nov Dic
2015: Gen Feb Mar Apr Mag Giu Lug Ago Set Ott Nov Dic
2014: Gen Feb Mar Apr Mag Giu Lug Ago Set Ott Nov Dic
2013: Gen Feb Mar Apr Mag Giu Lug Ago Set Ott Nov Dic
2012: Gen Feb Mar Apr Mag Giu Lug Ago Set Ott Nov Dic
2024: Gen Feb Mar Apr Mag Giu Lug Ago Set Ott Nov Dic
2023: Gen Feb Mar Apr Mag Giu Lug Ago Set Ott Nov Dic
2022: Gen Feb Mar Apr Mag Giu Lug Ago Set Ott Nov Dic
2021: Gen Feb Mar Apr Mag Giu Lug Ago Set Ott Nov Dic
2020: Gen Feb Mar Apr Mag Giu Lug Ago Set Ott Nov Dic
2019: Gen Feb Mar Apr Mag Giu Lug Ago Set Ott Nov Dic
2018: Gen Feb Mar Apr Mag Giu Lug Ago Set Ott Nov Dic
2017: Gen Feb Mar Apr Mag Giu Lug Ago Set Ott Nov Dic
2016: Gen Feb Mar Apr Mag Giu Lug Ago Set Ott Nov Dic
2015: Gen Feb Mar Apr Mag Giu Lug Ago Set Ott Nov Dic
2014: Gen Feb Mar Apr Mag Giu Lug Ago Set Ott Nov Dic
2013: Gen Feb Mar Apr Mag Giu Lug Ago Set Ott Nov Dic
2012: Gen Feb Mar Apr Mag Giu Lug Ago Set Ott Nov Dic
Report per 2019 Settembre
Monthly Climatological Summary for set 2019 Name: Meteo Bagheria Centro City: Bagheria State: Italia Elevation: 88 m Lat: N 38 04 37 Lon: E 013 30 15 Temperature (°C), Rain (mm), Wind Speed (km/h) Heat Cool Avg Mean Deg Deg Wind Dom Day Temp High Time Low Time Days Days Rain Speed High Time Dir ---------------------------------------------------------------------------------- 01 25,5 28,1 12:10 24,6 05:12 0,0 7,1 0,0 5,2 21,0 16:33 NW 02 24,6 28,7 11:46 21,5 13:29 0,0 6,3 48,5 5,1 58,0 13:23 WSW 03 25,0 27,7 16:09 21,5 23:54 0,0 6,7 7,0 10,3 31,0 23:26 NW 04 24,6 27,5 14:48 21,3 00:29 0,0 6,3 6,0 7,9 26,0 19:38 WNW 05 24,2 26,5 14:41 20,9 03:04 0,0 5,8 33,5 5,4 19,0 11:49 NW 06 24,8 27,3 13:38 22,9 04:20 0,0 6,6 0,0 6,7 18,0 14:27 NW 07 23,9 27,0 14:54 21,4 06:57 0,0 5,5 0,0 11,2 36,0 16:48 WNW 08 23,9 27,7 14:25 20,8 06:12 0,0 5,6 0,0 7,7 19,0 06:47 SSE 09 24,1 26,8 12:58 20,8 04:14 0,0 5,8 5,0 7,1 30,0 13:54 NW 10 23,7 27,2 13:08 22,0 16:54 0,0 5,4 6,0 6,2 19,0 12:34 SE 11 24,7 28,5 15:26 21,8 06:57 0,0 6,4 0,0 5,6 17,0 14:45 ESE 12 25,0 27,9 15:32 22,7 06:35 0,0 6,6 0,0 5,5 19,0 15:10 NNW 13 25,3 28,9 15:22 22,8 05:20 0,0 7,0 0,0 4,5 16,0 15:31 NE 14 25,2 27,9 15:06 22,7 06:54 0,0 6,9 0,0 5,8 22,0 14:47 NW 15 25,0 28,0 14:34 22,7 05:42 0,0 6,7 0,0 5,3 17,0 13:38 ESE 16 24,7 27,3 15:06 22,8 05:45 0,0 6,4 0,0 5,6 19,0 13:12 NNW 17 24,7 27,8 13:41 22,7 06:06 0,0 6,4 0,0 4,6 13,0 12:18 E 18 24,8 27,7 15:47 22,5 06:36 0,0 6,5 0,0 4,9 17,0 14:08 ESE 19 25,2 28,5 13:51 23,2 19:43 0,0 6,9 0,0 5,0 23,0 19:20 E 20 25,4 28,3 14:13 23,4 06:25 0,0 7,1 0,0 5,2 16,0 14:12 E 21 25,3 28,1 13:41 23,0 05:43 0,0 7,0 0,0 7,1 22,0 07:41 ESE 22 26,7 31,3 16:56 24,1 05:02 0,0 8,4 0,0 15,2 38,0 09:17 SSW 23 27,2 31,7 12:48 25,4 00:00 0,0 8,9 0,0 12,1 40,0 01:43 SSW 24 24,8 26,2 12:05 22,8 23:22 0,0 6,5 0,0 11,0 31,0 17:24 NW 25 24,3 27,4 15:06 21,6 05:51 0,0 6,0 0,0 5,6 16,0 13:24 SE 26 23,5 27,0 12:12 21,0 06:06 0,0 5,2 0,0 9,9 33,0 14:36 NW 27 23,2 25,3 15:03 21,7 02:20 0,0 4,9 0,0 6,6 18,0 13:23 NW 28 23,0 25,3 13:09 21,1 06:17 0,0 4,7 0,0 5,3 18,0 13:42 NNE 29 23,4 26,2 15:14 21,3 05:09 0,0 5,1 0,0 4,8 18,0 14:15 ENE 30 23,1 26,1 13:50 21,3 07:03 0,0 4,8 0,0 4,6 16,0 14:13 NNW ---------------------------------------------------------------------------------- 24,6 31,7 23 20,8 8 0,0 189,5 106,0 6,9 58,0 2 NW Max >= 20,0 30 Max <= 19,9 0 Min <= 10,0 0 Min <= 4,0 0 Max Rain: 48,5 on day 2 Days of Rain: 6 (>= 0,5 mm) 5 (>= 6,0 mm) 2 (>= 20,0 mm) Heat Base: 18,3 Cool Base: 18,3 Method: Integration