Selezionare Mese o Anno per visualizzare Report
2024: Gen Feb Mar Apr Mag Giu Lug Ago Set Ott Nov Dic
2023: Gen Feb Mar Apr Mag Giu Lug Ago Set Ott Nov Dic
2022: Gen Feb Mar Apr Mag Giu Lug Ago Set Ott Nov Dic
2021: Gen Feb Mar Apr Mag Giu Lug Ago Set Ott Nov Dic
2020: Gen Feb Mar Apr Mag Giu Lug Ago Set Ott Nov Dic
2019: Gen Feb Mar Apr Mag Giu Lug Ago Set Ott Nov Dic
2018: Gen Feb Mar Apr Mag Giu Lug Ago Set Ott Nov Dic
2017: Gen Feb Mar Apr Mag Giu Lug Ago Set Ott Nov Dic
2016: Gen Feb Mar Apr Mag Giu Lug Ago Set Ott Nov Dic
2015: Gen Feb Mar Apr Mag Giu Lug Ago Set Ott Nov Dic
2014: Gen Feb Mar Apr Mag Giu Lug Ago Set Ott Nov Dic
2013: Gen Feb Mar Apr Mag Giu Lug Ago Set Ott Nov Dic
2012: Gen Feb Mar Apr Mag Giu Lug Ago Set Ott Nov Dic
2024: Gen Feb Mar Apr Mag Giu Lug Ago Set Ott Nov Dic
2023: Gen Feb Mar Apr Mag Giu Lug Ago Set Ott Nov Dic
2022: Gen Feb Mar Apr Mag Giu Lug Ago Set Ott Nov Dic
2021: Gen Feb Mar Apr Mag Giu Lug Ago Set Ott Nov Dic
2020: Gen Feb Mar Apr Mag Giu Lug Ago Set Ott Nov Dic
2019: Gen Feb Mar Apr Mag Giu Lug Ago Set Ott Nov Dic
2018: Gen Feb Mar Apr Mag Giu Lug Ago Set Ott Nov Dic
2017: Gen Feb Mar Apr Mag Giu Lug Ago Set Ott Nov Dic
2016: Gen Feb Mar Apr Mag Giu Lug Ago Set Ott Nov Dic
2015: Gen Feb Mar Apr Mag Giu Lug Ago Set Ott Nov Dic
2014: Gen Feb Mar Apr Mag Giu Lug Ago Set Ott Nov Dic
2013: Gen Feb Mar Apr Mag Giu Lug Ago Set Ott Nov Dic
2012: Gen Feb Mar Apr Mag Giu Lug Ago Set Ott Nov Dic
Report per 2020 Febbraio
Monthly Climatological Summary for feb 2020 Name: Meteo Bagheria Centro City: Bagheria State: Italia Elevation: 88 m Lat: N 38 04 37 Lon: E 013 30 15 Temperature (°C), Rain (mm), Wind Speed (km/h) Heat Cool Avg Mean Deg Deg Wind Dom Day Temp High Time Low Time Days Days Rain Speed High Time Dir ---------------------------------------------------------------------------------- 01 13,5 16,0 13:22 11,3 06:52 4,8 0,0 0,0 4,5 16,0 13:10 SSE 02 13,7 16,4 13:22 12,2 01:58 4,6 0,0 0,0 5,5 19,0 12:08 SE 03 15,7 19,0 14:05 13,5 00:00 2,6 0,0 0,0 3,7 15,0 11:11 SE 04 17,1 22,3 13:29 13,3 23:46 2,1 0,9 0,0 14,9 65,0 22:13 WNW 05 11,3 13,3 00:00 9,1 20:41 6,9 0,0 2,0 41,3 85,0 09:29 NNW 06 10,0 11,5 13:09 8,5 04:06 8,3 0,0 0,5 18,3 47,0 04:31 N 07 10,1 12,7 14:27 8,5 07:04 8,2 0,0 0,0 5,9 19,0 12:32 NNW 08 10,3 13,5 14:22 7,7 04:34 8,0 0,0 0,0 6,4 22,0 10:39 SE 09 11,5 15,0 13:39 8,9 06:57 6,8 0,0 0,0 6,8 16,0 01:53 SSW 10 14,1 18,0 13:45 11,2 00:00 4,2 0,0 0,0 13,5 37,0 14:38 SW 11 15,9 19,3 12:24 13,1 06:51 2,5 0,1 0,0 10,5 29,0 05:25 SSW 12 15,1 17,8 14:08 13,0 23:20 3,2 0,0 0,0 8,8 34,0 14:34 NW 13 14,5 17,8 13:16 12,5 07:09 3,8 0,0 0,0 4,8 13,0 11:15 SE 14 14,9 19,5 13:24 12,9 23:51 3,4 0,0 0,0 14,0 40,0 14:07 W 15 13,6 16,5 13:56 11,9 23:19 4,7 0,0 0,0 6,4 19,0 03:15 NNW 16 12,8 16,4 13:50 10,2 06:43 5,5 0,0 0,0 5,3 16,0 14:12 SE 17 12,1 15,0 13:07 9,9 07:03 6,2 0,0 0,0 5,8 19,0 13:49 SE 18 12,0 15,4 14:09 9,6 07:09 6,3 0,0 0,0 4,7 15,0 12:27 ESE 19 12,6 15,4 12:17 10,4 07:07 5,7 0,0 0,0 7,2 35,0 13:47 NW 20 12,7 15,0 14:14 11,3 23:37 5,6 0,0 0,0 14,1 37,0 12:22 NW 21 12,1 14,5 12:30 9,9 06:28 6,2 0,0 0,0 6,6 25,0 13:25 NW 22 12,5 15,6 14:35 10,3 06:39 5,8 0,0 0,0 5,5 19,0 15:08 NE 23 12,4 15,1 13:25 10,2 05:13 5,9 0,0 0,0 8,3 31,0 14:07 NW 24 12,8 16,1 13:21 10,4 07:01 5,5 0,0 0,0 5,0 21,0 14:52 ESE 25 13,3 16,6 14:24 10,7 06:51 5,0 0,0 0,0 6,2 31,0 21:24 SE 26 15,3 17,9 14:59 13,0 04:59 3,0 0,0 0,0 17,3 40,0 03:54 W 27 14,1 15,9 14:22 12,7 22:38 4,2 0,0 0,0 18,4 48,0 03:51 NW 28 15,6 18,4 11:10 13,3 00:00 2,7 0,0 0,0 16,3 40,0 10:34 W 29 15,7 20,6 15:12 11,6 06:16 2,8 0,2 0,0 13,0 38,0 21:48 SSW ---------------------------------------------------------------------------------- 13,4 22,3 4 7,7 8 144,5 1,2 2,5 10,3 85,0 5 WNW Max >= 20,0 2 Max <= 19,9 27 Min <= 10,0 8 Min <= 4,0 0 Max Rain: 2,0 on day 5 Days of Rain: 2 (>= 0,5 mm) 0 (>= 6,0 mm) 0 (>= 20,0 mm) Heat Base: 18,3 Cool Base: 18,3 Method: Integration