Selezionare Mese o Anno per visualizzare Report
2024: Gen Feb Mar Apr Mag Giu Lug Ago Set Ott Nov Dic
2023: Gen Feb Mar Apr Mag Giu Lug Ago Set Ott Nov Dic
2022: Gen Feb Mar Apr Mag Giu Lug Ago Set Ott Nov Dic
2021: Gen Feb Mar Apr Mag Giu Lug Ago Set Ott Nov Dic
2020: Gen Feb Mar Apr Mag Giu Lug Ago Set Ott Nov Dic
2019: Gen Feb Mar Apr Mag Giu Lug Ago Set Ott Nov Dic
2018: Gen Feb Mar Apr Mag Giu Lug Ago Set Ott Nov Dic
2017: Gen Feb Mar Apr Mag Giu Lug Ago Set Ott Nov Dic
2016: Gen Feb Mar Apr Mag Giu Lug Ago Set Ott Nov Dic
2015: Gen Feb Mar Apr Mag Giu Lug Ago Set Ott Nov Dic
2014: Gen Feb Mar Apr Mag Giu Lug Ago Set Ott Nov Dic
2013: Gen Feb Mar Apr Mag Giu Lug Ago Set Ott Nov Dic
2012: Gen Feb Mar Apr Mag Giu Lug Ago Set Ott Nov Dic
2024: Gen Feb Mar Apr Mag Giu Lug Ago Set Ott Nov Dic
2023: Gen Feb Mar Apr Mag Giu Lug Ago Set Ott Nov Dic
2022: Gen Feb Mar Apr Mag Giu Lug Ago Set Ott Nov Dic
2021: Gen Feb Mar Apr Mag Giu Lug Ago Set Ott Nov Dic
2020: Gen Feb Mar Apr Mag Giu Lug Ago Set Ott Nov Dic
2019: Gen Feb Mar Apr Mag Giu Lug Ago Set Ott Nov Dic
2018: Gen Feb Mar Apr Mag Giu Lug Ago Set Ott Nov Dic
2017: Gen Feb Mar Apr Mag Giu Lug Ago Set Ott Nov Dic
2016: Gen Feb Mar Apr Mag Giu Lug Ago Set Ott Nov Dic
2015: Gen Feb Mar Apr Mag Giu Lug Ago Set Ott Nov Dic
2014: Gen Feb Mar Apr Mag Giu Lug Ago Set Ott Nov Dic
2013: Gen Feb Mar Apr Mag Giu Lug Ago Set Ott Nov Dic
2012: Gen Feb Mar Apr Mag Giu Lug Ago Set Ott Nov Dic
Report per 2024 Gennaio
Monthly Climatological Summary for gen 2024 Name: Meteo Bagheria Centro City: Bagheria State: Italia Elevation: 88 m Lat: N 38 04 37 Lon: E 013 30 15 Temperature (°C), Rain (mm), Wind Speed (km/h) Heat Cool Avg Mean Deg Deg Wind Dom Day Temp High Time Low Time Days Days Rain Speed High Time Dir ---------------------------------------------------------------------------------- 01 15,6 17,9 12:47 13,8 06:47 2,7 0,0 0,0 14,6 24,0 12:17 SSW 02 15,0 16,6 13:17 12,8 23:17 3,3 0,0 0,0 10,1 22,0 11:17 W 03 15,2 18,5 13:17 12,5 01:47 3,1 0,0 0,0 20,6 37,0 11:47 SSW 04 16,3 19,5 12:47 14,6 23:47 2,1 0,1 0,0 11,2 35,0 00:17 SSW 05 16,8 19,7 14:17 14,5 03:17 1,6 0,1 0,0 22,7 57,0 20:17 SSW 06 15,1 18,4 10:47 12,4 23:47 3,2 0,0 0,0 17,5 51,0 01:47 SSW 07 12,9 14,5 13:47 11,6 01:47 5,4 0,0 0,0 32,1 53,0 14:17 W 08 11,5 13,4 11:47 10,6 20:17 6,8 0,0 0,0 17,3 48,0 08:47 WSW 09 12,7 14,8 13:47 11,3 00:17 5,6 0,0 0,0 8,8 24,0 05:47 WNW 10 12,6 15,6 13:17 10,9 06:47 5,7 0,0 0,0 6,2 17,0 13:17 S 11 12,3 13,8 12:17 11,1 01:47 6,0 0,0 0,0 8,3 20,0 09:47 SSW 12 12,6 14,9 12:17 11,7 23:17 5,7 0,0 0,0 9,5 26,0 18:47 NW 13 11,8 13,5 14:47 10,3 07:47 6,5 0,0 0,0 6,6 20,0 21:17 W 14 12,4 15,7 13:47 10,0 07:17 5,9 0,0 0,0 14,8 29,0 21:47 SSW 15 15,8 18,5 14:17 13,5 00:17 2,5 0,0 0,0 22,3 41,0 07:47 SW 16 16,5 19,1 14:17 15,0 06:17 1,9 0,1 0,0 11,2 28,0 00:47 W 17 18,5 21,0 15:17 15,4 00:17 0,7 0,9 0,0 30,0 50,0 04:17 SSW 18 19,2 22,1 13:47 16,1 23:47 0,3 1,3 0,0 22,9 51,0 08:47 WSW 19 18,3 20,5 14:17 16,0 00:17 0,7 0,8 0,0 22,4 37,0 05:47 SSW 20 15,6 20,3 01:17 11,9 23:47 2,8 0,1 0,0 13,9 46,0 00:17 NNW ---------------------------------------------------------------------------------- 14,8 22,1 18 10,0 14 72,5 3,4 0,0 16,1 57,0 5 SW Max >= 20,0 4 Max <= 19,9 16 Min <= 10,0 1 Min <= 4,0 0 Max Rain: 0,0 on day 0 Days of Rain: 0 (>= 0,5 mm) 0 (>= 6,0 mm) 0 (>= 20,0 mm) Heat Base: 18,3 Cool Base: 18,3 Method: Integration