Report per 2018 Agosto
                   Monthly Climatological Summary for ago 2018

Name: Meteo Bagheria Centro   City: Bagheria   State: Italia
Elevation: 88 m  Lat: N 38 04' 37"   Lon: E 013 30' 15"

                  Temperature (C), Rain (mm), Wind Speed (km/h)

                                      Heat  Cool        Avg
    Mean                              Deg   Deg         Wind                 Dom
Day Temp  High   Time   Low    Time   Days  Days  Rain  Speed High   Time    Dir
----------------------------------------------------------------------------------
 1  28,5  31,5   13:17  25,9   05:22   0,0  10,2   0,0   4,7  18,0   13:26     E
 2  29,1  32,9   12:05  26,4   05:24   0,0  10,7   0,0   5,1  18,0   12:51     E
 3  28,6  31,6   11:52  26,0   06:37   0,0  10,3   0,0   5,2  16,0   12:09     N
 4  27,2  31,7   12:16  23,1   17:32   0,8   8,9  14,7   4,4  22,0   17:13   SSE
 5  26,2  30,7   13:24  24,4   06:39   0,0   7,9  12,3   5,2  24,0   17:39   SSE
 6  26,9  30,6   12:31  24,0   05:43   0,0   8,6   0,0   5,7  23,0   18:19    SE
 7  27,3  30,3   13:53  24,8   05:49   0,0   9,0   0,0   5,8  28,0   19:24   ESE
 8  26,1  28,7   10:37  24,5   20:56   0,0   7,7   2,1   4,9  22,0   12:39    NW
 9  27,5  30,5   12:37  24,9   03:03   0,0   9,2   0,0   4,4  19,0   15:16     E
10  28,2  31,6   15:06 -26,2   21:58   0,0   9,9   0,0   5,2 157,0   21:58     E
11  27,8  30,5   14:51  25,8   06:19   0,0   9,5   0,0   5,0  19,0   15:06   NNW
12  28,1  31,3   13:34  25,7   05:51   0,0   9,8   0,0   4,8  15,0   15:58   ESE
13  27,5  29,9   15:54  25,4   06:06   0,0   9,2   0,0   4,8  17,0   14:58   NNW
14  27,8  31,1   15:06  25,6   06:09   0,0   9,5   0,0   5,6  27,0   16:50    NW
15  26,1  29,3   13:06  23,2   14:03   0,0   7,8  12,3   6,1  27,0   13:47   NNW
16  25,7  28,4   15:36  23,1   06:10   0,0   7,4   0,0   6,5  22,0   15:10    NW
17  26,2  28,5   15:13  23,7   05:25   0,0   7,9   0,0   7,4  24,0   12:39    NW
18  26,6  29,6   16:27  24,2   04:55   0,0   8,3   0,0   5,1  19,0   14:17   NNW
19  25,9  29,7   12:47  22,2   22:41   0,0   7,6   6,6   5,3  22,0   21:59   ESE
20  23,9  26,7   14:51  21,2   07:39   0,0   5,6   0,6   4,6  17,0   06:23     E
----------------------------------------------------------------------------------
    27,1  32,9     2   -26,2    10     0,8 175,0  48,6   5,3 157,0    10      NE

Max >=  20,0: 20
Max <=  19,9:  0
Min <=  10,0:  1
Min <=   4,0:  1
Max Rain: 14,7 on day 4
Days of Rain: 6 (>= 0,3 mm)  4 (>= 6,0 mm)  0 (>= 20,0 mm)
Heat Base: 18,3  Cool Base: 18,3  Method: Integration