Report per 2018 Novembre
                   Monthly Climatological Summary for nov 2018

Name: Meteo Bagheria Centro   City: Bagheria   State: Italia
Elevation: 88 m  Lat: N 38 04 37   Lon: E 013 30 15

                  Temperature (°C), Rain (mm), Wind Speed (km/h)

                                      Heat  Cool        Avg
    Mean                              Deg   Deg         Wind                 Dom
Day Temp  High   Time   Low    Time   Days  Days  Rain  Speed High   Time    Dir
----------------------------------------------------------------------------------
01  18,7  20,0   00:58  16,9   09:29   0,2   0,6  41,0  10,7  52,0   02:57   SSE
02  18,8  20,8   04:27  16,6   07:58   0,3   0,7  38,5   9,9  45,0   06:59     S
03  16,9  18,3   01:57  15,1   14:34   1,4   0,0  80,0   5,5  46,0   13:29    SW
04  17,3  21,3   13:51  15,2   02:11   1,5   0,5   0,5   6,4  34,0   11:25     S
05  18,4  22,6   13:29  16,2   06:48   0,8   0,9   0,0  11,8  38,0   10:33     S
06  18,3  22,6   12:49  16,1   05:05   0,8   0,9   0,0   9,0  26,0   00:26   SSW
07  17,1  19,8   13:20  15,1   23:59   1,3   0,2   2,0   4,6  23,0   13:36     W
08  16,6  19,8   13:20  14,6   04:08   1,9   0,2   0,0   4,1  17,0   13:12   SSW
09  16,6  20,1   13:24  14,1   06:36   1,9   0,2   0,0   3,6  15,0   14:58   ESE
10  17,5  20,3   13:05  16,0   00:32   1,1   0,3   0,0   8,5  34,0   09:53   SSW
11  17,6  22,0   13:47  15,2   06:21   1,3   0,6   0,0   3,4  14,0   13:37   SSE
12  17,6  21,6   13:35  15,5   03:24   1,2   0,6   0,0   3,7  17,0   22:56    SE
13  17,3  20,1   12:20  15,6   06:55   1,3   0,3   0,0   3,0  14,0   11:43    SE
14  16,4  19,1   14:05  15,0   04:38   1,9   0,0   0,0   2,1  14,0   12:32   WNW
15  16,0  18,5   13:38  13,8   06:44   2,3   0,0   0,0   4,3  14,0   06:13   SSE
16  16,0  18,5   10:58  14,3   06:06   2,3   0,0  11,5   3,3  17,0   05:29     W
17  14,8  16,7   13:27  13,6   04:15   3,5   0,0   6,0   4,3  18,0   17:41   ENE
18  14,9  18,3   12:57  13,2   05:54   3,4   0,0   0,0   3,3  17,0   21:34     S
19  17,3  19,9   13:34  14,0   00:06   1,4   0,4   0,0  14,2  49,0   12:03     S
20  19,1  22,2   13:05  15,9   23:56   0,4   1,2   0,0  14,8  46,0   12:30   SSW
21  16,7  20,4   13:44  14,5   06:42   1,9   0,3   0,0  10,0  37,0   11:17   SSW
----------------------------------------------------------------------------------
    17,1  22,6     5    13,2    18    32,1   7,9 179,5   6,7  52,0     1       S

Max >=  20,0 12
Max <=  19,9  9
Min <=  10,0  0
Min <=   4,0  0
Max Rain: 80,0 on day 3
Days of Rain: 7 (>= 0,5 mm)  5 (>= 6,0 mm)  3 (>= 20,0 mm)
Heat Base: 18,3  Cool Base: 18,3  Method: Integration