Selezionare Mese o Anno per visualizzare Report
2018: Gen Feb Mar Apr Mag Giu Lug Ago Set Ott Nov Dic
2017: Gen Feb Mar Apr Mag Giu Lug Ago Set Ott Nov Dic
2016: Gen Feb Mar Apr Mag Giu Lug Ago Set Ott Nov Dic
2015: Gen Feb Mar Apr Mag Giu Lug Ago Set Ott Nov Dic
2014: Gen Feb Mar Apr Mag Giu Lug Ago Set Ott Nov Dic
2013: Gen Feb Mar Apr Mag Giu Lug Ago Set Ott Nov Dic
2012: Gen Feb Mar Apr Mag Giu Lug Ago Set Ott Nov Dic

Report per 2012 Febbraio
                   Monthly Climatological Summary for feb 2012

Name: Meteo Bagheria Centro   City: Bagheria   State: Italia
Elevation: 88 m  Lat: N 38 04' 37"   Lon: E 013 30' 16"

                  Temperature (C), Rain (mm), Wind Speed (km/h)

                                      Heat  Cool        Avg
    Mean                              Deg   Deg         Wind                 Dom
Day Temp  High   Time   Low    Time   Days  Days  Rain  Speed High   Time    Dir
----------------------------------------------------------------------------------
23  12,2  12,6   19.13  11,7   23.59   1,3   0,0   0,0   0,0   0,7   22.29     N
24  13,2  18,2   15.09  10,4   06.47   4,8   0,0   0,0   3,5  19,4   14.11    NW
25  13,3  19,2   15.13  10,0   05.59   5,1   0,0   0,0   4,0  22,0   14.19   NNW
26  12,8  17,2   13.12   9,7   06.37   5,5   0,0   0,0   5,5  27,0   18.55    NW
27  12,1  14,7   14.13  10,3   02.10   6,2   0,0   0,9   9,3  42,8   02.09   NNW
28  11,4  15,5   14.45   9,3   23.42   6,9   0,0   0,0   3,7  24,5   00.28   NNE
29  12,2  16,7   15.47   8,7   03.11   6,3   0,0   0,0   4,5  27,0   13.07   WNW
----------------------------------------------------------------------------------
    12,5  19,2    25     8,7    29    36,1   0,0   0,9   4,6  42,8    27     NNW

Max >=  30,0:  0
Max <=  20,0:  7
Min <=   4,0:  0
Min <=   0,0:  0
Max Rain: 0,9 on day 27
Days of Rain: 1 (>= 0,2 mm)  0 (>= 2,0 mm)  0 (>= 20,0 mm)
Heat Base: 18,3  Cool Base: 18,3  Method: Integration