Report per 2012 Marzo
                   Monthly Climatological Summary for mar 2012

Name: Meteo Bagheria Centro   City: Bagheria   State: Italia
Elevation: 88 m  Lat: N 38 04' 37"   Lon: E 013 30' 16"

                  Temperature (C), Rain (mm), Wind Speed (km/h)

                                      Heat  Cool        Avg
    Mean                              Deg   Deg         Wind                 Dom
Day Temp  High   Time   Low    Time   Days  Days  Rain  Speed High   Time    Dir
----------------------------------------------------------------------------------
 1  13,9  17,5   14.15  11,2   01.00   4,3   0,0   0,0   2,4  22,0   15.54    NW
 2  13,6  16,9   13.58  10,8   06.24   4,8   0,0   0,0   1,9  15,8   14.24   NNW
 3  13,1  15,7   12.55  12,0   06.26   5,2   0,0   0,6   2,1  15,8   12.54     E
 4  13,5  16,4   14.20  11,1   06.34   4,8   0,0   0,3   2,9  20,9   22.14   SSE
 5  13,4  16,4   15.01  10,9   05.55   4,9   0,0   5,1   4,4  23,4   13.34   WNW
 6  12,6  16,1   13.13  10,8   04.25   5,7   0,0   0,0   6,1  27,0   14.10     W
 7  10,7  16,2   05.20   9,4   17.42   7,7   0,0  30,6   3,2  25,6   20.52    NE
 8  10,5  12,0   11.37   9,2   07.59   7,7   0,0  26,7   7,3  36,7   03.48    NW
 9  12,1  14,4   11.59  10,3   01.37   6,2   0,0   1,8   2,1  18,4   17.56     E
10  14,0  15,1   12.51  12,6   00.07   4,2   0,0   0,3   9,0  52,6   14.08    NE
11  12,8  14,0   16.28  11,6   23.01   5,5   0,0   0,3   6,6  40,3   00.48     N
12  12,8  15,6   10.49  11,1   23.52   5,7   0,0   0,0   6,1  33,1   13.49   NNW
13  12,3  15,7   13.08  10,5   04.51   6,3   0,0   0,0   2,6  27,0   10.34   ENE
14  12,7  16,5   14.44   9,9   03.19   5,6   0,0   0,0   4,5  15,8   11.49     N
15  13,3  17,5   13.54  10,4   05.31   5,0   0,0   0,0   4,1  15,8   15.19    SE
16  13,9  18,2   13.14  11,0   05.24   4,4   0,0   0,0   3,1  14,8   09.56   ESE
17  14,7  19,0   12.56  11,3   06.07   3,8   0,0   0,0   2,0  13,3   14.28     E
18  18,3  25,5   14.25  14,1   00.08   1,5   1,4   0,0   6,1  31,7   22.23   SSW
19  18,1  23,4   11.50  15,5   05.55   1,2   1,0   0,0   5,3  37,8   03.20     S
20  17,0  20,8   14.41  14,0   06.40   1,7   0,4   0,0   3,4  19,4   00.44   SSE
21  16,9  21,1   12.11  14,0   06.09   2,0   0,5   0,0   1,9  15,8   12.38     E
22  16,9  20,2   10.42  14,5   02.27   1,6   0,3   0,0   2,7  20,9   08.31    SE
23  18,4  22,3   14.30  15,4   06.11   0,9   1,1   0,0   2,0  17,3   12.29     E
24  19,2  24,4   12.38  16,4   01.37   0,6   1,5   0,9   5,3  36,7   16.14     S
25  16,6  19,9   14.12  14,5   23.51   1,8   0,2   0,3   4,0  19,4   00.23   SSW
26  16,4  20,5   15.23  14,0   05.47   2,2   0,2   0,0   2,5  17,3   14.07   NNW
27  15,9  20,1   15.24  13,4   06.35   2,6   0,1   0,0   2,4  13,3   13.07   WNW
28  15,2  19,4   14.52  12,3   07.06   3,1   0,0   0,0   3,0  15,8   16.41    NW
29  15,9  20,9   14.45  12,5   06.41   2,8   0,4   0,0   2,4  18,4   15.50     N
30  15,9  19,9   15.11  13,0   05.29   2,6   0,2   0,0   2,4  14,8   13.13   ESE
31  15,8  19,9   15.08  13,1   07.14   2,7   0,2   0,0   2,5  15,8   13.59    SE
----------------------------------------------------------------------------------
    14,7  25,5    18     9,2     8   119,1   7,5  66,9   3,7  52,6    10     NNE

Max >=  30,0:  0
Max <=  20,0: 21
Min <=   4,0:  0
Min <=   0,0:  0
Max Rain: 30,6 on day 7
Days of Rain: 10 (>= 0,2 mm)  3 (>= 2,0 mm)  2 (>= 20,0 mm)
Heat Base: 18,3  Cool Base: 18,3  Method: Integration