Report per 2012 Maggio
                   Monthly Climatological Summary for mag 2012

Name: Meteo Bagheria Centro   City: Bagheria   State: Italia
Elevation: 88 m  Lat: N 38 04' 37"   Lon: E 013 30' 16"

                  Temperature (C), Rain (mm), Wind Speed (km/h)

                                      Heat  Cool        Avg
    Mean                              Deg   Deg         Wind                 Dom
Day Temp  High   Time   Low    Time   Days  Days  Rain  Speed High   Time    Dir
----------------------------------------------------------------------------------
 1  19,3  22,3   12.42  17,3   03.09   0,2   1,1   0,0   3,9  27,0   13.50   NNW
 2  18,6  23,0   13.25  16,3   04.27   0,7   1,0   0,0   3,7  22,0   15.48   NNW
 3  18,3  22,6   15.48  15,6   06.07   0,9   0,9   0,0   3,0  17,0   11.14   NNW
 4  19,0  22,7   14.07  15,9   04.21   0,6   1,3   0,0   2,7  18,0   11.12     E
 5  19,6  23,8   15.17  16,3   04.42   0,3   1,7   0,0   3,5  22,0   16.58     E
 6  22,2  25,8   14.40  18,2   00.00   0,0   3,9   0,0   5,1  37,0   23.55    SE
 7  18,4  21,1   09.41  16,8   03.47   0,4   0,5   0,1   7,5  33,0   00.22    NW
 8  18,3  20,5   13.46  16,0   03.41   0,7   0,6   0,0   3,4  19,0   13.51    NW
 9  19,2  23,0   14.17  15,9   06.12   0,6   1,6   0,0   3,0  16,0   14.29     N
10  20,3  24,2   16.07  16,9   04.44   0,2   2,2   0,0   2,7  16,0   13.21   NNE
11  20,5  23,9   11.12  18,3   05.13   0,0   2,2   0,0   2,7  19,0   13.29    NE
12  20,6  25,0   12.47  17,9   04.15   0,0   2,3   0,0   3,6  23,0   13.24    NW
13  21,3  24,7   10.32  18,4   06.34   0,0   3,0   0,0   3,2  21,0   14.08    NE
14  19,5  21,4   12.18  16,4   23.58   0,2   1,4   0,0   8,9  43,0   13.40    NW
15  17,6  20,2   15.35  15,4   04.28   1,0   0,3   0,0   7,9  40,0   11.27    NW
16  18,9  22,7   11.57  15,8   01.11   0,8   1,4   0,0   8,9  36,0   14.09   WNW
17  17,1  19,2   15.00  15,6   22.54   1,3   0,1   0,0  13,6  43,0   12.36    NW
18  17,9  21,0   15.16  14,6   05.37   1,2   0,8   0,0   3,7  18,0   14.10     E
19  19,1  22,2   15.53  16,4   05.32   0,5   1,4   0,0   3,8  19,0   10.50   ESE
20  20,8  23,6   17.15  17,7   05.37   0,0   2,5   0,0   4,7  37,0   21.09   SSE
21  19,8  23,8   00.37  17,4   23.37   0,1   1,6   0,0   7,7  60,0   00.34    NW
22  17,0  19,4   19.46  16,5   05.29   1,3   0,0   0,0   4,2  32,0   04.33    SW
23  16,4  18,1   00.07  15,1   14.23   1,9   0,0  16,8   5,0  30,0   16.28   WNW
24  18,6  22,3   14.08  15,1   04.44   0,9   1,2   0,0   5,3  26,0   14.45   NNW
25  20,2  23,5   15.50  16,9   05.08   0,3   2,2   0,0   2,8  15,0   12.33   ESE
26  20,3  23,1   10.49  18,3   23.26   0,0   2,0   0,0   3,1  23,0   11.48   NNW
27  19,8  22,0   12.10  18,1   03.30   0,0   1,5   0,3   4,1  21,0   14.32   NNW
28  20,3  23,4   13.54  17,1   05.39   0,2   2,1   0,0   3,3  18,0   14.22     E
29  20,2  22,6   12.27  18,3   06.09   0,0   1,9   0,0   3,4  19,0   12.56     E
30  20,4  23,6   15.32  18,1   06.08   0,0   2,1   0,0   3,4  16,0   11.31   ENE
31  21,1  24,2   14.54  18,3   05.25   0,0   2,8   0,0   3,9  18,0   12.31   ESE
----------------------------------------------------------------------------------
    19,4  25,8     6    14,6    18    14,3  47,6  17,2   4,7  60,0    21     NNW

Max >=  30,0:  0
Max <=  20,0:  3
Min <=   4,0:  0
Min <=   0,0:  0
Max Rain: 16,8 on day 23
Days of Rain: 2 (>= 0,2 mm)  1 (>= 2,0 mm)  0 (>= 20,0 mm)
Heat Base: 18,3  Cool Base: 18,3  Method: Integration