Report per 2012 Giugno
                   Monthly Climatological Summary for giu 2012

Name: Meteo Bagheria Centro   City: Bagheria   State: Italia
Elevation: 88 m  Lat: N 38 04' 37"   Lon: E 013 30' 16"

                  Temperature (C), Rain (mm), Wind Speed (km/h)

                                      Heat  Cool        Avg
    Mean                              Deg   Deg         Wind                 Dom
Day Temp  High   Time   Low    Time   Days  Days  Rain  Speed High   Time    Dir
----------------------------------------------------------------------------------
 1  22,0  25,2   15.56  19,0   03.29   0,0   3,7   0,0   3,1  16,0   12.46     E
 2  22,7  25,8   14.44  19,9   05.22   0,0   4,4   0,0   3,3  16,0   09.51   ENE
 3  22,3  25,5   12.07  19,7   04.48   0,0   4,0   0,0   3,7  21,0   23.30   ESE
 4  22,9  26,6   13.19  20,3   22.07   0,0   4,6   0,0   5,7  27,0   03.03     S
 5  21,0  23,0   14.37  18,9   23.57   0,0   2,7   0,0   7,3  34,0   11.39    NW
 6  20,4  23,4   13.40  17,5   05.58   0,1   2,1   0,0   4,0  21,0   14.10     E
 7  21,1  24,2   13.44  18,2   06.13   0,0   2,8   0,0   3,8  18,0   12.28   ESE
 8  23,0  27,9   15.21  19,4   05.05   0,0   4,7   0,0   3,8  21,0   12.32     E
 9  24,1  26,5   16.35  21,2   00.41   0,0   5,8   0,0   4,7  26,0   02.40    SE
10  22,4  25,3   13.21  20,2   06.26   0,0   4,1   0,0   3,7  21,0   15.24    NE
11  22,8  25,9   15.49  19,9   04.27   0,0   4,5   0,0   3,4  18,0   11.32     E
12  26,4  33,1   13.17  21,8   06.38   0,0   8,1   0,0   5,7  36,0   10.39     S
13  22,1  24,5   15.08  20,5   23.58   0,0   3,8   0,0   5,3  23,0   01.58     N
14  21,8  24,4   14.49  19,4   05.42   0,0   3,5   0,0   4,1  23,0   15.39     E
15  22,4  25,2   13.55  20,1   02.08   0,0   4,1   0,0   4,5  33,0   02.48   ESE
16  23,4  26,2   11.24  20,5   05.34   0,0   5,1   0,0   3,3  17,0   14.16     E
17  24,0  27,4   14.52  20,8   05.41   0,0   5,7   0,0   3,0  16,0   16.07     E
18  24,8  28,1   15.13  21,6   04.51   0,0   6,7   0,0   2,7  17,0   13.02   ESE
19  25,8  29,6   10.07  22,8   05.07   0,0   7,5   0,0   2,7  21,0   10.22   NNW
20  27,0  30,5   13.52  24,2   05.30   0,0   8,7   0,0   2,7  15,0   15.37     E
21  26,5  31,5   12.48  23,2   22.46   0,0   8,1   0,0   4,3  30,0   14.59    NE
22  24,9  28,0   16.18  22,1   05.35   0,0   6,6   0,0   4,3  21,0   18.07    NW
23  25,6  29,2   13.14  22,8   04.59   0,0   7,3   0,0   3,5  19,0   14.17    NW
24  25,7  30,3   14.45  22,7   06.22   0,0   7,4   0,0   3,5  21,0   16.39    NW
25  26,2  29,8   15.13  23,1   05.51   0,0   7,9   0,0   3,4  18,0   11.19    NE
26  25,7  27,8   11.45  23,8   05.56   0,0   7,4   0,0   4,4  27,0   12.39   NNW
27  25,7  28,3   14.43  23,1   05.14   0,0   7,4   0,0   3,5  17,0   13.08     E
28  26,5  29,5   13.48  24,3   05.52   0,0   8,2   0,0   2,9  17,0   14.45     E
29  26,8  29,8   12.37  24,1   05.13   0,0   8,5   0,0   3,5  19,0   12.45     E
30  27,0  30,1   14.36  24,3   06.21   0,0   8,7   0,0   3,5  17,0   16.45     E
----------------------------------------------------------------------------------
    24,1  33,1    12    17,5     6     0,1 174,1   0,0   3,9  36,0    12     ENE

Max >=  30,0:  5
Max <=  20,0:  0
Min <=   4,0:  0
Min <=   0,0:  0
Max Rain: 0,0 on day 0
Days of Rain: 0 (>= 0,2 mm)  0 (>= 2,0 mm)  0 (>= 20,0 mm)
Heat Base: 18,3  Cool Base: 18,3  Method: Integration