Report per 2012 Luglio
                   Monthly Climatological Summary for lug 2012

Name: Meteo Bagheria Centro   City: Bagheria   State: Italia
Elevation: 88 m  Lat: N 38 04' 37"   Lon: E 013 30' 16"

                  Temperature (C), Rain (mm), Wind Speed (km/h)

                                      Heat  Cool        Avg
    Mean                              Deg   Deg         Wind                 Dom
Day Temp  High   Time   Low    Time   Days  Days  Rain  Speed High   Time    Dir
----------------------------------------------------------------------------------
 1  27,6  30,8   15.20  24,9   03.49   0,0   9,3   0,0   3,3  19,0   10.48   NNE
 2  27,1  30,0   14.13  25,4   20.40   0,0   8,8   0,0   4,4  22,0   17.26   NNW
 3  26,4  28,5   11.48  24,3   04.49   0,0   8,1   0,0   3,6  21,0   14.15     N
 4  26,6  29,4   12.44  24,7   04.59   0,0   8,3   0,0   3,7  21,0   15.17     E
 5  26,7  29,1   14.28  24,6   06.54   0,0   8,4   0,0   5,0  28,0   12.38     N
 6  26,8  29,4   16.43  24,7   04.26   0,0   8,5   0,0   4,0  24,0   12.27   NNW
 7  27,0  30,1   16.15  24,6   05.45   0,0   8,7   0,0   3,4  19,0   12.52   ENE
 8  27,0  30,2   14.53  24,1   05.22   0,0   8,7   0,0   3,7  19,0   15.15     E
 9  28,6  32,4   13.44  24,8   06.32   0,0  10,3   0,0   3,1  18,0   12.57   NNE
10  27,8  31,0   14.59  25,2   04.49   0,0   9,5   0,0   3,9  15,0   00.12     E
11  28,8  32,6   15.00  25,3   04.57   0,0  10,5   0,0   3,3  16,0   11.05   ESE
12  29,5  35,8   10.52  25,9   06.31   0,0  11,2   0,0   4,8  34,0   12.12   NNW
13  27,2  30,0   14.56  24,9   06.27   0,0   8,9   0,0   4,4  22,0   16.09   NNW
14  27,6  30,9   14.57  24,7   04.41   0,0   9,3   0,0   3,9  19,0   14.20   ESE
15  29,1  35,0   11.36  26,5   01.24   0,0  10,8   0,0   4,8  34,0   15.52    NW
16  26,3  28,5   09.51  23,9   21.20   0,0   8,0   0,0   5,5  34,0   17.53   NNW
17  25,0  27,2   14.58  23,1   04.55   0,0   6,7   0,0   7,7  32,0   12.19    NW
18  25,4  28,2   14.16  22,7   06.09   0,0   7,1   0,0   4,9  22,0   14.40    NW
19  26,4  30,4   14.07  23,0   05.08   0,0   8,1   0,0   3,6  17,0   14.48     E
20  27,5  31,4   11.51  24,3   05.33   0,0   9,2   0,0   3,1  17,0   13.30     E
21  27,9  31,7   11.14  25,0   04.10   0,0   9,6   0,0   2,9  17,0   15.32     E
22  26,0  28,7   13.58  23,6   23.55   0,0   7,7   1,2   4,8  28,0   15.24   NNW
23  23,7  27,4   12.44  21,3   06.47   0,0   5,5   0,9   5,1  24,0   13.45     S
24  23,4  26,5   18.27  20,1   05.45   0,0   5,1   0,0   6,1  30,0   11.38    SW
25  24,0  26,8   13.25  21,6   03.29   0,0   5,7   0,0   6,6  30,0   15.01    NW
26  24,8  27,7   15.00  22,4   04.35   0,0   6,5   0,0   3,9  23,0   15.32    NW
27  25,9  30,0   15.29  23,0   04.24   0,0   7,6   0,0   3,4  24,0   17.34   NNW
28  28,0  32,3   13.56  24,3   03.22   0,0   9,7   0,0   2,5  15,0   14.08   ESE
29  29,4  34,6   14.42  26,7   21.44   0,0  11,1   0,0   4,4  28,0   15.23     E
30  27,3  31,0   13.50  25,1   04.45   0,0   9,0   0,0   4,5  24,0   17.13   NNW
31  26,6  29,6   13.09  24,4   05.41   0,0   8,3   0,0   4,8  28,0   16.45    NW
----------------------------------------------------------------------------------
    26,8  35,8    12    20,1    24     0,0 264,2   2,1   4,3  34,0    12       N

Max >=  30,0: 18
Max <=  20,0:  0
Min <=   4,0:  0
Min <=   0,0:  0
Max Rain: 1,2 on day 22
Days of Rain: 2 (>= 0,2 mm)  0 (>= 2,0 mm)  0 (>= 20,0 mm)
Heat Base: 18,3  Cool Base: 18,3  Method: Integration