Report per 2012 Agosto
                   Monthly Climatological Summary for ago 2012

Name: Meteo Bagheria Centro   City: Bagheria   State: Italia
Elevation: 88 m  Lat: N 38 04' 37"   Lon: E 013 30' 16"

                  Temperature (C), Rain (mm), Wind Speed (km/h)

                                      Heat  Cool        Avg
    Mean                              Deg   Deg         Wind                 Dom
Day Temp  High   Time   Low    Time   Days  Days  Rain  Speed High   Time    Dir
----------------------------------------------------------------------------------
 1  26,1  28,7   10.39  23,6   06.50   0,0   7,8   0,0   3,9  22,0   15.33    NW
 2  26,7  29,8   14.48  24,0   05.51   0,0   8,4   0,0   3,2  16,0   13.40   ESE
 3  28,1  31,0   14.24  25,2   04.45   0,0   9,8   0,0   2,8  17,0   12.54     E
 4  28,8  32,1   14.25  26,1   05.41   0,0  10,5   0,0   2,8  17,0   15.07     E
 5  30,6  35,1   12.31  27,6   06.45   0,0  12,3   0,0   4,2  22,0   13.41    SE
 6  31,2  35,8   14.53  27,9   03.07   0,0  12,9   0,0   3,8  22,0   17.41    SE
 7  29,3  33,4   12.23  26,4   07.02   0,0  11,0   0,0   3,0  17,0   13.32     E
 8  28,6  32,8   15.53  26,1   03.19   0,0  10,3   0,0   3,1  15,0   11.48   ENE
 9  27,0  29,0   16.12  25,2   23.41   0,0   8,7   0,0   5,2  27,0   15.30    NW
10  26,0  28,4   12.20  23,5   05.57   0,0   7,7   0,0   4,8  22,0   16.41    NW
11  25,7  28,0   14.14  23,3   06.14   0,0   7,4   0,0   5,5  23,0   14.57    NW
12  26,6  30,4   14.38  24,3   06.13   0,0   8,3   0,0   3,3  16,0   10.35   ENE
13  29,0  34,8   14.07  25,2   00.00   0,0  10,7   0,0   6,8  36,0   06.57   SSW
14  27,1  29,8   13.24  25,2   06.39   0,0   8,8   0,0   4,1  23,0   01.49   ESE
15  26,8  29,8   14.12  24,8   06.44   0,0   8,5   0,0   3,4  18,0   14.24     E
16  26,7  30,1   15.20  23,8   06.11   0,0   8,4   0,0   3,3  17,0   13.17   ESE
17  27,0  30,1   12.28  24,9   06.54   0,0   8,7   0,0   3,0  23,0   15.01     E
18  26,7  29,6   14.25  24,1   06.22   0,0   8,4   0,0   3,2  19,0   13.19   ESE
19  27,4  30,3   15.05  24,8   06.17   0,0   9,1   0,0   2,5  16,0   13.28   ESE
20  27,7  30,2   13.32  25,3   04.50   0,0   9,4   0,0   3,0  17,0   12.58   ESE
21  27,4  30,2   14.07  25,2   06.49   0,0   9,1   0,0   3,0  19,0   15.18     E
22  27,2  30,3   15.26  24,9   06.29   0,0   8,9   0,0   3,1  17,0   15.49     E
23  27,2  30,6   14.15  24,9   05.20   0,0   8,9   0,0   3,1  19,0   16.35     E
24  27,6  31,3   14.07  25,1   06.20   0,0   9,3   0,0   3,6  21,0   12.45    NE
25  28,0  31,4   14.45  25,1   03.53   0,0   9,7   0,0   3,0  16,0   15.14   ESE
26  27,9  31,7   15.08  25,1   05.49   0,0   9,6   0,0   4,8  39,0   18.20   NNW
27  26,7  28,9   14.50  25,0   06.31   0,0   8,3   0,0   5,9  33,0   12.50    NW
28  27,3  31,6   14.30  24,9   04.30   0,0   9,0   0,0   2,7  17,0   15.30    NE
29  26,2  28,8   12.17  24,0   05.52   0,0   7,9   0,0   3,6  21,0   14.16    NW
30  25,7  28,8   14.16  23,0   06.28   0,0   7,4   0,0   3,5  19,0   13.55   ESE
31  26,4  30,5   15.12  23,5   06.39   0,0   8,1   0,0   3,3  21,0   12.19   ENE
----------------------------------------------------------------------------------
    27,4  35,8     6    23,0    30     0,0 283,3   0,0   3,7  39,0    26     ENE

Max >=  30,0: 20
Max <=  20,0:  0
Min <=   4,0:  0
Min <=   0,0:  0
Max Rain: 0,0 on day 0
Days of Rain: 0 (>= 0,2 mm)  0 (>= 2,0 mm)  0 (>= 20,0 mm)
Heat Base: 18,3  Cool Base: 18,3  Method: Integration