Report per 2013 Maggio
                   Monthly Climatological Summary for mag 2013

Name: Meteo Bagheria Centro   City: Bagheria   State: Italia
Elevation: 88 m  Lat: N 38 04' 37"   Lon: E 013 30' 16"

                  Temperature (C), Rain (mm), Wind Speed (km/h)

                                      Heat  Cool        Avg
    Mean                              Deg   Deg         Wind                 Dom
Day Temp  High   Time   Low    Time   Days  Days  Rain  Speed High   Time    Dir
----------------------------------------------------------------------------------
 1  24,5  27,7   09:11  21,4   22:37   0,0   6,1   0,0   6,4  53,0   00:52     S
 2  21,9  24,8   15:26  19,9   04:48   0,0   3,6   1,2   3,5  31,0   00:48    NW
 3  22,0  26,6   11:21  18,8   05:59   0,0   3,7   0,0   3,0  18,0   14:23     E
 4  21,0  23,9   14:17  19,2   04:52   0,0   2,9   2,7   2,9  16,0   11:02     E
 5  20,3  24,0   13:31  18,4   23:49   0,0   2,0   0,0   4,9  27,0   21:44    NW
 6  19,1  23,0   14:14  17,3   06:36   0,2   1,0   0,0   7,5  34,0   13:39    NW
 7  19,2  22,6   14:27  17,0   05:38   0,3   1,2   0,0   4,9  31,0   15:55    NW
 8  19,6  23,0   16:34  17,3   00:07   0,2   1,5   0,0   4,1  23,0   09:45   SSE
 9  19,0  22,2   13:31  16,3   06:13   0,4   1,1   0,0   3,5  19,0   14:23    NW
10  19,9  23,8   13:30  16,9   04:55   0,3   1,9   0,0   3,0  15,0   12:14     E
11  21,0  25,3   12:07  18,6   23:28   0,0   2,7   0,0   5,0  38,0   13:36    NW
12  19,1  21,6   15:56  17,3   06:14   0,1   1,0   0,0   8,0  40,0   16:51    NW
13  18,7  21,3   14:10  16,6   05:17   0,4   0,8   0,0   8,3  32,0   10:11    NW
14  19,4  23,1   13:57  15,7   05:56   0,6   1,8   0,0   3,5  18,0   14:56   ENE
15  19,7  24,5   14:56  16,3   08:41   0,4   1,8   0,6   7,0  45,0   21:16   SSE
16  21,9  27,5   12:36  19,3   23:47   0,0   3,6   0,9   9,2  55,0   03:46   WSW
17  20,2  23,8   13:25  17,6   05:53   0,0   1,9   0,0   4,0  23,0   12:36    NE
18  21,3  27,0   19:48  17,8   03:47   0,0   3,0   0,0   5,0  49,0   21:46    SE
19  20,2  23,7   00:07  17,5   23:15   0,1   2,0   0,0   8,1  34,0   14:18    NW
20  19,3  22,6   11:53  15,7   06:18   0,5   1,5   0,0   3,6  19,0   15:51     E
21  20,5  25,0   19:26  17,5   06:31   0,1   2,3   0,0   5,1  38,0   23:58    SE
22  24,4  31,0   13:36  18,2   23:17   0,0   6,2   1,8  13,0  51,0   10:18     S
23  19,1  21,6   11:02  17,5   04:46   0,2   1,0   0,0   9,6  42,0   12:18   WNW
24  19,6  23,7   16:43  16,3   06:21   0,4   1,7   0,0   7,0  31,0   10:59     W
25  18,7  20,2   14:17  17,3   23:37   0,2   0,5   0,0   6,6  32,0   11:43    NW
26  17,7  20,6   11:01  15,1   06:08   1,1   0,5   0,0   8,7  40,0   12:33    NW
27  17,7  21,0   14:38  13,9   05:06   1,3   0,7   0,0   4,4  22,0   13:36   ESE
28  18,8  22,1   11:15  16,7   05:26   0,4   0,9   0,3   4,8  36,0   18:13   NNW
29  19,5  23,7   14:48  16,5   05:04   0,4   1,6   0,0   4,3  24,0   11:54   NNE
30  18,9  21,3   12:22  16,8   23:47   0,3   0,8   0,3   7,9  39,0   15:38    NW
31  18,3  21,3   15:48  15,8   05:05   0,8   0,8   0,0   7,1  37,0   13:42    NW
----------------------------------------------------------------------------------
    20,0  31,0    22    13,9    27     8,7  62,1   7,8   5,9  55,0    16     WNW

Max >=  20,0: 31
Max <=  19,9:  0
Min <=  10,0:  0
Min <=   4,0:  0
Max Rain: 2,7 on day 4
Days of Rain: 7 (>= 0,3 mm)  0 (>= 6,0 mm)  0 (>= 20,0 mm)
Heat Base: 18,3  Cool Base: 18,3  Method: Integration