Report per 2013 Giugno
                   Monthly Climatological Summary for giu 2013

Name: Meteo Bagheria Centro   City: Bagheria   State: Italia
Elevation: 88 m  Lat: N 38 04' 37"   Lon: E 013 30' 16"

                  Temperature (C), Rain (mm), Wind Speed (km/h)

                                      Heat  Cool        Avg
    Mean                              Deg   Deg         Wind                 Dom
Day Temp  High   Time   Low    Time   Days  Days  Rain  Speed High   Time    Dir
----------------------------------------------------------------------------------
 1  18,9  23,2   11:54  15,9   05:58   0,7   1,3   0,3   6,3  28,0   15:17   WSW
 2  20,1  23,7   13:52  17,3   05:29   0,2   2,0   0,0   4,4  24,0   14:18   ESE
 3  20,3  24,6   15:27  16,7   05:17   0,2   2,2   0,0   5,4  26,0   17:48   NNW
 4  19,2  22,7   12:56  16,5   05:38   0,3   1,2   0,0   4,8  24,0   15:08     N
 5  19,9  23,1   13:28  16,7   06:16   0,2   1,8   0,0   3,8  17,0   16:25     E
 6  20,1  22,7   17:36  18,2   04:58   0,0   1,8   0,0   3,6  21,0   10:27   ESE
 7  20,7  24,2   13:16  18,1   06:11   0,0   2,4   0,0   4,8  22,0   08:30    NW
 8  21,7  25,4   14:41  18,5   05:59   0,0   3,4   0,0   3,4  17,0   13:21    NE
 9  22,4  26,8   11:41  19,3   05:36   0,0   4,1   0,0   3,7  21,0   14:08   NNW
10  21,1  24,4   14:11  18,8   05:13   0,0   2,8   0,0   6,2  42,0   15:53    NW
11  20,7  22,7   13:31  19,0   06:31   0,0   2,4   0,0   9,0  42,0   15:26    NW
12  21,1  23,6   10:23  19,5   04:28   0,0   2,8   0,0   6,2  34,0   13:11   NNW
13  21,7  25,0   14:41  18,9   04:45   0,0   3,4   0,0   4,1  21,0   14:23   NNW
14  23,5  28,4   12:37  20,0   03:35   0,0   5,2   0,0   3,2  22,0   13:23   NNW
15  24,6  28,8   12:40  21,1   05:46   0,0   6,3   0,0   2,7  17,0   13:31     E
16  25,0  28,1   15:26  21,9   04:38   0,0   6,7   0,0   3,6  22,0   13:53     E
17  25,2  28,3   17:40  22,0   05:07   0,0   6,9   0,0   3,4  17,0   12:12     E
18  26,2  30,5   16:23  22,5   05:45   0,0   7,9   0,0   2,9  17,0   12:30     E
19  26,1  30,0   10:33  23,1   05:56   0,0   7,8   0,0   3,6  21,0   12:35   NNW
20  27,1  30,4   14:46  24,4   06:26   0,0   8,8   0,0   2,9  16,0   15:46     E
21  27,4  31,0   16:28  25,1   00:00   0,0   9,1   0,0   3,2  17,0   13:33   ENE
22  26,6  30,1   12:50  24,1   06:37   0,0   8,3   0,0   3,1  16,0   09:18    NE
23  24,6  26,8   17:03  23,4   22:54   0,0   6,3   0,0   4,7  19,0   12:46   NNW
24  24,0  27,9   17:19  21,7   23:51   0,0   5,7   0,0   6,7  36,0   18:22   NNW
25  22,4  24,6   14:09  20,0   05:13   0,0   4,1   0,0   6,0  27,0   12:54    NW
26  22,5  25,4   11:37  20,0   06:06   0,0   4,2   0,0   5,0  26,0   15:58   NNW
27  22,5  24,8   15:14  20,6   02:47   0,0   4,2   0,0   7,2  31,0   14:23    NW
28  22,8  26,6   12:55  19,7   04:21   0,0   4,5   0,0   4,5  28,0   14:14     E
29  21,6  24,1   14:38  19,3   04:33   0,0   3,3   0,0   9,7  42,0   09:46    NW
30  22,2  24,7   15:10  19,7   06:05   0,0   3,9   0,0   6,9  31,0   12:48    NW
----------------------------------------------------------------------------------
    22,7  31,0    21    15,9     1     1,6 134,8   0,3   4,8  42,0    10     NNW

Max >=  20,0: 30
Max <=  19,9:  0
Min <=  10,0:  0
Min <=   4,0:  0
Max Rain: 0,3 on day 1
Days of Rain: 1 (>= 0,3 mm)  0 (>= 6,0 mm)  0 (>= 20,0 mm)
Heat Base: 18,3  Cool Base: 18,3  Method: Integration