Report per 2013 Luglio
                   Monthly Climatological Summary for lug 2013

Name: Meteo Bagheria Centro   City: Bagheria   State: Italia
Elevation: 88 m  Lat: N 38 04' 37"   Lon: E 013 30' 16"

                  Temperature (C), Rain (mm), Wind Speed (km/h)

                                      Heat  Cool        Avg
    Mean                              Deg   Deg         Wind                 Dom
Day Temp  High   Time   Low    Time   Days  Days  Rain  Speed High   Time    Dir
----------------------------------------------------------------------------------
 1  22,8  26,0   14:05  19,5   05:43   0,0   4,5   0,0   4,2  19,0   14:45   ESE
 2  24,0  27,3   13:57  21,0   05:20   0,0   5,7   0,0   3,3  17,0   12:38     E
 3  24,6  27,4   13:55  21,8   05:31   0,0   6,3   0,0   3,3  18,0   10:41   ENE
 4  24,6  27,5   13:33  22,6   05:13   0,0   6,3   0,0   3,3  21,0   13:50     E
 5  24,0  26,4   10:15  21,9   05:42   0,0   5,7   0,0   4,2  26,0   13:20   NNW
 6  25,4  28,7   17:40  22,3   03:09   0,0   7,1   0,0   3,7  24,0   15:03   NNW
 7  25,9  29,3   12:14  23,0   03:49   0,0   7,6   0,0   3,8  21,0   13:33   NNW
 8  25,8  28,9   14:32  23,2   05:35   0,0   7,7   0,0   3,0  16,0   11:19   ENE
 9  25,9  28,9   12:26  19,5   05:22   0,0   7,6   0,0   3,1  18,0   12:19    NE
10  25,7  29,1   16:49  22,9   04:45   0,0   7,4   0,0   4,1  19,0   12:20   NNW
11  26,1  29,7   12:54  23,6   05:07   0,0   7,8   0,0   3,8  22,0   15:49     N
12  26,2  29,4   14:25  23,4   03:01   0,0   7,9   0,0   3,7  17,0   13:45     E
13  26,4  29,2   12:27  23,9   05:33   0,0   8,1   0,0   3,8  18,0   13:35     E
14  26,7  29,5   13:17  24,1   04:24   0,0   8,4   0,0   3,3  19,0   16:13     E
15  26,7  30,9   13:33  24,3   05:08   0,0   8,4   0,0   4,0  23,0   16:13   NNW
16  26,5  29,0   14:25  24,5   05:07   0,0   8,2   0,0   4,6  22,0   16:16   NNW
17  27,2  30,9   11:38  23,8   06:08   0,0   8,9   0,0   2,9  19,0   17:12   NNE
18  27,4  31,1   13:19  24,6   06:29   0,0   9,1   0,0   3,5  19,0   15:19     E
19  27,3  30,4   13:19  24,3   05:53   0,0   9,0   0,0   3,5  18,0   16:52     E
20  27,2  30,5   14:17  24,9   03:21   0,0   8,9   0,0   3,8  19,0   10:09   ENE
21  27,0  29,8   13:32  24,5   06:05   0,0   8,7   0,0   3,8  19,0   12:41     E
22  27,3  30,2   12:24  24,9   06:12   0,0   9,1   0,0   3,3  18,0   14:15     E
23  27,5  30,5   13:45  24,4   06:48   0,0   9,2   0,0   4,2  19,0   15:57     E
24  27,4  31,0   12:14  24,8   06:12   0,0   9,1   0,0   3,3  18,0   13:20     E
25  27,3  31,0   14:08  24,4   03:04   0,0   9,1   0,0   3,2  16,0   14:37     E
26  27,1  29,7   14:48  24,1   06:44   0,0   8,8   0,0   3,7  17,0   13:53     E
27  27,6  30,4   14:14  25,0   05:42   0,0   9,2   0,0   3,2  18,0   13:43     E
28  28,4  32,3   14:14  25,1   04:34   0,0  10,1   0,0   3,3  18,0   14:52     E
29  29,6  34,8   16:26  26,0   04:25   0,0  11,3   0,0   3,8  18,0   17:24     E
30  27,6  29,5   12:27  25,8   20:53   0,0   9,3   0,0   8,2  33,0   13:03    NW
31  27,1  29,7   11:47  24,9   06:09   0,0   8,8   0,0   5,5  27,0   16:12    NW
----------------------------------------------------------------------------------
    26,5  34,8    29    19,5     1     0,0 253,3   0,0   3,8  33,0    30      NE

Max >=  20,0: 31
Max <=  19,9:  0
Min <=  10,0:  0
Min <=   4,0:  0
Max Rain: 0,0 on day 0
Days of Rain: 0 (>= 0,3 mm)  0 (>= 6,0 mm)  0 (>= 20,0 mm)
Heat Base: 18,3  Cool Base: 18,3  Method: Integration