Report per 2013 Agosto
                   Monthly Climatological Summary for ago 2013

Name: Meteo Bagheria Centro   City: Bagheria   State: Italia
Elevation: 88 m  Lat: N 38 04' 37"   Lon: E 013 30' 16"

                  Temperature (C), Rain (mm), Wind Speed (km/h)

                                      Heat  Cool        Avg
    Mean                              Deg   Deg         Wind                 Dom
Day Temp  High   Time   Low    Time   Days  Days  Rain  Speed High   Time    Dir
----------------------------------------------------------------------------------
 1  28,0  30,8   15:24  25,7   04:53   0,0   9,7   0,0   4,2  23,0   13:31   NNW
 2  28,4  32,3   15:47  25,6   06:15   0,0  10,1   0,0   3,7  21,0   13:59   NNW
 3  28,8  31,9   11:44  26,1   03:04   0,0  10,8   0,0   2,8  16,0   13:06     E
 4  28,7  31,7   12:19  26,0   05:44   0,0  10,4   0,0   4,1  24,0   15:52    NW
 5  29,3  32,7   13:47  27,0   06:40   0,0  11,0   0,0   3,7  21,0   12:27   NNW
 6  29,1  33,6   13:40  26,0   07:08   0,0  11,4   0,0   3,2  16,0   11:49   ESE
 7  30,1  33,7   15:48  27,2   01:00   0,0  11,8   0,0   2,8  18,0   16:10   ESE
 8  30,6  34,2   15:22  28,2   01:51   0,0  12,3   0,0   3,1  15,0   11:44   ESE
 9  29,9  34,3   13:15  25,8   23:43   0,0  11,5   0,0   7,1  37,0   16:28    NW
10  26,2  28,3   14:24  23,7   09:21   0,0   8,2   7,8   9,7  38,0   12:33    NW
11  27,1  29,8   15:39  24,7   06:31   0,0   8,8   0,0   5,4  27,0   12:17   NNW
12  27,3  30,6   13:56  24,4   06:20   0,0   9,0   0,0   2,8  17,0   15:08     E
13  26,9  31,2   05:18  24,6   06:15   0,0   8,7   0,0   3,4  19,0   14:11     E
14  26,6  29,7   11:43  24,5   06:54   0,0   8,3   0,0   2,6  16,0   12:30   ENE
15  26,7  30,0   14:48  24,1   05:19   0,0   8,4   0,0   3,2  18,0   14:31     E
16  27,2  31,0   14:20  24,7   03:37   0,0   8,9   0,0   3,1  21,0   14:43   ENE
17  27,1  30,6   14:14  24,5   04:58   0,0   8,8   0,0   3,4  19,0   14:35     E
18  27,2  30,8   13:50  24,9   06:37   0,0   8,9   0,0   3,1  19,0   14:40     E
19  27,2  30,1   12:37  25,1   06:52   0,0   8,9   0,0   3,1  22,0   14:41     E
20  26,4  29,3   13:35  24,9   06:49   0,0   8,1   0,0   3,7  22,0   09:24     N
21  24,7  28,1   13:28  20,3   00:43   0,0   6,4   7,8   3,7  32,0   11:07   ENE
22  25,9  29,0   13:17  23,0   05:14   0,0   7,6   0,0   2,8  18,0   14:18   ENE
23  26,1  29,4   14:20  23,8   03:38   0,0   7,8   0,0   3,2  21,0   13:19   ESE
24  26,7  30,4   14:13  23,9   06:26   0,0   8,6   0,0   2,7  18,0   13:58     E
25  27,0  31,1   12:28  24,2   05:26   0,0   8,7   0,0   3,9  19,0   18:19   ESE
26  27,0  30,0   14:54  24,7   04:07   0,0   8,7   0,0   5,8  55,0   22:44    SE
27  28,3  32,0   14:28  25,8   03:09   0,0  10,0   0,0   4,9  28,0   00:35   SSE
28  27,1  29,7   11:24  25,4   23:56   0,0   8,8   0,0   4,5  30,0   16:24   NNW
29  26,4  29,2   15:14  24,2   06:46   0,0   8,1   0,0   4,1  24,0   12:48     E
30  24,7  27,8   17:09  21,3   14:44   0,0   6,3   6,6   3,8  30,0   09:11     W
31  24,9  28,3   14:44  22,4   05:52   0,0   6,6   2,4   2,6  17,0   15:07     E
----------------------------------------------------------------------------------
    27,3  34,3     9    20,3    21     0,0 281,6  24,6   3,9  55,0    26      NE

Max >=  20,0: 31
Max <=  19,9:  0
Min <=  10,0:  0
Min <=   4,0:  0
Max Rain: 7,8 on day 10
Days of Rain: 4 (>= 0,3 mm)  3 (>= 6,0 mm)  0 (>= 20,0 mm)
Heat Base: 18,3  Cool Base: 18,3  Method: Integration