Report per 2013 Settembre
                   Monthly Climatological Summary for set 2013

Name: Meteo Bagheria Centro   City: Bagheria   State: Italia
Elevation: 88 m  Lat: N 38 04' 37"   Lon: E 013 30' 16"

                  Temperature (C), Rain (mm), Wind Speed (km/h)

                                      Heat  Cool        Avg
    Mean                              Deg   Deg         Wind                 Dom
Day Temp  High   Time   Low    Time   Days  Days  Rain  Speed High   Time    Dir
----------------------------------------------------------------------------------
 1  24,1  25,1   15:49  23,1   23:53   0,0   5,8   0,0   2,3  17,0   09:25   WSW
 2  24,2  27,4   12:07  22,6   05:11   0,0   5,9   0,0   1,9  13,0   09:57    SE
 3  25,3  28,9   13:40  23,3   05:18   0,0   7,0   0,0   2,0  17,0   14:20   ENE
 4  25,7  28,8   13:23  23,8   04:41   0,0   7,3   0,0   2,6  16,0   13:02     E
 5  24,9  27,6   12:51  23,2   23:27   0,0   6,6   0,0   3,7  26,0   16:31   SSE
 6  25,0  29,4   13:42  22,6   05:15   0,0   6,7   0,0   2,8  21,0   16:26    SE
 7  25,3  28,8   14:16  22,7   06:57   0,0   7,0   0,0   3,0  16,0   12:46     E
 8  25,6  28,8   15:30  23,2   05:51   0,0   7,3   0,0   3,1  19,0   14:28     E
 9  26,1  30,7   15:40  23,8   06:41   0,0   7,8   0,0   3,8  33,0   16:38     E
10  25,9  28,9   14:23  24,0   06:14   0,0   7,6   0,0   3,2  19,0   16:17   ENE
11  25,8  28,4   13:18  24,1   06:39   0,0   7,5   0,0   2,5  16,0   12:50   ENE
12  24,2  26,9   14:28  22,0   12:50   0,0   6,0   3,6   3,7  26,0   18:21     W
13  23,2  26,6   15:47  20,8   06:57   0,0   4,9   0,0   6,3  32,0   14:27   WNW
14  22,8  26,0   11:51  20,1   05:43   0,0   4,5   0,0   4,6  19,0   13:28   WNW
15  23,2  26,1   13:26  20,8   05:11   0,0   4,9   2,1   3,2  23,0   12:41   ESE
16  23,3  26,4   15:22  20,4   02:41   0,0   5,0   6,3   7,2  36,0   14:37    NW
17  23,7  27,9   15:31  20,6   01:06   0,0   5,4   0,0   5,9  34,0   15:05     W
18  22,8  25,8   12:45  20,7   05:47   0,0   4,5   0,0   6,0  37,0   15:13   WNW
19  23,0  28,7   06:41  20,6   03:35   0,0   4,7   0,0   6,3  30,0   16:28   WNW
20  23,3  25,9   12:19  21,4   07:24   0,0   5,0   0,0   2,6  17,0   15:52     E
21  22,6  25,3   14:24  20,7   04:09   0,0   4,3   0,0   3,3  21,0   14:11    NW
22  22,9  25,6   14:34  20,9   08:37   0,0   4,6   1,2   4,0  26,0   15:28   NNW
23  22,3  25,2   15:35  21,0   05:30   0,0   4,0   0,0   2,9  21,0   14:33     N
24  21,7  25,0   13:29  19,4   07:14   0,0   3,4   0,0   2,6  17,0   11:17   ENE
25  22,1  25,9   14:33  19,4   04:24   0,0   3,8   0,0   2,9  16,0   13:40   ESE
26  23,5  26,7   14:53  20,8   04:59   0,0   5,2   0,0   2,3  17,0   14:30     E
27  23,4  26,6   15:06  21,4   07:01   0,0   5,1   0,0   2,8  16,0   13:15   ENE
28  23,3  26,8   15:05  20,4   07:01   0,0   5,0   0,0   2,3  17,0   12:53     E
29  24,2  27,6   13:23  22,1   05:27   0,0   5,9   0,0   2,3  13,0   10:53   NNE
30  24,0  27,8   14:07  22,0   07:20   0,0   5,7   1,8   4,6  26,0   11:25     W
----------------------------------------------------------------------------------
    23,9  30,7     9    19,4    24     0,0 168,4  15,0   3,6  37,0    18     NNW

Max >=  20,0: 30
Max <=  19,9:  0
Min <=  10,0:  0
Min <=   4,0:  0
Max Rain: 6,3 on day 16
Days of Rain: 5 (>= 0,3 mm)  1 (>= 6,0 mm)  0 (>= 20,0 mm)
Heat Base: 18,3  Cool Base: 18,3  Method: Integration