Report per 2013 Novembre
                   Monthly Climatological Summary for nov 2013

Name: Meteo Bagheria Centro   City: Bagheria   State: Italia
Elevation: 88 m  Lat: N 38 04' 37"   Lon: E 013 30' 16"

                  Temperature (C), Rain (mm), Wind Speed (km/h)

                                      Heat  Cool        Avg
    Mean                              Deg   Deg         Wind                 Dom
Day Temp  High   Time   Low    Time   Days  Days  Rain  Speed High   Time    Dir
----------------------------------------------------------------------------------
 1  19,8  23,5   12:14  17,8   06:30   0,1   1,6   0,3   4,3  28,0   00:51   SSW
 2  19,7  23,5   12:56  17,5   06:07   0,1   1,6   0,0   2,0  13,0   13:02     S
 3  19,8  23,6   13:28  17,6   04:17   0,1   1,6   0,0   2,8  17,0   22:52   SSE
 4  21,1  25,4   13:43  18,4   01:50   0,0   2,8   0,0   8,3  32,0   13:30   SSW
 5  18,3  21,4   01:47  16,0   11:49   0,6   0,7   6,9   6,7  34,0   11:15     W
 6  19,2  21,3   12:18  17,1   03:50   0,1   1,0   0,3  10,7  45,0   01:41    NW
 7  20,1  23,6   13:02  17,9   06:23   0,0   1,8   0,0   2,5  17,0   14:19   WSW
 8  19,4  22,3   13:10  17,5   05:37   0,1   1,3   0,0   1,3  13,0   23:48   ESE
 9  20,3  23,4   12:59  18,1   05:17   0,0   2,0   0,0   2,8  16,0   03:08     S
10  19,2  21,5   11:26  17,9   19:34   0,1   1,0   0,0   5,5  30,0   22:43   WSW
11  14,7  18,9   01:44  11,9   10:10   3,6   0,0  12,3   8,9  45,0   07:46   WSW
12  14,9  18,3   13:02  13,1   02:43   3,4   0,0   0,0   5,0  27,0   06:54   SSE
13  15,0  18,2   10:51  13,9   07:32   3,3   0,0  16,8   2,7  23,0   10:54    SW
14  15,9  19,3   14:19  14,3   01:24   2,4   0,0   9,6   1,5  15,0   14:58   WSW
15  15,6  17,1   09:48  14,6   22:20   2,7   0,0   0,3   4,1  27,0   09:04     S
16  16,5  21,0   13:36  14,1   03:08   2,2   0,3   0,0   5,5  22,0   03:42   SSW
17  16,4  19,9   14:13  14,1   06:45   2,1   0,2   0,0   2,7  18,0   23:50   SSE
18  17,4  19,4   21:36  15,5   01:11   1,0   0,2   1,8   7,9  44,0   20:20   SSE
19  16,7  19,1   14:16  15,1   07:19   1,6   0,0   0,3   6,6  34,0   10:48   SSW
20  16,3  18,7   14:17  14,6   22:45   2,0   0,0   0,0   8,5  32,0   00:09    SW
21  13,6  15,7   09:37  12,2   21:33   4,7   0,0   0,3   6,3  32,0   00:15    SW
22  14,4  17,9   12:40  12,1   23:26   3,9   0,0   0,6   8,6  33,0   12:27   SSW
23  12,4  15,1   12:46  10,5   06:35   5,9   0,0   0,0   6,6  33,0   00:55   SSW
24  10,7  11,6   09:35   9,9   05:23   7,6   0,0   4,5   7,0  28,0   09:47   SSW
25  12,1  15,1   14:10  10,4   07:23   6,2   0,0   1,5   3,4  28,0   15:21   WSW
26  10,0  11,5   12:31   7,6   23:58   8,3   0,0   4,5  12,6  51,0   09:27    NW
27   9,0  12,2   12:11   6,8   03:00   9,2   0,0   3,9   5,2  32,0   02:59   WSW
28  10,3  12,2   14:22   7,9   03:31   8,1   0,0   0,0   9,4  46,0   12:23   SSW
29  11,8  14,5   12:53   9,9   05:53   6,4   0,0   0,0   2,9  15,0   15:53   WSW
30  12,6  14,2   12:06  11,0   02:55   5,7   0,0  15,0   3,5  31,0   23:23   NNW
----------------------------------------------------------------------------------
    15,8  25,4     4     6,8    27    91,5  16,1  78,9   5,5  51,0    26      SW

Max >=  20,0: 11
Max <=  19,9: 19
Min <=  10,0:  5
Min <=   4,0:  0
Max Rain: 16,8 on day 13
Days of Rain: 16 (>= 0,3 mm)  5 (>= 6,0 mm)  0 (>= 20,0 mm)
Heat Base: 18,3  Cool Base: 18,3  Method: Integration