Report per 2013 Dicembre
                   Monthly Climatological Summary for dic 2013

Name: Meteo Bagheria Centro   City: Bagheria   State: Italia
Elevation: 88 m  Lat: N 38 04' 37"   Lon: E 013 30' 16"

                  Temperature (C), Rain (mm), Wind Speed (km/h)

                                      Heat  Cool        Avg
    Mean                              Deg   Deg         Wind                 Dom
Day Temp  High   Time   Low    Time   Days  Days  Rain  Speed High   Time    Dir
----------------------------------------------------------------------------------
 1  14,1  16,4   14:32  12,4   07:04   4,3   0,0  21,6   5,0  39,0   00:31     E
 2  14,3  16,6   13:28  12,6   23:58   4,0   0,0   4,8   6,1  34,0   03:35   SSW
 3  13,0  14,6   15:11  11,4   01:20   5,3   0,0   9,6   4,0  28,0   15:50   NNW
 4  13,4  16,0   13:48  11,8   23:40   4,9   0,0   2,0   1,4  15,0   01:28   WNW
 5  12,5  15,4   13:21  10,3   23:58   5,8   0,0   0,0   2,3  15,0   11:27     W
 6  12,2  14,6   12:43   9,8   06:08   6,1   0,0   0,0   3,3  15,0   20:30    SW
 7  13,4  15,3   12:45  12,1   23:37   4,9   0,0   0,0   2,9  19,0   13:17    NW
 8  13,5  17,0   12:32  11,1   05:14   4,8   0,0   0,0   3,1  19,0   08:56   SSW
 9  14,2  15,7   13:47  12,9   03:40   4,1   0,0   0,0   2,0  18,0   05:36   WSW
10  14,1  16,0   12:31  12,9   06:36   4,2   0,0   0,0   2,0  15,0   13:00    NW
11  13,2  15,7   12:23  12,1   06:18   7,6   0,0   0,0   1,7  15,0   13:06     W
12  12,9  15,7   12:52  11,0   07:02   5,4   0,0   0,0   2,0  16,0   13:30     W
13  12,9  15,9   13:32  11,1   04:40   5,4   0,0   0,0   0,9  11,0   14:34   WNW
14  12,6  15,7   13:30  10,8   06:45   5,7   0,0   0,0   1,7  12,0   22:12   SSW
15  12,9  16,1   12:46  10,9   03:55   5,4   0,0   1,8   2,9  22,0   21:18    SW
16  13,1  14,8   12:07  12,1   07:14   5,2   0,0   0,3   3,6  19,0   12:50     N
17  13,0  15,7   13:17  10,9   23:14   5,3   0,0   0,0   1,8  15,0   05:58   ENE
18  11,8  14,7   13:23   9,9   07:27   6,5   0,0   0,0   2,3  16,0   01:36     S
19  12,3  15,1   12:50  10,0   04:56   6,0   0,0   0,0   3,1  18,0   20:28   SSE
20  13,7  16,4   12:50  11,9   00:35   4,6   0,0   0,0   6,7  39,0   06:56   SSW
21  12,6  14,2   12:36  11,2   07:27   5,7   0,0   0,0   1,9  21,0   21:41     S
22  13,7  16,4   13:35  12,4   00:42   4,6   0,0   0,0   2,2  22,0   01:04     S
23  13,3  15,2   13:48  12,1   06:22   5,0   0,0   0,0   1,5  13,0   11:56    NE
24  12,7  15,1   13:36  10,8   23:55   5,6   0,0   0,0   1,4  12,0   14:16   WNW
25  13,5  17,4   13:52   9,8   07:02   4,8   0,0   0,3   7,7  73,0   23:59     S
26  12,9  15,8   00:07  10,3   20:08   5,4   0,0   1,5   9,2  73,0   00:00   SSW
27  10,4  12,6   13:59   8,9   09:28   7,8   0,0   4,2   5,6  32,0   00:40   WSW
28  11,9  14,9   13:03  10,2   00:00   9,5   0,0   0,0   2,7  15,0   03:00    SW
29  12,4  15,2   12:46  10,1   03:43   5,9   0,0   0,0   1,2  10,0   07:05   SSE
30  11,4  13,3   08:43   9,4   23:36   6,9   0,0  10,2   4,8  34,0   10:46   WNW
31  10,8  13,0   20:14   8,8   08:11   7,5   0,0   8,4   5,1  30,0   19:43     W
----------------------------------------------------------------------------------
    12,9  17,4    25     8,8    31   174,2   0,0  64,7   3,3  73,0    25      SW

Max >=  20,0:  0
Max <=  19,9: 31
Min <=  10,0:  7
Min <=   4,0:  0
Max Rain: 21,6 on day 1
Days of Rain: 11 (>= 0,3 mm)  4 (>= 6,0 mm)  1 (>= 20,0 mm)
Heat Base: 18,3  Cool Base: 18,3  Method: Integration