Report per 2014 Gennaio
                   Monthly Climatological Summary for gen 2014

Name: Meteo Bagheria Centro   City: Bagheria   State: Italia
Elevation: 88 m  Lat: N 38 04' 37"   Lon: E 013 30' 16"

                  Temperature (C), Rain (mm), Wind Speed (km/h)

                                      Heat  Cool        Avg
    Mean                              Deg   Deg         Wind                 Dom
Day Temp  High   Time   Low    Time   Days  Days  Rain  Speed High   Time    Dir
----------------------------------------------------------------------------------
 1  12,3  14,0   13:24  10,0   23:55   6,0   0,0   1,2   5,9  30,0   13:28    NW
 2  11,7  14,9   14:14   9,6   06:21   6,5   0,0   0,0   2,5  13,0   12:23   SSE
 3  13,5  16,9   13:08  11,5   00:44   4,8   0,0   0,0   2,8  16,0   09:25   SSW
 4  15,0  18,7   13:58  12,5   00:12   3,4   0,0   0,0   7,1  37,0   19:50   SSW
 5  13,2  15,8   09:22   9,5   21:34   5,1   0,0   3,6  10,3  48,0   01:33   SSW
 6  10,6  13,1   14:31   9,0   04:52   7,8   0,0  13,5   2,8  23,0   00:37    SW
 7  11,4  14,6   13:22   9,5   07:03   6,8   0,0   0,0   1,0  12,0   13:40    SE
 8  11,6  14,8   13:51   9,5   06:48   6,7   0,0   0,0   1,8  12,0   14:23   SSE
 9  11,8  14,3   13:09   9,9   07:35   6,5   0,0   0,0   1,6  12,0   13:31    SE
10  11,5  14,5   13:56   9,2   07:50   6,8   0,0   0,0   0,9  11,0   14:44     E
11  13,2  17,8   13:19  10,1   04:09   5,1   0,0   0,0   2,4  17,0   20:32   SSE
12  13,1  15,6   12:54  11,5   07:01   5,2   0,0   0,0   1,8  17,0   02:14   SSW
13  12,8  14,7   14:42  11,0   23:49   5,5   0,0   1,0   0,9  11,0   10:24   WNW
14  12,2  15,1   11:27  10,5   02:15   6,1   0,0   1,5   4,5  21,0   09:39   SSW
15  12,0  15,0   12:56  10,3   23:51   6,3   0,0   4,0   3,4  16,0   12:59    SW
16  11,6  14,5   13:33   9,5   06:37   6,7   0,0   0,0   2,9  26,0   22:47     S
17  13,7  16,0   12:47  11,1   01:39   4,6   0,0   0,0  10,2  44,0   05:43     S
18  16,6  19,1   13:29  13,8   01:24   1,8   0,1   0,9  14,0  55,0   18:11     S
19  16,4  19,4   14:33  14,5   22:41   1,9   0,1   1,2   8,6  50,0   03:39     S
20  13,8  15,9   10:49  10,5   21:57   4,5   0,0   3,6   9,6  46,0   20:48    SW
21  11,4  14,0   14:23   9,4   05:22   6,9   0,0   3,0   9,3  42,0   13:39   WSW
22  11,8  15,2   12:35   9,4   07:14   6,5   0,0   0,0   5,8  31,0   21:18    SW
23  13,4  16,0   14:09  11,2   05:55   4,9   0,0   0,0   5,3  31,0   01:44     S
24  12,0  14,1   12:59   8,8   22:10   6,3   0,0   7,5   7,3  44,0   21:53     W
25   9,4  11,3   14:33   7,4   03:57   8,9   0,0  12,5  11,0  48,0   22:43    NW
26  11,5  14,2   13:47   9,5   07:14   6,8   0,0   0,0   8,5  61,0   20:11    NW
27  11,0  13,5   14:07   8,4   07:20   7,3   0,0   6,0   4,1  24,0   00:11    SW
28  10,6  12,8   11:14   8,7   22:57   7,7   0,0   3,5   5,5  33,0   13:02     W
29  11,3  14,3   12:40   8,3   06:44   7,0   0,0   0,5   6,3  30,0   14:57   SSW
30  15,0  18,6   14:21  12,3   00:00   3,3   0,0   0,0  16,2  73,0   09:26     S
31  16,5  19,0   12:07  14,9   23:43   8,3   0,0   0,6   9,2  62,0   01:11   SSE
----------------------------------------------------------------------------------
    12,6  19,4    19     7,4    25   182,0   0,2  64,1   5,9  73,0    30     SSW

Max >=  20,0:  0
Max <=  19,9: 31
Min <=  10,0: 17
Min <=   4,0:  0
Max Rain: 13,5 on day 6
Days of Rain: 16 (>= 0,3 mm)  4 (>= 6,0 mm)  0 (>= 20,0 mm)
Heat Base: 18,3  Cool Base: 18,3  Method: Integration