Report per 2014 Febbraio
                   Monthly Climatological Summary for feb 2014

Name: Meteo Bagheria Centro   City: Bagheria   State: Italia
Elevation: 88 m  Lat: N 38 04' 37"   Lon: E 013 30' 16"

                  Temperature (C), Rain (mm), Wind Speed (km/h)

                                      Heat  Cool        Avg
    Mean                              Deg   Deg         Wind                 Dom
Day Temp  High   Time   Low    Time   Days  Days  Rain  Speed High   Time    Dir
----------------------------------------------------------------------------------
 1  13,2  15,0   00:00  11,6   18:14   5,1   0,0  52,8   3,2  21,0   02:42   NNW
 2  12,5  15,3   12:23   9,6   21:15   6,2   0,0  14,5   3,8  22,0   12:12   WNW
 3  10,7  13,9   13:03   9,2   07:01   7,6   0,0   3,5   4,5  27,0   13:11   WSW
 4  11,3  14,4   12:13   9,1   01:50   7,0   0,0   3,5   3,9  18,0   02:08   SSW
 5  12,0  14,2   12:16  10,2   05:10   6,3   0,0   0,0   3,9  33,0   22:49     S
 6  13,3  15,9   13:39  10,5   23:59   5,0   0,0   0,0   8,0  31,0   03:55     W
 7  13,1  16,3   16:46   9,6   05:35   5,2   0,0   0,0   5,5  32,0   18:11     S
 8  13,3  16,4   12:57  11,2   07:16   5,0   0,0   1,5   5,2  24,0   02:51   WSW
 9  13,9  19,0   14:26  11,2   00:13   4,4   0,0   0,0   9,7  43,0   11:43    SW
10  15,5  20,5   13:27  10,9   03:45   3,1   0,3   0,5  10,1  55,0   10:31     S
11  12,5  14,9   00:00  10,4   22:30   5,8   0,0  11,5   3,7  27,0   14:32    NW
12  11,2  13,7   10:21   9,9   06:44   7,1   0,0   2,1   4,9  23,0   11:07    SW
14  13,8  19,1   13:44  10,1   00:33  11,2   0,0   0,0   6,1  30,0   14:17   WNW
15  14,5  18,3   13:12  12,4   03:07   3,8   0,0   0,0   2,4  13,0   01:43   SSE
16  18,5  24,9   14:16  13,1   02:24   1,4   1,6   0,0   6,5  42,0   14:54     S
17  20,4  25,3   13:51  16,8   02:07   0,2   2,3   0,0   7,6  38,0   19:50     S
18  19,5  23,4   14:23  17,0   06:33   0,2   1,4   0,0   8,4  44,0   14:12     S
19  17,3  20,7   13:07  15,2   17:22   1,3   0,3   0,0   8,4  55,0   02:15   SSW
20  14,3  15,7   11:40  12,6   23:15   4,0   0,0   0,6   2,8  19,0   20:51   NNW
21  13,1  15,5   13:36  11,1   07:16   5,2   0,0   1,8   4,8  26,0   16:09    NW
22  13,4  17,3   10:54  11,1   03:06   4,9   0,0   0,0   4,7  23,0   16:59     W
23  12,0  15,5   13:14  10,4   05:36   6,3   0,0   0,0   5,1  32,0   15:43   WNW
24  11,9  15,3   13:39   9,6   04:53   6,4   0,0   0,0   5,5  27,0   15:39     W
25  12,0  15,7   13:42   8,8   06:25   6,3   0,0   0,0   3,1  16,0   13:04    SE
26  13,0  16,2   13:49  10,6   07:06   5,3   0,0   0,9   2,2  15,0   06:57   SSE
27  12,5  16,5   11:11  10,7   20:46   5,8   0,0   5,4   3,8  19,0   19:15   SSW
28  12,0  15,3   14:39   9,6   06:27   6,3   0,0   1,5   3,7  23,0   21:59    SW
----------------------------------------------------------------------------------
    13,7  25,3    17     8,8    25   136,4   5,9 100,1   5,2  55,0    10      SW

Max >=  20,0:  5
Max <=  19,9: 22
Min <=  10,0:  8
Min <=   4,0:  0
Max Rain: 52,8 on day 1
Days of Rain: 13 (>= 0,3 mm)  3 (>= 6,0 mm)  1 (>= 20,0 mm)
Heat Base: 18,3  Cool Base: 18,3  Method: Integration