Report per 2014 Marzo
                   Monthly Climatological Summary for mar 2014

Name: Meteo Bagheria Centro   City: Bagheria   State: Italia
Elevation: 88 m  Lat: N 38 04' 37"   Lon: E 013 30' 16"

                  Temperature (C), Rain (mm), Wind Speed (km/h)

                                      Heat  Cool        Avg
    Mean                              Deg   Deg         Wind                 Dom
Day Temp  High   Time   Low    Time   Days  Days  Rain  Speed High   Time    Dir
----------------------------------------------------------------------------------
 1  10,8  14,0   14:24   8,3   23:43   7,5   0,0   5,1   6,8  33,0   05:10    SW
 2   9,3  14,0   12:36   7,1   02:37   9,0   0,0  10,0   6,6  37,0   01:05   SSW
 3  11,4  15,1   14:31   8,1   00:00   6,9   0,0   1,5   6,5  33,0   19:54   WSW
 4  10,2  12,6   09:50   8,4   11:08   8,1   0,0  14,5   8,1  49,0   09:57    SW
 5   9,7  12,2   11:43   8,3   05:19   8,6   0,0  14,5   3,9  24,0   00:30    SW
 6  11,0  13,7   13:04   8,7   02:47   7,3   0,0   3,5   2,8  21,0   13:56    NW
 7  12,3  14,5   14:47   9,8   05:24   6,0   0,0   0,5   5,3  27,0   10:39   NNW
 8  12,9  15,0   14:30  11,5   07:47   5,4   0,0   0,0   2,8  18,0   12:26     N
 9  13,2  16,3   12:24  11,0   05:36   5,1   0,0   0,0   2,2  21,0   13:09    NE
10  11,6  15,2   14:15   9,4   11:43   6,7   0,0   6,5   3,0  26,0   15:14   WSW
11  11,2  14,9   14:40   9,0   05:37   7,1   0,0   1,5   2,9  17,0   16:20   SSE
12  12,1  15,8   14:22   9,1   06:15   6,2   0,0   0,0   2,8  16,0   13:18   ESE
13  12,3  14,7   12:49  10,1   06:08   6,0   0,0   0,0   3,1  30,0   23:20    SE
14  13,2  15,4   13:54  11,8   04:41   5,1   0,0   0,5   3,0  19,0   15:42    SE
15  13,8  17,0   14:26  11,5   06:10   4,5   0,0   0,0   2,9  17,0   12:43    NW
16  13,5  16,4   13:22  11,0   06:40   4,8   0,0   0,0   3,3  22,0   14:48   NNW
17  14,4  18,5   14:19  11,4   05:35   3,9   0,0   0,0   1,8  15,0   13:09   ESE
18  14,7  18,4   14:59  11,7   06:06   3,6   0,0   0,0   2,0  15,0   11:17     E
19  15,5  20,0   14:21  12,1   06:32   2,9   0,1   0,0   2,5  17,0   13:13   ESE
20  15,8  19,4   10:51  13,2   05:45   2,5   0,1   0,0   2,0  19,0   11:12   ESE
21  16,4  20,4   13:52  13,4   06:26   2,1   0,2   0,0   2,3  16,0   00:16   ESE
22  16,4  19,7   13:41  14,3   05:44   2,1   0,1   0,0   2,5  17,0   13:04   ESE
23  17,3  20,3   14:28  14,9   00:52   1,3   0,3   0,0   7,6  33,0   12:49   SSW
24  13,1  16,7   14:09   9,8   21:40   5,2   0,0   6,0   9,8  46,0   12:24   WNW
25  12,0  14,7   14:54  10,5   06:06   6,3   0,0   5,5   5,8  31,0   13:46   WSW
26  13,0  16,4   10:47  10,3   23:59   5,3   0,0   6,5   6,5  30,0   10:35   SSW
27  11,9  15,7   15:03   9,7   03:35   6,4   0,0   6,0   8,4  53,0   11:15    SW
28  12,5  14,5   13:34  11,1   03:29   5,8   0,0   4,0   5,4  30,0   16:32   WNW
29  13,4  16,9   13:15  10,5   05:51   4,9   0,0   0,0   3,1  18,0   12:19   ESE
30  14,6  20,1   13:40  11,5   07:03   3,9   0,1   0,0   2,8  22,0   13:16    SE
31  14,3  16,9   16:12  12,4   06:14   4,0   0,0   0,0   3,4  16,0   14:26    NW
----------------------------------------------------------------------------------
    13,0  20,4    21     7,1     2   164,5   0,9  86,1   4,3  53,0    27      SW

Max >=  20,0:  4
Max <=  19,9: 27
Min <=  10,0: 12
Min <=   4,0:  0
Max Rain: 14,5 on day 4
Days of Rain: 15 (>= 0,3 mm)  7 (>= 6,0 mm)  0 (>= 20,0 mm)
Heat Base: 18,3  Cool Base: 18,3  Method: Integration