Report per 2014 Maggio
                   Monthly Climatological Summary for mag 2014

Name: Meteo Bagheria Centro   City: Bagheria   State: Italia
Elevation: 88 m  Lat: N 38 04' 37"   Lon: E 013 30' 16"

                  Temperature (C), Rain (mm), Wind Speed (km/h)

                                      Heat  Cool        Avg
    Mean                              Deg   Deg         Wind                 Dom
Day Temp  High   Time   Low    Time   Days  Days  Rain  Speed High   Time    Dir
----------------------------------------------------------------------------------
 1  17,0  20,7   10:38  14,8   04:43   1,5   0,3   0,0   5,8  34,0   13:30    NW
 2  16,9  20,6   13:46  14,3   06:36   1,7   0,4   0,0   3,6  32,0   23:51   NNE
 3  16,0  19,5   13:49  14,1   22:51   2,4   0,1   2,5   8,3  36,0   15:43   WSW
 4  15,7  18,6   16:39  13,0   04:50   2,6   0,0   6,0   5,8  30,0   16:51    NW
 5  16,3  18,8   11:47  14,1   01:47   2,0   0,0   0,0   4,1  23,0   15:04   NNW
 6  17,1  20,8   13:52  13,6   05:39   1,8   0,5   0,0   3,4  21,0   15:19   ESE
 7  17,8  21,7   11:29  14,5   05:53   1,3   0,8   0,0   3,1  16,0   12:23     E
 8  18,2  21,3   15:00  15,7   05:35   0,8   0,8   0,0   3,5  19,0   13:20   NNW
 9  18,4  21,7   14:42  15,6   05:59   0,7   0,8   0,0   3,4  18,0   09:35   NNW
10  19,2  23,2   12:54  15,9   05:23   0,6   1,5   0,0   2,8  17,0   16:24     E
11  21,1  25,4   13:51  17,2   06:36   0,2   3,0   0,0   2,2  16,0   12:41     E
12  21,5  26,4   10:56  18,8   06:21   0,0   3,2   0,0   4,6  32,0   13:43     N
13  21,3  24,8   17:53  18,4   05:08   0,0   3,0   0,0   3,5  19,0   19:00    NE
14  18,1  20,0   12:30  16,2   22:51   0,5   0,4   0,0  11,7  51,0   14:34    NW
15  17,2  20,3   12:15  14,9   06:07   1,3   0,3   0,0   6,0  30,0   11:27    NW
16  16,2  19,2   15:06  12,6   11:06   2,1   0,1  12,5   6,6  31,0   16:07     W
17  18,2  22,3   13:00  14,8   05:29   1,2   1,1   0,0   4,3  17,0   12:14     S
18  18,7  22,8   12:16  16,0   04:41   0,6   1,0   0,0   3,7  18,0   06:45   ESE
19  18,4  21,1   15:30  16,4   05:14   0,5   0,7   0,0   4,6  24,0   04:27     S
20  20,1  23,7   13:31  17,0   06:27   0,2   2,1   0,0   3,0  16,0   14:43     E
21  20,8  23,9   16:58  18,2   03:07   0,0   2,5   0,0   3,1  21,0   11:42     E
22  22,6  26,5   15:03  19,2   01:38   0,0   4,3   0,0   3,1  16,0   13:01     E
23  21,1  24,8   14:07  20,0   21:55   0,0   2,8   2,0   4,4  28,0   10:10    NE
24  19,7  22,1   17:23  18,1   07:52   0,0   1,4  14,5   2,6  15,0   08:07   ESE
25  20,8  24,3   17:59  17,8   05:21   0,0   2,5   0,0   2,6  17,0   15:01     E
26  21,1  23,6   12:57  18,8   06:03   0,0   2,7   0,0   3,5  22,0   12:12   NNW
27  20,4  23,0   14:08  18,9   01:45   0,0   2,1   0,0   4,4  30,0   15:01   NNW
28  19,5  23,0   13:48  17,8   19:19   0,1   1,2   2,0   3,2  22,0   14:10   ESE
29  19,7  22,7   16:17  17,0   06:11   0,3   1,7   0,5   6,5  34,0   14:15    NW
30  20,0  22,7   13:32  17,7   02:13   0,1   1,8   0,0   7,4  36,0   13:13    NW
31  21,0  24,5   13:12  17,9   05:27   0,0   2,8   0,0   3,5  21,0   19:47   ENE
----------------------------------------------------------------------------------
    19,0  26,5    22    12,6    16    22,5  45,9  40,0   4,5  51,0    14     NNW

Max >=  20,0: 27
Max <=  19,9:  4
Min <=  10,0:  0
Min <=   4,0:  0
Max Rain: 14,5 on day 24
Days of Rain: 7 (>= 0,3 mm)  3 (>= 6,0 mm)  0 (>= 20,0 mm)
Heat Base: 18,3  Cool Base: 18,3  Method: Integration