Report per 2014 Giugno
                   Monthly Climatological Summary for giu 2014

Name: Meteo Bagheria Centro   City: Bagheria   State: Italia
Elevation: 88 m  Lat: N 38 04' 37"   Lon: E 013 30' 16"

                  Temperature (C), Rain (mm), Wind Speed (km/h)

                                      Heat  Cool        Avg
    Mean                              Deg   Deg         Wind                 Dom
Day Temp  High   Time   Low    Time   Days  Days  Rain  Speed High   Time    Dir
----------------------------------------------------------------------------------
 1  20,4  23,2   11:39  18,0   05:45   0,0   2,1   0,0   3,2  19,0   12:07    NE
 2  19,3  21,0   16:08  18,0   04:55   0,0   1,0   0,0   3,2  18,0   15:28     E
 3  20,5  23,4   13:47  18,7   05:36   0,0   2,2   0,0   6,1  30,0   17:07   NNW
 4  20,4  23,6   12:41  17,3   06:10   0,1   2,2   0,0   5,2  24,0   15:41   NNW
 5  21,1  24,1   13:15  17,7   06:09   0,0   2,8   0,0   3,8  19,0   13:35     E
 6  22,9  26,8   13:22  18,8   06:07   0,0   4,5   0,0   3,1  18,0   13:56   ESE
 7  24,3  28,5   15:14  20,8   03:03   0,0   6,0   0,0   3,0  15,0   11:48   ESE
 8  24,1  27,8   14:32  21,2   04:18   0,0   5,8   0,0   3,4  21,0   16:38    NW
 9  24,8  28,1   15:08  21,9   03:08   0,0   6,6   0,0   3,0  17,0   15:52     E
10  25,4  28,5   18:06  22,8   05:30   0,0   7,1   0,0   3,1  18,0   14:11     E
11  25,9  30,0   12:07  22,9   03:33   0,0   7,6   0,0   3,5  19,0   15:11    NE
12  26,3  29,6   15:55  23,8   05:47   0,0   8,0   0,0   3,5  17,0   12:52   NNW
13  25,8  29,3   13:51  23,2   05:42   0,0   7,5   0,0   3,0  17,0   15:00     E
14  25,2  28,4   12:23  22,5   04:27   0,0   6,9   0,0   3,6  19,0   14:53    NE
15  25,6  29,4   12:33  22,6   04:42   0,0   7,3   0,0   5,9  27,0   13:58    SW
16  25,7  28,8   10:22  22,1   23:21   0,0   7,4   0,0   4,7  27,0   13:22    SW
17  22,3  24,8   11:12  21,4   15:29   0,0   4,0   1,0   3,0  18,0   11:39     E
18  22,8  26,3   13:28  19,9   04:23   0,0   4,5   0,0   4,5  27,0   16:52   NNW
19  22,7  26,3   11:41  20,7   02:54   0,0   4,4   0,0   8,4  43,0   15:04   WNW
20  22,3  25,6   16:29  19,1   05:12   0,0   4,0   0,0   5,3  22,0   11:31    NW
21  22,8  26,0   12:37  19,7   04:09   0,0   4,5   0,0   3,8  22,0   14:28   ESE
22  23,9  27,2   12:35  20,6   05:09   0,0   5,6   0,0   3,5  17,0   11:40   ESE
23  24,9  28,8   15:39  21,4   05:45   0,0   6,6   0,0   3,5  19,0   17:33   ESE
24  31,1  36,9   15:42  23,5   00:07   0,0  12,8   0,0  13,3  46,0   09:41   SSW
25  27,7  31,9   00:00  24,2   21:51   0,0   9,4   0,0   6,2  34,0   14:55    SE
26  24,6  27,6   14:07  23,0   02:38   0,0   6,4   0,0   5,3  32,0   15:51   NNE
27  24,3  27,1   14:44  22,2   04:35   0,0   6,0   0,0   5,4  32,0   16:53   NNW
28  24,6  27,6   15:11  21,5   06:32   0,0   6,5   0,0   4,1  19,0   15:47   ESE
29  27,3  33,4   17:55  22,4   04:55   0,0   9,0   0,0   6,0  40,0   22:41   SSE
30  25,9  30,5   00:00  22,6   23:07   0,0   7,7   0,0   8,8  40,0   14:42    NW
----------------------------------------------------------------------------------
    24,2  36,9    24    17,3     4     0,1 176,4   1,0   4,8  46,0    24      NE

Max >=  20,0: 30
Max <=  19,9:  0
Min <=  10,0:  0
Min <=   4,0:  0
Max Rain: 1,0 on day 17
Days of Rain: 1 (>= 0,3 mm)  0 (>= 6,0 mm)  0 (>= 20,0 mm)
Heat Base: 18,3  Cool Base: 18,3  Method: Integration