Report per 2014 Luglio
                   Monthly Climatological Summary for lug 2014

Name: Meteo Bagheria Centro   City: Bagheria   State: Italia
Elevation: 88 m  Lat: N 38 04' 37"   Lon: E 013 30' 16"

                  Temperature (C), Rain (mm), Wind Speed (km/h)

                                      Heat  Cool        Avg
    Mean                              Deg   Deg         Wind                 Dom
Day Temp  High   Time   Low    Time   Days  Days  Rain  Speed High   Time    Dir
----------------------------------------------------------------------------------
 1  24,2  27,1   14:33  20,8   06:11   0,0   5,9   0,0   4,2  22,0   12:09     E
 2  25,2  28,1   15:00  21,9   05:23   0,0   6,9   0,0   3,8  24,0   14:43   ESE
 3  26,3  30,1   15:35  23,5   05:59   0,0   8,0   0,0   3,7  18,0   13:15     E
 4  27,8  31,8   12:07  24,3   02:55   0,0   9,5   0,0   3,0  16,0   16:15   ESE
 5  26,7  30,4   12:47  23,8   22:11   0,0   8,4   0,0   4,7  26,0   17:38    NE
 6  25,6  28,4   13:33  23,3   03:33   0,0   7,3   0,0   4,0  18,0   13:55     E
 7  26,2  29,1   14:20  23,3   04:57   0,0   7,9   0,0   4,0  21,0   16:16   ESE
 8  26,8  29,9   11:48  24,1   23:03   0,0   8,5   0,0   5,1  27,0   15:00     N
 9  25,0  28,0   14:16  23,1   04:41   0,0   6,7   0,0   4,5  23,0   09:28   NNW
10  24,4  27,1   10:37  22,2   02:45   0,0   6,1   0,0   9,1  44,0   15:21    NW
11  23,0  25,2   13:53  20,6   05:58   0,0   4,8   1,0   7,0  31,0   13:21    NW
12  23,8  26,2   10:59  21,0   05:55   0,0   5,5   0,0   4,7  26,0   14:32   NNW
13  24,8  29,4   12:08  21,9   06:31   0,0   6,5   0,0   8,4  42,0   13:05   WNW
14  24,1  27,6   15:27  21,3   05:39   3,2   5,5   0,0   4,1  28,0   15:40   NNW
15  23,8  26,1   11:49  21,6   05:03   0,0   5,5   0,0   7,1  36,0   12:36    NW
16  24,1  26,4   12:15  21,6   06:10   0,0   5,8   0,0   5,3  26,0   16:42    NW
17  25,1  28,5   14:06  22,2   05:01   0,0   6,8   0,0   4,3  21,0   17:41    NW
18  25,7  28,2   14:49  23,4   06:29   0,0   7,4   0,0   3,9  19,0   12:47   NNW
19  26,8  31,1   13:59  23,3   05:15   0,0   8,5   0,0   3,2  18,0   14:34    NW
20  27,8  31,1   14:56  24,6   06:16   0,0   9,5   0,0   3,1  19,0   16:54   ESE
21  27,0  29,8   16:07  24,9   23:05   0,0   8,7   0,0   5,8  36,0   18:52    NW
22  25,4  28,6   13:27  22,7   06:58   0,0   7,1   0,0   6,8  31,0   12:35   WNW
23  24,3  26,5   15:19  22,5   03:32   0,0   6,0   0,0   7,5  33,0   13:17    NW
24  24,9  28,2   12:11  22,0   05:57   0,0   6,6   0,0   3,7  19,0   11:55   ESE
25  25,6  28,8   12:15  22,7   06:17   0,0   7,3   0,0   4,0  18,0   11:28   ESE
26  29,1  37,4   13:31  24,1   02:23   0,0  10,8   0,0   6,4  37,0   09:58    SW
27  27,0  29,9   13:31  24,7   06:35   0,0   8,7   0,0   5,1  28,0   16:11   NNW
28  25,7  27,9   10:15  24,0   23:48   0,0   7,4   0,0   4,4  24,0   12:19   NNW
29  26,6  30,0   22:08  22,7   02:08   0,0   8,3   0,0   4,3  38,0   22:43    SE
30  25,6  29,4   00:56  23,8   22:44   0,0   7,3   0,0   9,7  43,0   14:21   WNW
31  24,9  27,4   14:07  23,3   05:44   0,0   6,6   0,0   6,8  33,0   12:07    NW
----------------------------------------------------------------------------------
    25,6  37,4    26    20,6    11     3,2 225,8   1,0   5,2  44,0    10     NNW

Max >=  20,0: 31
Max <=  19,9:  0
Min <=  10,0:  0
Min <=   4,0:  0
Max Rain: 1,0 on day 11
Days of Rain: 1 (>= 0,3 mm)  0 (>= 6,0 mm)  0 (>= 20,0 mm)
Heat Base: 18,3  Cool Base: 18,3  Method: Integration