Report per 2014 Agosto
                   Monthly Climatological Summary for ago 2014

Name: Meteo Bagheria Centro   City: Bagheria   State: Italia
Elevation: 88 m  Lat: N 38 04' 37"   Lon: E 013 30' 16"

                  Temperature (C), Rain (mm), Wind Speed (km/h)

                                      Heat  Cool        Avg
    Mean                              Deg   Deg         Wind                 Dom
Day Temp  High   Time   Low    Time   Days  Days  Rain  Speed High   Time    Dir
----------------------------------------------------------------------------------
 1  25,5  28,8   16:28  22,8   06:07   0,0   7,2   0,0   4,2  22,0   15:21    NW
 2  25,8  29,3   14:07  23,3   06:57   0,0   7,5   0,0   3,5  19,0   13:24   ESE
 3  26,5  30,5   13:34  23,8   04:19   0,0   8,2   0,0   3,6  22,0   08:41     E
 4  26,1  30,0   15:48  23,7   04:27   0,0   7,8   0,0   3,4  18,0   11:51     E
 5  26,0  30,8   13:12  23,5   05:00   0,0   7,7   0,0   3,7  21,0   13:43   NNW
 6  25,7  29,1   12:07  24,0   21:16   0,0   7,4   0,0   5,9  37,0   16:20   NNW
 7  25,7  28,8   12:52  22,7   05:24   0,0   7,4   0,0   6,2  30,0   14:41    NW
 8  26,1  29,2   11:28  23,7   05:52   0,0   7,8   0,0   3,9  19,0   11:56   NNE
 9  26,6  29,9   13:08  23,9   06:12   0,0   8,3   0,0   3,4  22,0   14:08   ESE
10  27,5  30,5   14:31  24,5   05:24   0,0   9,2   0,0   3,3  16,0   13:58   ESE
11  28,2  32,4   16:07  25,1   04:28   0,0   9,9   0,0   3,2  18,0   13:13   ESE
12  28,2  31,6   13:20  26,2   05:04   0,0   9,9   0,0   3,3  18,0   17:30   NNE
13  28,2  31,5   15:46  25,0   06:23   0,0   9,9   0,0   3,5  18,0   16:25    SE
14  27,8  31,0   12:19  25,9   06:20   0,0   9,5   0,0   4,1  31,0   13:19   NNE
15  26,6  30,2   12:32  24,5   06:19   0,0   8,3   0,0   4,4  27,0   14:07     N
16  26,4  30,0   13:43  24,0   06:43   0,0   8,1   0,0   2,8  21,0   16:22    NE
17  25,8  29,0   15:52  23,4   06:46   0,0   7,5   0,0   4,2  24,0   13:45   NNW
18  25,7  28,9   13:32  23,4   06:43   0,0   7,4   0,0   3,6  23,0   15:53   ENE
19  27,0  31,0   14:20  22,7   06:25   0,0   8,7   0,0   5,3  28,0   21:37    SE
20  28,4  31,5   14:39  25,1   05:35   0,0  10,1   0,5   4,6  23,0   01:36   ESE
21  27,2  30,3   14:13  25,3   06:57   0,0   8,9   0,5   3,4  21,0   12:59   NNE
22  27,5  30,7   12:07  25,2   06:21   0,0   9,2   0,0   3,5  18,0   15:05   ENE
23  27,5  30,8   14:47  24,2   06:47   0,0   9,2   0,0   3,5  22,0   23:15   ESE
24  26,6  28,9   14:36  24,5   05:20   0,0   8,3   0,0   4,3  24,0   15:25   NNW
25  25,6  28,7   14:07  23,7   06:33   0,0   7,3   0,0   3,3  21,0   16:00   ENE
26  25,5  28,6   13:52  22,4   05:06   0,0   7,2   0,0   3,7  22,0   15:29   ESE
27  26,6  30,6   15:02  23,3   06:51   0,0   8,3   0,0   2,3  16,0   13:02     E
28  27,2  30,9   15:10  24,4   05:41   0,0   8,9   0,0   2,7  17,0   13:23   ESE
29  26,0  28,4   11:58  24,4   06:29   0,0   7,7   0,0   4,0  26,0   13:00   NNW
30  25,4  27,9   15:13  23,4   07:05   0,0   7,1   0,0   4,8  26,0   14:29    NW
31  25,9  29,6   13:39  23,4   06:34   0,0   7,6   0,0   3,0  17,0   13:20   ESE
----------------------------------------------------------------------------------
    26,6  32,4    11    22,4    26     0,0 257,5   1,0   3,8  37,0     6      NE

Max >=  20,0: 31
Max <=  19,9:  0
Min <=  10,0:  0
Min <=   4,0:  0
Max Rain: 0,5 on day 20
Days of Rain: 2 (>= 0,3 mm)  0 (>= 6,0 mm)  0 (>= 20,0 mm)
Heat Base: 18,3  Cool Base: 18,3  Method: Integration