Report per 2014 Settembre
                   Monthly Climatological Summary for set 2014

Name: Meteo Bagheria Centro   City: Bagheria   State: Italia
Elevation: 88 m  Lat: N 38 04' 37"   Lon: E 013 30' 16"

                  Temperature (C), Rain (mm), Wind Speed (km/h)

                                      Heat  Cool        Avg
    Mean                              Deg   Deg         Wind                 Dom
Day Temp  High   Time   Low    Time   Days  Days  Rain  Speed High   Time    Dir
----------------------------------------------------------------------------------
 1  26,0  31,0   14:06  22,4   23:08   0,0   7,7   1,0   8,7  45,0   15:30     W
 2  23,7  26,7   13:50  22,3   05:08   0,0   5,4   0,0   9,9  43,0   12:40    NW
 3  23,9  26,6   14:10  21,8   06:44   0,0   5,6   0,0   8,8  39,0   15:49    NW
 4  24,0  27,1   13:28  21,2   06:07   0,0   5,7   0,0   5,3  26,0   14:20    NW
 5  24,0  26,6   05:03  21,9   05:35   0,0   5,6   2,0   6,3  30,0   11:31   WNW
 6  24,3  27,1   14:17  22,4   04:47   3,2   5,3   0,0   7,7  36,0   12:39    NW
 7  24,5  27,3   14:07  22,2   06:51   0,0   6,2   0,0   5,0  22,0   13:23    NW
 8  24,9  28,5   15:12  22,4   06:33   0,0   6,6   0,0   3,1  18,0   13:56   ESE
 9  25,3  28,5   14:11  23,2   06:07   0,0   7,0   0,0   2,9  18,0   14:19   ESE
10  25,5  29,8   14:38  23,0   06:10   0,0   7,2   2,0   3,5  23,0   20:52   SSE
11  26,3  30,4   15:48  23,6   06:55   0,0   8,0   0,0   5,5  24,0   01:34    SW
12  26,6  30,6   14:39  24,2   06:29   0,0   8,2   0,0   5,7  26,0   10:59     S
13  25,9  28,7   15:07  23,5   23:54   0,0   7,6   0,0   6,0  24,0   17:19   WNW
14  24,1  27,0   12:23  21,6   06:37   0,0   5,8   0,0   4,4  23,0   13:46   NNW
15  24,1  27,4   14:19  21,7   06:51   0,0   5,8   0,0   3,3  19,0   16:08   ESE
16  24,3  27,0   14:38  22,3   07:04   0,0   6,0   0,0   2,8  18,0   15:18   ESE
17  24,0  26,7   15:12  21,9   06:07   0,0   5,7   0,0   3,1  22,0   23:57   ESE
18  25,9  30,4   13:58  23,3   05:34   0,0   7,6   0,5   3,9  32,0   23:48   SSE
19  29,1  33,8   11:51  26,5   06:10   0,0  10,8   0,0   8,8  39,0   04:08     S
20  27,2  29,3   14:46  25,7   22:51   0,0   8,9   0,0   4,9  27,0   09:13     W
21  27,5  32,7   14:59  24,7   06:47   0,0   9,2   0,0   2,5  16,0   15:15   ESE
22  28,4  31,6   14:40  26,8   05:59   0,0  10,1   0,0   3,0  18,0   02:35    SE
23  26,7  30,5   13:22  24,5   20:07   0,0   8,4   0,0   2,9  24,0   14:38    NE
24  25,7  30,3   14:55  23,7   07:02   0,0   7,4   0,0   7,3  30,0   09:34   SSW
25  24,5  27,2   14:06  22,3   10:58   0,0   6,2  14,5   4,8  34,0   04:24     S
26  23,6  25,9   14:39  21,9   07:35   0,0   5,3   0,0   4,8  24,0   11:03    NW
27  23,0  25,2   14:07  21,5   07:08   0,0   4,7   0,0   4,9  26,0   08:19   NNE
28  22,8  25,5   14:58  21,0   23:33   0,0   4,5   0,0   4,0  19,0   09:33    NE
29  22,0  25,5   14:46  19,1   06:09   0,0   3,7   0,0   3,9  17,0   13:09    SE
30  22,0  25,3   15:11  19,7   06:36   0,0   3,7   0,0   2,9  19,0   14:36   NNW
----------------------------------------------------------------------------------
    25,0  33,8    19    19,1    29     3,2 199,9  20,0   5,0  45,0     1       W

Max >=  20,0: 30
Max <=  19,9:  0
Min <=  10,0:  0
Min <=   4,0:  0
Max Rain: 14,5 on day 25
Days of Rain: 5 (>= 0,3 mm)  1 (>= 6,0 mm)  0 (>= 20,0 mm)
Heat Base: 18,3  Cool Base: 18,3  Method: Integration