Report per 2014 Novembre
                   Monthly Climatological Summary for nov 2014

Name: Meteo Bagheria Centro   City: Bagheria   State: Italia
Elevation: 88 m  Lat: N 38 04' 37"   Lon: E 013 30' 16"

                  Temperature (C), Rain (mm), Wind Speed (km/h)

                                      Heat  Cool        Avg
    Mean                              Deg   Deg         Wind                 Dom
Day Temp  High   Time   Low    Time   Days  Days  Rain  Speed High   Time    Dir
----------------------------------------------------------------------------------
 1  17,9  19,9   12:28  15,5   23:49   0,7   0,3   0,0   3,6  21,0   02:40     N
 2  16,8  19,7   12:52  14,4   06:19   1,7   0,2   0,0   2,6  13,0   12:37   SSE
 3  17,2  20,6   12:58  14,8   04:21   1,5   0,4   0,0   4,0  22,0   21:26     S
 4  19,0  22,1   11:28  16,1   07:07   0,7   1,4   0,0   7,1  51,0   23:57     S
 5  21,9  25,7   13:13  19,6   05:07   0,0   3,7   0,0   8,9  40,0   02:17     S
 6  22,0  26,2   12:59  18,0   22:15   0,0   3,7   4,0   8,5  45,0   14:23     S
 7  18,7  20,8   13:04  16,9   21:32   0,2   0,6   1,5   4,9  36,0   07:30    SE
 8  18,3  20,8   13:40  16,2   06:50   0,6   0,5  13,5   6,8  37,0   04:22   NNW
 9  18,4  21,5   13:24  16,7   00:42   0,6   0,8   1,0   2,6  13,0   02:57     S
10  19,4  22,2   12:58  16,8   05:56   3,5   1,3   0,0   6,1  26,0   23:58   SSW
11  19,9  22,3   13:23  18,4   03:42   0,0   1,6   0,0   6,3  31,0   07:08    SE
12  18,3  21,5   11:08  16,8   05:52   0,4   0,5   4,5   6,6  28,0   10:49    SW
13  17,5  19,5   11:06  16,2   09:38   0,9   0,2   2,5   5,9  33,0   12:45     W
14  17,6  20,3   12:54  15,8   06:13   1,1   0,4   0,0   4,1  18,0   12:56     W
15  18,8  22,7   13:59  15,4   06:14   0,8   1,3   0,0   4,7  31,0   16:15   SSW
16  18,5  21,3   14:07  16,5   07:02   0,4   0,6   0,0   3,6  21,0   18:18   WSW
17  18,4  22,3   14:17  15,9   02:35   0,7   0,8   0,0   7,4  39,0   20:32   SSW
18  17,8  20,5   11:49  15,0   06:56   0,8   0,3  16,5   5,3  42,0   00:40    SW
19  16,5  20,4   12:40  14,0   04:24   2,0   0,3   0,0   3,1  19,0   14:37     W
20  16,0  18,9   14:11  14,5   06:35   2,3   0,0   0,0   1,6  10,0   13:41    SW
21  15,5  18,4   13:38  13,6   05:28   2,8   0,0   0,0   2,0  12,0   12:45   SSE
22  15,6  18,5   13:19  13,8   04:29   2,7   0,0   0,0   2,0  15,0   10:31    SE
23  16,4  20,3   13:47  14,3   03:44   2,1   0,1   0,0   1,0  11,0   12:28   SSE
24  17,1  19,6   11:35  15,3   06:13   1,4   0,2   0,0   1,2  10,0   07:33    SW
25  16,8  19,2   12:27  15,2   04:29   1,6   0,1   0,0   1,6  13,0   09:44    SE
26  17,1  20,0   13:50  15,3   04:47   1,3   0,2   0,0   2,7  19,0   11:34   SSW
27  16,8  20,4   14:06  14,7   07:27   1,7   0,2   0,0   3,1  22,0   23:48   SSE
28  19,4  23,2   12:47  16,8   07:37   0,4   1,4   0,0   7,3  43,0   10:58     S
29  20,5  21,9   14:38  18,9   02:11   0,0   2,2   0,0   8,9  40,0   19:22     S
30  24,6  29,1   12:18  20,6   05:54   0,0   6,3   0,0   8,0  40,0   19:15     S
----------------------------------------------------------------------------------
    18,3  29,1    30    13,6    21    32,9  29,6  43,5   4,7  51,0     4     SSW

Max >=  20,0: 22
Max <=  19,9:  8
Min <=  10,0:  0
Min <=   4,0:  0
Max Rain: 16,5 on day 18
Days of Rain: 7 (>= 0,3 mm)  2 (>= 6,0 mm)  0 (>= 20,0 mm)
Heat Base: 18,3  Cool Base: 18,3  Method: Integration