Report per 2015 Gennaio
                   Monthly Climatological Summary for gen 2015

Name: Meteo Bagheria Centro   City: Bagheria   State: Italia
Elevation: 88 m  Lat: N 38 04' 37"   Lon: E 013 30' 15"

                  Temperature (C), Rain (mm), Wind Speed (km/h)

                                      Heat  Cool        Avg
    Mean                              Deg   Deg         Wind                 Dom
Day Temp  High   Time   Low    Time   Days  Days  Rain  Speed High   Time    Dir
----------------------------------------------------------------------------------
 1   8,0  10,2   12:59   2,5   00:00  10,5   0,0  11,5  12,4  45,0   06:14   NNE
 2   9,1  11,5   13:57   6,7   05:15   9,1   0,0   0,0   5,3  24,0   16:07   NNW
 3  11,4  14,1   13:02   8,8   07:12   7,2   0,0   0,0   6,6  18,0   20:21   SSW
 4  14,0  16,6   12:57  11,8   04:38   4,6   0,0   1,0   9,4  28,0   15:17   WNW
 5  11,4  13,8   01:06   9,8   23:59   7,5   0,0   1,0  13,3  32,0   00:48     N
 6  11,3  14,3   12:37   8,5   04:16   7,1   0,0   0,5   7,0  30,0   13:47   WNW
 7  11,7  14,9   13:42   9,7   06:48   6,6   0,0   0,0   3,4  16,0   23:15   SSW
 8  12,5  15,3   14:23  10,6   23:26   5,8   0,0   0,0   6,6  22,0   03:25   WSW
 9  12,7  15,9   13:48  10,3   01:53   5,6   0,0   0,0   6,2  21,0   14:14   WSW
10  12,9  16,3   13:45  10,8   05:48   5,4   0,0   0,0   5,1  18,0   01:57     S
11  13,7  17,2   14:07  11,2   05:56   4,6   0,0   0,0   5,7  26,0   19:46     S
12  13,7  15,3   14:22  10,9   23:48   4,7   0,0   0,0   8,4  33,0   04:45    NW
13  11,7  15,5   13:43   9,7   07:44   6,6   0,0   0,0   4,2  13,0   12:48   SSE
14  12,3  16,0   12:57   9,7   04:49   6,0   0,0   0,0   2,7  11,0   14:32    SW
15  12,5  15,9   14:07  10,7   04:07   5,8   0,0   0,0   3,3  11,0   11:26   SSE
16  14,0  18,5   13:26   9,9   05:17   4,3   0,0   0,0   7,9  32,0   21:12     S
17  15,5  19,2   14:40  13,3   05:46   2,9   0,1   0,0   8,2  26,0   00:21   SSW
18  14,3  15,8   13:01  11,4   20:41   4,1   0,0  10,0  10,2  42,0   10:35   SSW
19  12,4  14,8   12:30  11,0   04:59   5,8   0,0   0,0   5,6  18,0   18:52   SSW
20  13,0  16,1   12:52  11,2   07:29   5,3   0,0   0,0   6,7  22,0   02:25     S
21  12,8  16,3   12:49  10,5   07:13   5,5   0,0   0,0   7,5  26,0   20:44     S
22  11,1  12,5   12:11   9,4   09:25   7,2   0,0   4,0   5,7  38,0   08:10   SSW
23  10,2  11,6   12:58   9,0   06:27   8,5   0,0  12,0   8,3  40,0   21:17    SW
24  10,9  13,7   10:27   8,5   23:23   7,3   0,0  10,0   6,2  42,0   11:37   WNW
25  10,1  13,5   13:57   8,2   01:34   8,2   0,0   8,0   4,0  28,0   04:55    SW
26  10,3  13,2   12:09   8,5   06:59   8,0   0,0  12,0   3,4  18,0   06:27     S
27   9,3  11,1   13:45   7,5   22:57   9,0   0,0   1,0   3,6  24,0   12:20   WNW
28   8,0   9,9   23:45   5,1   14:34  10,3   0,0  15,5  10,0  55,0   10:14   WNW
29  10,7  12,8   13:42   8,7   07:52   7,5   0,0   0,0  10,5  44,0   01:04   WNW
30  12,8  14,9   12:09  11,0   18:41   5,5   0,0  10,5  12,1  49,0   08:21    SW
31  10,6  13,9   14:35   9,0   09:50   7,7   0,0  30,5   5,8  34,0   14:35    SW
----------------------------------------------------------------------------------
    11,8  19,2    17     2,5     1   204,2   0,1 127,5   6,9  55,0    28     WSW

Max >=  20,0:  0
Max <=  19,9: 31
Min <=  10,0: 18
Min <=   4,0:  1
Max Rain: 30,5 on day 31
Days of Rain: 14 (>= 0,3 mm)  9 (>= 6,0 mm)  1 (>= 20,0 mm)
Heat Base: 18,3  Cool Base: 18,3  Method: Integration