Report per 2015 Marzo
                   Monthly Climatological Summary for mar 2015

Name: Meteo Bagheria Centro   City: Bagheria   State: Italia
Elevation: 88 m  Lat: N 38 04' 37"   Lon: E 013 30' 15"

                  Temperature (C), Rain (mm), Wind Speed (km/h)

                                      Heat  Cool        Avg
    Mean                              Deg   Deg         Wind                 Dom
Day Temp  High   Time   Low    Time   Days  Days  Rain  Speed High   Time    Dir
----------------------------------------------------------------------------------
 1  11,0  14,0   11:21   8,5   06:40   7,3   0,0   0,0   2,7  18,0   13:01   WNW
 2  13,1  17,7   14:44   8,0   14:59   5,2   0,0   0,0   5,6  37,0   21:24   SSW
 3  15,9  20,8   14:12  13,1   06:55   2,7   0,3   0,0   4,7  32,0   00:35   WSW
 4  15,6  19,0   21:48  13,1   04:22   2,7   0,1   0,0   4,1  36,0   20:46     S
 5  12,0  18,4   00:09   8,5   21:25   6,3   0,0  20,0  10,3  45,0   13:07   WSW
 6   9,0  10,4   18:11   7,4   05:51   9,3   0,0  23,5   9,3  45,0   14:55   NNW
 7  10,2  12,5   13:31   9,2   00:00   8,1   0,0   0,5   7,8  31,0   04:36     N
 8   9,4  10,2   15:06   8,1   02:08   8,9   0,0   6,0   2,3  21,0   16:31     E
 9  11,1  14,5   12:44   8,6   04:46   7,2   0,0   1,0   2,4  18,0   18:42     N
10  12,0  14,7   14:35   9,7   07:07   9,2   0,0   4,0   3,6  24,0   13:42    NW
11  11,7  15,2   13:02   9,5   03:53   6,6   0,0   2,5   5,3  26,0   12:58     W
12  11,8  15,9   13:46   9,2   22:14   6,5   0,0   0,0   7,8  33,0   13:20    NW
13  11,4  14,3   13:27   9,2   00:31   6,9   0,0   1,5   6,1  27,0   02:07   NNW
14  11,7  15,5   13:35   9,1   06:08   6,6   0,0   0,0   3,1  16,0   12:10   SSW
15  13,6  18,3   14:56  10,9   03:28   4,8   0,0   0,0   8,0  45,0   09:52     S
16  14,5  16,2   11:22  13,4   21:44   3,8   0,0   4,0   7,9  40,0   14:21   SSE
17  12,3  15,0   09:27  10,2   23:55   6,0   0,0  12,5   3,8  32,0   09:41     S
18  12,0  15,6   13:20   9,2   05:56   6,3   0,0   0,0   2,5  19,0   23:55   ESE
19  13,6  16,9   13:56  10,7   06:03   4,7   0,0   0,0   3,3  24,0   01:26   SSE
20  13,4  16,3   14:09  11,0   06:23   4,9   0,0   0,0   3,0  19,0   22:57   ESE
21  13,8  18,7   13:03  11,2   02:51   4,5   0,0   0,0   8,7  33,0   03:08     S
22  16,0  20,5   11:53  13,3   00:00   2,5   0,1   1,5   9,4  46,0   06:24   SSW
23  14,7  17,5   10:41  12,9   23:55   3,6   0,0   0,0   5,2  24,0   03:03     W
24  14,3  16,9   10:34  12,5   03:44   4,0   0,0   4,0   3,8  28,0   22:21    SE
25  17,1  22,5   14:15  12,3   03:05   2,0   0,7  16,0   8,9  37,0   05:40   SSW
26  15,5  19,3   12:09  13,6   23:52   5,4   0,0   4,5   3,8  30,0   00:00   SSW
27  13,3  15,0   12:17  12,3   22:56   5,0   0,0   6,5   6,1  32,0   23:07    NW
28  12,9  14,6   16:08  11,0   23:52   5,3   0,0   0,0   7,8  33,0   03:57    NW
29  13,2  16,5   13:44  10,8   04:20   4,9   0,0   0,0   5,4  26,0   12:22    NW
30  14,5  18,8   12:18  11,2   03:19   3,9   0,0   0,0   6,1  32,0   12:21     W
31  16,1  20,4   13:05  12,9   07:19   2,5   0,2   0,0   3,8  24,0   01:49     W
----------------------------------------------------------------------------------
    13,1  22,5    25     7,4     6   167,6   1,4 108,0   5,7  46,0    22     WSW

Max >=  20,0:  4
Max <=  19,9: 27
Min <=  10,0: 13
Min <=   4,0:  0
Max Rain: 23,5 on day 6
Days of Rain: 15 (>= 0,3 mm)  6 (>= 6,0 mm)  2 (>= 20,0 mm)
Heat Base: 18,3  Cool Base: 18,3  Method: Integration