Report per 2015 Aprile
                   Monthly Climatological Summary for apr 2015

Name: Meteo Bagheria Centro   City: Bagheria   State: Italia
Elevation: 88 m  Lat: N 38 04' 37"   Lon: E 013 30' 15"

                  Temperature (C), Rain (mm), Wind Speed (km/h)

                                      Heat  Cool        Avg
    Mean                              Deg   Deg         Wind                 Dom
Day Temp  High   Time   Low    Time   Days  Days  Rain  Speed High   Time    Dir
----------------------------------------------------------------------------------
 1  15,9  18,5   12:08  13,6   22:07   2,4   0,0   0,0   6,5  40,0   13:49    NW
 2  14,2  17,1   12:48  11,7   07:06   4,1   0,0   0,0   3,6  22,0   14:22    NE
 3  13,6  15,9   15:17  11,8   05:07   4,7   0,0   0,0   5,7  27,0   13:39    NW
 4  14,8  19,4   15:25  12,3   00:30   3,6   0,1   0,0   8,7  34,0   08:28   SSW
 5  14,9  19,3   14:49  11,9   07:02   3,4   0,1   0,0   8,4  37,0   17:36   WSW
 6  11,8  14,6   14:17   9,4   10:12   6,5   0,0   7,0   8,0  40,0   15:33   WNW
 7  10,8  13,3   14:43   5,3   23:59   7,5   0,0   4,0   8,3  37,0   22:43     N
 8  10,3  13,0   15:29   5,2   00:26   8,0   0,0   4,5   9,4  44,0   02:57   NNW
 9  12,3  15,3   13:49  10,2   02:08   6,0   0,0   0,0   5,7  28,0   10:23     N
10  12,6  17,0   15:00   8,9   05:33   5,7   0,0   0,0   3,4  17,0   16:27   ESE
11  13,1  17,1   14:41   9,9   05:44   5,1   0,0   0,0   3,4  16,0   04:40   ESE
12  13,4  16,6   15:25  10,8   05:41   4,9   0,0   0,0   2,7  16,0   14:54     E
13  13,5  17,3   15:33  10,6   05:45   4,8   0,0   0,0   2,8  18,0   16:54    NE
14  14,9  19,4   12:19  11,6   04:45   3,5   0,1   0,0   2,3  15,0   14:42     N
15  15,4  20,0   14:13  13,0   05:05   5,8   0,1   0,0   2,0  15,0   13:20     E
16  16,5  20,5   14:47  13,4   05:04   2,1   0,3   0,0   2,8  15,0   14:45     E
17  20,3  27,5   14:50  15,8   23:47   0,8   2,8   0,0   6,1  39,0   13:51   SSW
18  17,3  21,0   13:47  15,3   01:09   1,4   0,4   0,0   3,6  18,0   11:24     E
19  16,5  19,9   13:57  14,5   06:10   1,9   0,1   0,0   3,1  24,0   14:33     E
20  15,7  19,2   11:55  14,0   05:44   2,6   0,0   0,0   2,9  19,0   12:50     N
21  15,7  18,8   15:27  13,5   05:10   2,6   0,0   0,0   3,5  24,0   13:58   NNW
22  16,6  21,0   13:56  13,1   04:25   2,1   0,4   0,0   2,9  16,0   14:21     E
23  17,9  22,6   11:58  14,8   03:56   1,3   0,9   0,0   4,7  30,0   23:13   SSE
24  18,1  20,6   10:45  15,7   23:54   0,8   0,6   0,0   7,8  36,0   03:38   SSW
25  17,1  20,3   14:43  14,7   03:58   1,5   0,3   0,0   3,3  17,0   14:35   ESE
26  17,8  21,3   11:46  15,2   05:53   1,2   0,7   0,0   2,8  19,0   13:20   ESE
27  18,5  23,8   14:06  15,8   23:52   0,6   0,8   0,0   7,9  38,0   09:34   SSW
28  18,3  23,1   15:04  15,2   03:48   1,2   1,2   0,0   9,2  50,0   15:50     W
29  16,2  19,5   12:53  13,8   05:51   2,2   0,1   0,0   4,6  24,0   15:08    NW
30  16,4  19,6   12:52  13,6   05:56   2,1   0,2   0,0   2,8  17,0   16:27    NE
----------------------------------------------------------------------------------
    15,3  27,5    17     5,2     8   100,4   9,2  15,5   5,0  50,0    28      NW

Max >=  20,0: 11
Max <=  19,9: 19
Min <=  10,0:  5
Min <=   4,0:  0
Max Rain: 7,0 on day 6
Days of Rain: 3 (>= 0,3 mm)  1 (>= 6,0 mm)  0 (>= 20,0 mm)
Heat Base: 18,3  Cool Base: 18,3  Method: Integration