Report per 2015 Maggio
                   Monthly Climatological Summary for mag 2015

Name: Meteo Bagheria Centro   City: Bagheria   State: Italia
Elevation: 88 m  Lat: N 38 04' 37"   Lon: E 013 30' 15"

                  Temperature (C), Rain (mm), Wind Speed (km/h)

                                      Heat  Cool        Avg
    Mean                              Deg   Deg         Wind                 Dom
Day Temp  High   Time   Low    Time   Days  Days  Rain  Speed High   Time    Dir
----------------------------------------------------------------------------------
 1  17,0  20,7   13:53  13,8   05:39   1,8   0,5   0,0   3,1  16,0   15:46   ESE
 2  20,4  26,0   13:55  16,9   00:00   6,6   2,0   0,0   4,8  30,0   09:12     S
 3  20,7  24,1   16:11  17,7   05:32   0,1   2,5   0,0   2,6  16,0   10:33   ESE
 4  22,8  26,7   16:13  19,2   06:26   0,0   4,5   0,0   2,2  17,0   11:44   ESE
 5  25,2  30,4   14:54  19,5   03:57   0,0   7,0   0,0   2,5  26,0   15:12   NNE
 6  23,6  29,5   15:15  19,2   22:46   0,0   5,3   0,0   3,8  26,0   19:05     E
 7  20,2  25,3   11:24  16,9   02:14   0,2   2,0   0,0   4,4  22,0   13:15   NNW
 8  20,7  24,8   12:07  16,7   05:49   0,1   2,5   0,0   3,4  30,0   22:45   ESE
 9  19,9  23,7   14:20  17,7   06:49   0,0   1,6   0,0   6,0  36,0   17:17    NW
10  19,5  23,0   11:57  16,7   06:51   0,3   1,4   0,0   4,4  26,0   12:58   NNW
11  20,4  23,4   15:04  17,5   05:53   0,0   2,1   0,0   5,0  23,0   11:17   NNW
12  20,6  24,1   15:50  18,3   01:57   0,0   2,3   0,0   4,4  22,0   11:05     N
13  20,4  24,2   15:35  16,9   06:10   0,2   2,3   0,0   2,8  17,0   13:23   NNW
14  22,9  27,6   12:26  18,4   06:13   0,0   4,7   0,0   4,4  32,0   23:24   SSE
15  28,7  33,3   17:13  19,5   23:51   0,0  10,3   0,0  13,0  49,0   08:10   SSW
16  17,9  19,7   00:00  15,0   23:45   0,6   0,2   6,0   5,0  27,0   12:46     N
17  14,5  15,5   00:59  13,8   03:55   3,8   0,0 133,0   3,7  23,0   09:52    NW
18  18,2  21,4   13:46  14,8   06:05   1,1   0,9   0,5   2,9  23,0   16:14   NNE
19  20,6  24,3   11:15  17,3   04:47   0,2   2,5   0,0   3,2  17,0   11:39     N
20  21,9  26,9   16:34  18,6   05:53   0,0   3,6   0,0   3,0  33,0   18:25   ENE
21  18,9  21,5   13:00  15,3   22:40   0,4   1,1   0,0   5,0  28,0   22:14   NNW
22  17,3  20,2   15:29  14,9   05:52   1,3   0,3   1,5   7,5  36,0   18:17    NW
23  17,9  22,3   12:53  14,7   06:32   1,1   0,8   0,0   4,4  36,0   12:53     S
24  17,9  21,0   12:17  15,7   06:12   0,9   0,5   0,0   6,0  28,0   14:49   WNW
25  18,9  21,6   14:33  16,0   05:41   0,5   1,1   0,0   3,7  22,0   11:56   ENE
26  17,0  18,5   08:09  15,5   13:43   1,3   0,0  11,0   2,3  16,0   13:07     E
27  17,7  20,6   14:48  14,8   04:31   1,1   0,5   5,5   6,0  31,0   17:12   NNW
28  18,7  21,6   15:05  16,4   04:29   0,5   0,9   0,5   7,5  33,0   15:46    NW
29  19,6  23,7   14:57  15,9   05:29   0,5   1,9   0,0   3,8  18,0   14:09    NW
30  19,8  23,6   12:56  17,0   06:36   0,2   1,7   0,0   2,9  18,0   12:31   ESE
31  20,6  24,2   13:36  18,5   06:33   0,0   2,3   0,0   3,2  21,0   14:14   ESE
----------------------------------------------------------------------------------
    20,0  33,3    15    13,8     1    22,8  69,3 158,0   4,4  49,0    15     NNW

Max >=  20,0: 28
Max <=  19,9:  3
Min <=  10,0:  0
Min <=   4,0:  0
Max Rain: 133,0 on day 17
Days of Rain: 7 (>= 0,3 mm)  3 (>= 6,0 mm)  1 (>= 20,0 mm)
Heat Base: 18,3  Cool Base: 18,3  Method: Integration