Report per 2015 Giugno
                   Monthly Climatological Summary for giu 2015

Name: Meteo Bagheria Centro   City: Bagheria   State: Italia
Elevation: 88 m  Lat: N 38 04' 37"   Lon: E 013 30' 15"

                  Temperature (C), Rain (mm), Wind Speed (km/h)

                                      Heat  Cool        Avg
    Mean                              Deg   Deg         Wind                 Dom
Day Temp  High   Time   Low    Time   Days  Days  Rain  Speed High   Time    Dir
----------------------------------------------------------------------------------
 1  20,5  23,6   12:18  17,6   04:36   0,1   2,2   0,0   3,2  22,0   15:27   ESE
 2  21,0  24,3   16:07  17,7   06:13   0,0   2,7   0,0   2,7  15,0   09:33     E
 3  22,1  25,6   13:13  19,5   01:45   0,0   3,8   0,0   2,6  16,0   13:15   NNE
 4  22,3  25,7   14:53  19,4   04:25   0,0   4,0   0,0   2,9  16,0   16:58   ESE
 5  22,8  26,0   11:41  20,0   06:18   0,0   4,5   0,0   2,5  16,0   15:33   NNE
 6  22,8  25,7   18:28  20,6   05:06   0,0   4,5   0,0   3,8  28,0   16:52   ESE
 7  23,5  26,6   15:06  20,5   05:24   0,0   5,2   0,0   3,0  22,0   23:36   NNE
 8  23,1  26,2   16:19  19,1   00:24   0,0   4,8   0,0   4,0  24,0   00:11   ENE
 9  23,3  27,7   13:19  20,6   03:53   0,0   5,0   0,0   3,2  17,0   15:01     E
10  23,1  26,1   12:49  20,5   06:40   0,0   4,8   0,0   3,8  18,0   13:18   ESE
11  23,4  26,8   13:08  20,5   05:38   0,0   5,1   0,0   3,6  17,0   14:25   ESE
12  24,5  28,0   14:19  21,5   05:21   0,0   6,2   0,0   4,1  22,0   23:10   ESE
13  26,5  29,3   14:49  24,4   06:08   0,0   8,2   0,0   8,7  45,0   01:43     S
14  24,8  28,0   14:15  22,2   22:35   0,0   6,6   0,0   6,5  39,0   01:30     S
15  24,0  27,1   12:07  21,4   05:49   0,0   5,7   0,0   3,7  18,0   16:56     E
16  23,8  26,7   15:13  21,5   04:26   0,0   5,6   0,0   3,7  19,0   12:57     E
17  22,6  25,0   13:23  20,6   23:37   0,0   4,3   0,0   8,2  38,0   12:13    NW
18  21,1  24,1   14:50  18,3   08:24   0,0   2,8  19,5   8,7  42,0   11:56    NW
19  22,2  25,2   13:44  18,9   05:43   0,0   3,9   0,0   4,3  17,0   11:42     E
20  22,7  25,9   14:35  19,7   03:53   0,0   4,4   0,0   4,4  19,0   13:02    SE
21  22,5  24,7   14:42  20,7   03:26   0,0   4,2   0,0   7,0  26,0   10:30    NW
22  23,1  26,7   12:18  20,4   03:03   0,0   4,8   0,0   3,6  22,0   14:49   NNE
23  24,6  28,2   14:34  20,7   04:43   0,0   6,5   0,0   4,1  17,0   10:24    SE
24  25,3  28,8   13:01  22,3   23:47   0,0   7,0   0,0   5,4  30,0   09:54     S
25  23,4  26,2   11:38  21,2   06:02   0,0   5,1   0,0   3,2  27,0   12:37    NE
26  22,8  24,7   11:22  20,8   05:37   0,0   4,6   0,0   7,8  31,0   15:07    NW
27  22,9  25,6   13:37  20,4   05:02   0,0   4,7   0,0   6,5  27,0   19:21    NW
28  23,8  27,7   14:33  20,0   05:53   0,0   5,5   0,0   3,6  17,0   13:53   ESE
29  24,6  27,9   12:15  21,2   05:41   0,0   6,3   0,0   3,2  19,0   15:45   ESE
30  25,0  28,1   12:53  21,6   05:34   0,0   6,7   0,0   3,3  18,0   15:18   ESE
----------------------------------------------------------------------------------
    23,3  29,3    13    17,6     1     0,1 149,7  19,5   4,5  45,0    13       E

Max >=  20,0: 30
Max <=  19,9:  0
Min <=  10,0:  0
Min <=   4,0:  0
Max Rain: 19,5 on day 18
Days of Rain: 1 (>= 0,3 mm)  1 (>= 6,0 mm)  0 (>= 20,0 mm)
Heat Base: 18,3  Cool Base: 18,3  Method: Integration