Report per 2015 Luglio
                   Monthly Climatological Summary for lug 2015

Name: Meteo Bagheria Centro   City: Bagheria   State: Italia
Elevation: 88 m  Lat: N 38 04' 37"   Lon: E 013 30' 15"

                  Temperature (C), Rain (mm), Wind Speed (km/h)

                                      Heat  Cool        Avg
    Mean                              Deg   Deg         Wind                 Dom
Day Temp  High   Time   Low    Time   Days  Days  Rain  Speed High   Time    Dir
----------------------------------------------------------------------------------
 1  25,0  27,9   13:43  22,3   03:21   0,0   6,7   0,0   3,0  19,0   14:46     E
 2  25,6  30,2   12:12  22,6   05:38   0,0   7,3   0,0   3,0  21,0   12:57   ESE
 3  25,9  30,0   12:26  22,2   06:26   0,0   7,6   0,0   3,2  18,0   16:13     E
 4  26,0  29,7   14:23  22,9   02:43   0,0   7,7   0,0   3,2  17,0   15:06   ENE
 5  27,1  30,0   10:21  24,5   04:47   0,0   8,8   0,0   2,7  18,0   14:16     E
 6  26,9  29,7   13:57  24,4   05:21   0,0   8,6   0,0   3,6  19,0   17:50     E
 7  26,3  29,2   14:56  24,0   04:38   0,0   8,0   0,0   3,7  22,0   12:54   ESE
 8  26,5  29,7   12:28  23,4   06:31   0,0   8,2   0,0   3,4  21,0   15:21     E
 9  27,1  30,0   15:03  24,4   05:09   0,0   8,8   0,0   4,1  19,0   07:39     E
10  26,0  29,9   12:42  23,7   05:03   0,0   7,7   0,0   4,5  22,0   15:18     N
11  26,3  28,8   15:06  24,2   06:16   0,0   8,0   0,0   4,2  22,0   14:51   NNW
12  26,5  29,4   15:03  24,5   05:41   0,0   8,2   0,0   3,9  21,0   12:47   NNW
13  27,2  30,1   15:39  24,0   05:41   0,0   8,9   0,0   3,3  19,0   13:04   ESE
14  27,2  29,7   12:32  24,6   06:39   0,0   8,9   0,0   3,5  18,0   11:55     E
15  27,6  31,1   11:46  24,8   06:35   0,0   9,3   0,0   3,4  21,0   12:54   ESE
16  28,3  31,0   13:21  25,7   06:21   0,0  10,0   0,0   3,2  18,0   15:20     E
17  28,7  32,1   14:07  26,0   05:20   0,0  10,4   0,0   3,2  17,0   12:20     E
18  29,4  33,9   15:08  26,4   03:29   0,0  11,1   0,0   2,8  16,0   16:45   ENE
19  29,5  33,1   12:39  27,1   04:53   0,0  11,2   0,0   2,9  16,0   13:07   ESE
20  29,2  32,7   12:40  26,3   05:36   0,0  10,9   0,0   2,8  18,0   14:13     E
21  28,6  31,2   12:25  25,9   05:35   0,0  10,3   0,0   3,4  22,0   14:21   ESE
22  28,3  31,7   14:16  25,6   06:11   0,0  10,0   0,0   3,5  19,0   14:46    NE
23  27,2  30,1   13:14  25,2   23:27   0,0   8,9   0,0   4,5  27,0   18:17    NW
24  27,7  31,4   12:16  24,7   02:07   0,0   9,4   0,0   3,2  21,0   13:46   NNE
25  27,7  30,8   14:23  25,3   06:42   0,0   9,6   0,0   4,7  23,0   15:23    NW
26  28,1  31,9   14:22  25,4   05:59   0,0   9,8   0,0   4,3  23,0   15:43   NNW
27  27,5  29,7   14:56  25,4   06:08   0,0   9,2   0,0   5,2  24,0   14:12    NW
28  27,9  31,1   13:33  25,6   01:49   0,0   9,6   0,0   3,9  22,0   16:45     N
29  28,4  31,9   14:07  25,3   06:20   0,0  10,1   0,0   3,6  19,0   12:18   ESE
30  28,3  31,1   12:13  25,8   05:41   0,0  10,2   0,0   3,8  17,0   08:25   ESE
31  30,7  35,6   12:49  27,6   00:00   0,0  12,4   0,0   3,8  21,0   13:56   ENE
----------------------------------------------------------------------------------
    27,5  35,6    31    22,2     3     0,0 285,8   0,0   3,6  27,0    23     ENE

Max >=  20,0: 31
Max <=  19,9:  0
Min <=  10,0:  0
Min <=   4,0:  0
Max Rain: 0,0 on day 0
Days of Rain: 0 (>= 0,3 mm)  0 (>= 6,0 mm)  0 (>= 20,0 mm)
Heat Base: 18,3  Cool Base: 18,3  Method: Integration