Report per 2015 Agosto
                   Monthly Climatological Summary for ago 2015

Name: Meteo Bagheria Centro   City: Bagheria   State: Italia
Elevation: 88 m  Lat: N 38 04' 37"   Lon: E 013 30' 15"

                  Temperature (C), Rain (mm), Wind Speed (km/h)

                                      Heat  Cool        Avg
    Mean                              Deg   Deg         Wind                 Dom
Day Temp  High   Time   Low    Time   Days  Days  Rain  Speed High   Time    Dir
----------------------------------------------------------------------------------
 1  29,3  33,4   12:44  26,2   06:43   0,0  10,9   0,0   3,5  19,0   17:02     E
 2  29,5  34,1   14:50  27,0   06:28   0,0  11,2   0,0   3,8  23,0   16:18   NNE
 3  28,2  30,3   14:20  26,8   05:55   0,0   9,9   0,0   5,6  28,0   15:29   NNW
 4  27,8  30,1   12:38  26,0   05:02   0,0   9,5   0,0   4,8  22,0   09:46   NNW
 5  27,9  30,4   12:54  25,2   05:05   0,0   9,5   0,0   4,0  22,0   15:20    NW
 6  28,2  31,9   14:17  25,8   04:36   0,0   9,9   0,0   3,7  21,0   15:40    NW
 7  28,7  32,3   13:48  26,3   03:44   0,0  10,5   0,0   3,4  22,0   14:31     N
 8  29,0  32,3   12:20  25,9   22:25   0,0  10,9   0,0   4,3  42,0   21:12     E
 9  28,7  31,9   15:15  26,6   06:17   0,0  10,4   0,0   3,3  19,0   12:09   NNW
10  27,3  30,7   13:18  23,1   19:44   0,0   9,0   8,0   4,1  28,0   17:12    SE
11  24,3  26,8   09:09  20,6   10:57   0,0   6,0  28,5   4,5  28,0   10:17   SSW
12  23,5  26,8   14:53  21,0   00:35   0,0   5,2  26,0   4,3  22,0   15:21    NW
13  25,9  29,2   15:46  23,0   00:52   0,0   7,6   0,0   3,4  19,0   00:31   NNW
14  27,1  31,2   14:26  24,1   05:00   0,0   8,8   0,0   3,4  17,0   15:47    NW
15  27,4  30,4   13:44  24,7   07:13   0,0   9,1   0,0   3,6  22,0   14:57     N
16  26,1  29,5   16:06  24,1   23:42   0,0   7,8   0,0   5,6  30,0   11:19    SW
17  24,5  27,2   11:14  22,0   06:52   0,0   6,2   0,0   7,0  30,0   13:21   WNW
18  25,3  29,2   13:44  21,8   05:37   0,0   7,4   0,0   3,9  19,0   14:23    SE
19  26,7  30,9   13:46  24,4   03:26   0,0   8,4   0,0   4,9  26,0   20:34    NW
20  25,6  28,2   15:46  23,8   06:04   0,0   7,3   0,0   4,0  23,0   11:10   NNW
21  25,1  27,6   13:21  22,8   07:12   0,0   6,8   0,0   5,2  28,0   16:39   NNW
22  25,3  27,7   14:31  23,3   06:26   0,0   7,0   0,0   4,1  24,0   12:55   NNW
23  25,3  28,9   14:36  22,2   04:55   0,0   7,0   0,0   4,0  18,0   17:31   ESE
24  27,0  31,4   11:49  23,8   05:56   0,0   8,7   0,0   3,5  17,0   17:20   ESE
25  27,0  30,5   13:41  24,9   23:45   0,0   8,7   0,0   5,2  32,0   07:59   NNW
26  26,2  29,1   14:39  24,4   05:25   0,0   7,9   0,0   3,6  22,0   12:20     E
27  26,1  28,8   14:13  23,8   05:07   0,0   7,8   0,0   3,5  22,0   11:58     E
28  26,7  30,0   13:09  24,7   03:55   0,0   8,4   0,0   2,8  17,0   13:47     E
29  26,9  30,2   14:51  24,5   06:41   0,0   8,6   0,0   3,2  17,0   12:29   ESE
30  27,1  30,9   14:44  24,4   05:18   0,0   8,8   0,0   3,0  15,0   13:36   ESE
31  27,0  30,9   12:53  24,7   04:22   0,0   8,7   0,0   2,7  17,0   15:24   ESE
----------------------------------------------------------------------------------
    26,8  34,1     2    20,6    11     0,0 263,9  62,5   4,1  42,0     8       N

Max >=  20,0: 31
Max <=  19,9:  0
Min <=  10,0:  0
Min <=   4,0:  0
Max Rain: 28,5 on day 11
Days of Rain: 3 (>= 0,3 mm)  3 (>= 6,0 mm)  2 (>= 20,0 mm)
Heat Base: 18,3  Cool Base: 18,3  Method: Integration