Report per 2015 Settembre
                   Monthly Climatological Summary for set 2015

Name: Meteo Bagheria Centro   City: Bagheria   State: Italia
Elevation: 88 m  Lat: N 38 04' 37"   Lon: E 013 30' 15"

                  Temperature (C), Rain (mm), Wind Speed (km/h)

                                      Heat  Cool        Avg
    Mean                              Deg   Deg         Wind                 Dom
Day Temp  High   Time   Low    Time   Days  Days  Rain  Speed High   Time    Dir
----------------------------------------------------------------------------------
 1  26,3  29,3   11:57  24,7   07:09   0,0   8,0   0,0   3,6  23,0   13:12   NNW
 2  26,2  29,7   14:50  23,4   06:41   0,0   7,9   0,0   2,8  16,0   14:42   ESE
 3  26,9  30,3   15:01  24,6   05:40   0,0   8,6   0,0   3,3  21,0   15:36     N
 4  27,8  31,6   13:14  24,9   05:37   0,0   9,5   0,0   2,8  17,0   15:50     E
 5  29,4  35,4   13:05  26,2   22:10   0,0  11,1   0,0   7,9  42,0   16:16   WSW
 6  26,6  29,4   13:58  24,9   04:28   0,0   8,3   0,0   3,6  21,0   03:15    NE
 7  25,2  27,2   15:20  23,9   04:57   0,0   7,0   2,5   3,9  18,0   02:16    NE
 8  24,9  27,2   12:14  23,5   03:45   0,0   6,6   0,0   3,4  18,0   12:08   ESE
 9  22,1  24,6   00:07  20,1   12:43   0,0   3,8  71,5   4,5  19,0   05:10     S
10  21,7  25,3   15:14  18,6   03:51   0,0   3,4  36,0   7,6  37,0   06:26    NW
11  22,0  25,2   15:13  19,1   05:34   0,0   3,7   0,0   4,4  23,0   14:24     W
12  22,9  26,6   15:03  20,1   06:09   0,0   4,6   0,0   3,1  18,0   12:43   ESE
13  24,4  28,4   14:12  21,7   05:27   0,0   6,1   0,0   3,2  17,0   23:54    SE
14  27,4  33,8   15:12  23,4   02:34   0,0   9,1   0,0   7,2  32,0   05:38   SSW
15  27,1  29,7   14:24  25,1   07:35   0,0   8,8   0,0   4,7  23,0   04:45   SSE
16  29,1  33,7   11:55  26,8   05:50   0,0  10,8   0,0   4,7  30,0   03:51   SSW
17  29,3  33,3   10:47  27,1   20:10   0,0  11,0   0,0   4,3  21,0   06:27   SSW
18  28,0  31,1   14:52  25,9   23:30   0,0   9,7   0,0   2,8  13,0   12:56   ESE
19  26,1  29,0   14:44  24,5   06:15   0,0   7,8   0,0   3,0  16,0   11:17    NE
20  23,8  27,7   13:44  20,3   22:42   0,0   5,5   0,5   8,6  38,0   23:23    NW
21  21,8  25,2   15:25  19,0   04:13   0,0   3,5   6,0  10,3  43,0   10:42    NW
22  22,4  25,0   14:40  20,5   01:20   0,0   4,1   0,0   8,4  33,0   08:34    NW
23  22,2  26,0   13:48  19,1   06:56   0,0   3,9   0,0   3,6  17,0   13:48   SSE
24  21,4  23,6   13:32  18,8   23:15   0,0   3,1   0,5   6,8  31,0   12:41   WNW
25  20,5  23,9   14:26  18,3   05:29   0,0   2,2   0,0   6,4  26,0   13:45   WNW
26  20,6  23,2   12:21  18,6   06:59   0,0   2,3   0,0   4,9  24,0   15:56   WNW
27  20,8  24,8   13:44  18,5   05:32   0,0   2,5   7,0   3,7  21,0   14:46    SW
28  20,2  23,2   14:41  18,1   19:56   0,0   1,9  13,0   3,5  21,0   12:36   WNW
29  20,1  23,7   15:14  18,0   05:01   0,0   1,9   8,5   4,0  17,0   13:47     W
30  20,8  24,1   13:09  18,0   06:20   0,0   2,5   0,0   3,9  32,0   23:13     S
----------------------------------------------------------------------------------
    24,3  35,4     5    18,0    29     0,0 179,2 145,5   4,8  43,0    21       W

Max >=  20,0: 30
Max <=  19,9:  0
Min <=  10,0:  0
Min <=   4,0:  0
Max Rain: 71,5 on day 9
Days of Rain: 9 (>= 0,3 mm)  6 (>= 6,0 mm)  2 (>= 20,0 mm)
Heat Base: 18,3  Cool Base: 18,3  Method: Integration