Report per 2015 Ottobre
                   Monthly Climatological Summary for ott 2015

Name: Meteo Bagheria Centro   City: Bagheria   State: Italia
Elevation: 88 m  Lat: N 38 04' 37"   Lon: E 013 30' 15"

                  Temperature (C), Rain (mm), Wind Speed (km/h)

                                      Heat  Cool        Avg
    Mean                              Deg   Deg         Wind                 Dom
Day Temp  High   Time   Low    Time   Days  Days  Rain  Speed High   Time    Dir
----------------------------------------------------------------------------------
 1  21,4  24,2   14:46  20,0   06:20   0,0   3,1   0,5   6,4  36,0   00:41     S
 2  21,4  24,8   14:44  19,8   06:30   0,0   3,1   3,5   4,0  34,0   02:48     S
 3  21,1  24,2   13:45  18,6   05:45   0,0   2,8   0,0   2,5  16,0   13:51   ESE
 4  21,3  24,4   15:29  19,1   06:44   0,0   3,0   0,0   3,4  18,0   05:14     S
 5  23,0  27,2   13:16  20,5   00:15   0,0   4,7   0,0   3,3  18,0   09:01   SSW
 6  24,4  28,6   16:11  21,0   06:16   0,0   6,1   0,0   2,0  19,0   23:50   SSW
 7  23,7  26,9   13:22  21,0   23:53   0,0   5,4   0,0   6,8  34,0   13:27     W
 8  21,2  24,6   12:29  19,1   07:01   0,0   2,9   0,0   4,0  18,0   09:08    SW
 9  20,7  23,0   15:00  18,9   07:21   0,0   2,4   0,5   2,5  23,0   15:14   ESE
10  20,7  23,6   04:58  17,5   07:33   0,1   2,5  30,0   8,0  55,0   06:27   SSW
11  19,1  22,3   14:15  16,7   07:13   0,3   1,1   6,0   5,3  30,0   10:11   WNW
12  19,9  23,8   12:25  17,1   06:14   0,3   1,9   0,0   3,6  18,0   23:16     S
13  22,8  28,1   14:20  20,0   00:00   0,0   4,5   0,0  10,3  46,0   21:07   SSW
14  23,7  28,3   15:03  19,4   05:36   0,0   5,4   0,0  16,8  56,0   04:43   SSW
15  20,5  23,9   12:54  17,2   05:50   0,1   2,3  93,0   6,2  54,0   04:31   SSW
16  19,6  21,4   15:31  18,3   03:50   0,0   1,3   5,0  ----  13,0   13:16   ENE
17  19,3  22,3   14:50  16,9   07:23   0,3   1,3   0,0  ----  11,0   23:27     S
18  21,0  25,0   13:43  17,9   01:54   0,0   2,7   0,0  ----  28,0   23:04     S
19  22,0  27,6   14:30  19,6   05:51   0,0   3,7   0,0  ----  30,0   01:04   SSW
20  20,7  24,6   14:31  18,3   08:32   0,0   2,4  10,0  ----  23,0   08:39    SW
21  19,2  20,3   09:51  18,3   21:30  13,0   0,8  49,5  ----  50,0   20:10    SW
22  16,5  18,8   02:53  14,5   16:47   5,1   0,0  16,5  ----  55,0   04:22    NW
23  15,3  16,8   15:41  13,2   07:37   3,0   0,0   8,0  ----  39,0   05:15   NNW
24  17,2  20,1   14:43  15,0   04:24   4,5   0,3   0,0  ----  24,0   05:56   NNE
25  16,5  20,0   13:20  14,4   04:12   5,3   0,1   0,0  ----  11,0   02:05   SSE
26  17,7  21,0   13:22  15,0   05:31  10,8   0,5   0,0  ----  17,0   13:18    SE
27  19,1  22,6   12:51  16,9   05:37   3,6   1,2   0,0  ----  19,0   22:30     S
28  19,6  22,8   12:20  17,9   05:33   3,3   1,3   0,0  ----  22,0   02:25     S
29  17,6  20,8   14:18  14,1   23:49   4,1   0,2  14,0  ----  28,0   07:53    SW
30  15,2  18,2   14:10  12,9   05:55   3,2   0,0  15,5  ----  23,0   10:13   WSW
31  16,1  20,8   23:30  14,4   00:00   2,3   0,0  13,0  ----  30,0   21:49     E
----------------------------------------------------------------------------------
    19,9  28,6     6    12,9    30    59,3  67,0 265,0   5,7  56,0    14     SSW

Max >=  20,0: 28
Max <=  19,9:  3
Min <=  10,0:  0
Min <=   4,0:  0
Max Rain: 93,0 on day 15
Days of Rain: 14 (>= 0,3 mm)  10 (>= 6,0 mm)  3 (>= 20,0 mm)
Heat Base: 18,3  Cool Base: 18,3  Method: Integration