Report per 2015 Novembre
                   Monthly Climatological Summary for nov 2015

Name: Meteo Bagheria Centro   City: Bagheria   State: Italia
Elevation: 88 m  Lat: N 38 04' 37"   Lon: E 013 30' 15"

                  Temperature (C), Rain (mm), Wind Speed (km/h)

                                      Heat  Cool        Avg
    Mean                              Deg   Deg         Wind                 Dom
Day Temp  High   Time   Low    Time   Days  Days  Rain  Speed High   Time    Dir
----------------------------------------------------------------------------------
 1  16,4  17,5   13:40  15,4   07:30   1,9   0,0  29,0   9,7  30,0   01:20     E
 2  17,4  20,3   13:20  15,4   07:00   1,2   0,3   0,0   3,5  28,0   22:00   SSE
 3  17,8  20,8   13:21  15,8   05:40   1,0   0,5   0,0   4,1  16,0   03:00     S
 4  17,3  20,4   13:21  15,5   06:51   1,3   0,3   0,0   2,0  12,0   12:19   ESE
 5  17,4  24,3   13:51  15,5   04:18   1,3   0,4   0,0   1,5  15,0   13:51   ESE
 6  16,9  18,8   12:53  15,4   05:34   1,4   0,0   2,5   1,5  12,0   13:27    NW
 7  16,9  19,9   13:21  15,1   05:44   1,5   0,1   4,5   1,8  17,0   13:41    NW
 8  16,7  20,0   14:15  14,8   06:13   1,8   0,2   0,0   1,9  15,0   12:43     W
 9  16,4  19,3   12:30  14,4   05:31   2,0   0,1   0,0   2,7  17,0   14:05   WNW
10  16,9  19,4   13:13  15,5   00:00   1,5   0,1   0,0   1,6  15,0   14:25   NNW
11  16,2  19,0   13:52  14,4   06:34   2,1   0,0   0,0   1,7  15,0   12:25    SE
12  16,6  18,7   13:16  14,4   07:16   1,8   0,0   0,0   2,8  16,0   13:40    SE
13  16,7  18,7   12:48  14,4   05:16   1,7   0,0   0,0   1,9  15,0   04:38   ESE
14  16,9  18,4   13:53  15,0   23:58   1,4   0,0   0,0   1,0  12,0   13:43    NE
15  16,2  18,5   11:40  14,7   00:58   2,2   0,0   0,0   2,8  19,0   12:56     W
16  16,0  18,4   14:23  14,3   23:32   2,3   0,0   0,0   1,3  11,0   11:12     N
17  15,7  18,3   12:57  13,5   06:07   2,5   0,0   0,0   1,4  13,0   13:34     E
18  16,3  18,7   13:35  14,6   03:21   2,0   0,0   0,0   1,2  11,0   12:40     E
19  16,5  18,4   14:10  15,2   07:30   1,8   0,0   0,0   1,4  11,0   13:09   SSE
20  16,2  19,2   13:21  14,3   06:55   2,2   0,1   0,0   2,0  18,0   23:18   SSE
21  17,7  19,5   13:45  15,4   00:00   0,8   0,2   0,0   9,2  45,0   09:32    SW
22  14,1  17,1   00:00  12,5   05:19   4,2   0,0   1,0   4,9  23,0   04:11   WSW
23  13,3  15,4   11:59  12,2   22:07   5,0   0,0   0,0   3,2  23,0   12:14   SSW
24  13,4  16,0   12:28  12,3   04:58   4,9   0,0  10,0   2,3  28,0   16:39   SSE
25  12,8  14,5   12:42  11,1   20:35   5,5   0,0  44,0   9,8  59,0   09:23   WNW
26  11,1  18,4   16:20   9,1   22:56   7,2   0,0  21,0   8,9  37,0   13:53    SW
27   9,5  10,9   22:07   8,4   07:07   8,8   0,0  43,0   6,3  33,0   05:43   WSW
28  12,1  15,0   12:58  10,1   00:00   6,2   0,0   4,0   5,2  27,0   00:52     W
29  12,8  15,8   12:54  11,1   06:41   5,5   0,0   2,5   4,7  31,0   14:24   WNW
30  13,0  15,1   14:43  10,7   02:11   5,3   0,0   0,0   3,4  26,0   11:27     W
----------------------------------------------------------------------------------
    15,4  24,3     5     8,4    27    88,3   2,3 161,5   3,4  59,0    25     WSW

Max >=  20,0:  5
Max <=  19,9: 25
Min <=  10,0:  2
Min <=   4,0:  0
Max Rain: 44,0 on day 25
Days of Rain: 10 (>= 0,3 mm)  5 (>= 6,0 mm)  4 (>= 20,0 mm)
Heat Base: 18,3  Cool Base: 18,3  Method: Integration