Report per 2015 Dicembre
                   Monthly Climatological Summary for dic 2015

Name: Meteo Bagheria Centro   City: Bagheria   State: Italia
Elevation: 88 m  Lat: N 38 04' 37"   Lon: E 013 30' 15"

                  Temperature (C), Rain (mm), Wind Speed (km/h)

                                      Heat  Cool        Avg
    Mean                              Deg   Deg         Wind                 Dom
Day Temp  High   Time   Low    Time   Days  Days  Rain  Speed High   Time    Dir
----------------------------------------------------------------------------------
 1  12,9  16,3   13:22  10,7   06:49   5,3   0,0   0,0   2,8  18,0   14:58    SW
 2  12,8  15,8   12:36  10,9   06:48   5,5   0,0   0,0   1,5  10,0   11:25     S
 3  14,2  17,5   14:13  12,5   00:00   4,1   0,0   0,0   1,7  13,0   14:19   SSE
 4  14,0  16,5   12:38  12,3   06:21   4,3   0,0   0,0   1,8  13,0   08:41   SSW
 5  15,1  18,2   13:26  13,4   23:37   3,2   0,0   0,0   1,7  12,0   10:18    SE
 6  14,9  17,8   13:44  12,5   05:44   6,4   0,0   0,0   1,4  12,0   13:36    SE
 7  14,6  17,2   13:43  12,8   06:23   3,6   0,0   0,0   1,6  11,0   02:42   SSE
 8  14,4  17,5   13:12  12,7   05:43   3,9   0,0   0,0   1,3  10,0   14:35    SE
 9  14,5  17,4   13:30  12,5   07:02   3,8   0,0   3,0   2,7  19,0   17:00   WNW
10  13,3  14,8   11:33  12,6   22:22   5,0   0,0   4,0   4,1  16,0   01:07   WSW
11  13,4  15,5   12:25  12,3   22:52  14,5   0,0   0,0   4,4  24,0   15:36    NW
12  13,0  15,6   13:18  11,0   23:57   5,2   0,0   0,0   2,2  16,0   11:44   WNW
13  11,6  14,5   12:56   9,5   06:42   6,8   0,0   0,0   1,9  15,0   10:35    SE
14  12,2  15,3   13:23   9,8   06:15   6,1   0,0   0,0   2,4  13,0   02:40   SSE
15  12,5  15,6   13:55   9,8   06:44   5,9   0,0   0,0   1,7  13,0   01:18     S
16  12,6  15,1   11:49  10,9   05:40   5,8   0,0   3,5   2,2  26,0   15:28   WNW
17  13,4  15,4   13:48  11,6   00:00   5,0   0,0   0,0   4,2  30,0   03:53     N
18  13,1  15,7   13:02  11,5   23:37   5,2   0,0   0,0   1,5  15,0   13:24    NW
19  13,0  16,7   13:55  10,8   05:01   5,3   0,0   0,0   2,0  13,0   15:04   WSW
20  13,3  15,5   10:59  12,1   05:11   5,0   0,0   2,5   2,6  18,0   13:27   SSW
21  13,2  15,9   12:32  11,3   07:12   5,1   0,0   0,0   2,3  11,0   08:15   SSE
22  13,1  15,8   12:44  11,3   06:12   5,2   0,0   0,0   1,2  13,0   13:12     S
23  13,0  15,9   13:46  11,4   07:39   5,3   0,0   0,0   1,7  10,0   10:53   SSE
24  13,2  16,4   13:59  10,5   06:54   5,1   0,0   0,0   2,2  13,0   07:48     S
25  13,1  15,4   13:36  11,7   08:16   8,3   0,0   0,0   1,8  11,0   14:16    SE
26  12,7  15,4   13:34  11,0   06:25   5,6   0,0   0,0   1,8  11,0   14:34   SSW
27  13,3  15,4   13:03  11,4   00:35   5,1   0,0   0,0   1,2  11,0   13:07   SSW
28  13,1  15,7   13:35  11,4   07:14   5,2   0,0   0,0   1,5  11,0   11:27    SE
29  13,0  15,3   13:31  11,1   01:45   5,3   0,0   0,0   1,7  15,0   13:44    NW
30  13,4  16,0   12:48  12,2   05:14   5,0   0,0   0,0   2,7  21,0   15:26   NNW
31  12,8  15,3   12:23  10,8   05:41   5,5   0,0   0,0   3,1  17,0   13:33     W
----------------------------------------------------------------------------------
    13,3  18,2     5     9,5    13   170,6   0,0  13,0   2,2  30,0    17      SW

Max >=  20,0:  0
Max <=  19,9: 31
Min <=  10,0:  3
Min <=   4,0:  0
Max Rain: 4,0 on day 10
Days of Rain: 4 (>= 0,3 mm)  0 (>= 6,0 mm)  0 (>= 20,0 mm)
Heat Base: 18,3  Cool Base: 18,3  Method: Integration