Report per 2016 Febbraio
                   Monthly Climatological Summary for feb 2016

Name: Meteo Bagheria Centro   City: Bagheria   State: Italia
Elevation: 88 m  Lat: N 38 04' 37"   Lon: E 013 30' 15"

                  Temperature (C), Rain (mm), Wind Speed (km/h)

                                      Heat  Cool        Avg
    Mean                              Deg   Deg         Wind                 Dom
Day Temp  High   Time   Low    Time   Days  Days  Rain  Speed High   Time    Dir
----------------------------------------------------------------------------------
 1  14,1  17,0   13:22  12,5   23:55   4,2   0,0   0,0   1,7  15,0   14:38    SE
 2  13,6  16,9   13:13  11,3   07:21   4,7   0,0   0,0   1,8  13,0   13:49   ESE
 3  13,8  16,7   13:16  11,7   05:03   4,5   0,0   0,0   2,8  15,0   03:02     S
 4  12,3  14,1   00:00  10,6   10:09   6,3   0,0   2,0  14,0  56,0   16:13    NW
 5  12,0  14,5   13:22  10,4   23:48   6,5   0,0   0,0   9,0  43,0   03:05    NW
 6  11,8  15,0   14:16   9,4   07:01   7,0   0,0   0,0   3,6  22,0   21:08   SSE
 7  13,6  17,9   14:13  10,9   00:00   4,8   0,0   0,5  12,3  60,0   21:54     S
 8  13,0  14,4   13:50  11,8   21:47   5,4   0,0   1,5   3,1  33,0   01:13    SW
 9  13,5  17,2   14:07  10,5   05:51   4,8   0,0   0,0   6,9  34,0   21:38   SSW
10  15,5  18,7   14:32  13,3   21:51   2,8   0,0   0,0   8,7  38,0   11:10   WSW
11  15,0  17,2   14:20  13,1   01:22   3,3   0,0   3,0   7,2  38,0   07:07   SSW
12  16,5  19,8   14:13  14,1   00:00   2,0   0,2   1,5   6,9  37,0   23:26    SW
13  17,4  20,0   13:36  10,9   10:17   1,1   0,3   0,0   8,9  46,0   00:30    SW
14  16,8  18,4   15:21  15,7   10:48   0,8   0,0   0,5   9,9  28,0   14:21    SW
15  17,0  21,5   13:21  13,9   05:21   2,1   0,8   0,0   4,8  30,0   13:51   SSW
16  15,9  20,1   16:51  13,8   05:51   2,4   0,0   0,0   3,5  13,0   14:51     S
17  14,0  15,0   00:21  13,2   22:21   4,3   0,0   0,0   4,5  16,0   23:51    NW
18  12,4  14,1   15:11  10,8   08:18   6,0   0,0  17,5  10,7  45,0   10:52    NW
19  12,8  16,2   14:12  10,8   02:52   5,5   0,0   0,0   4,8  22,0   13:25     W
20  12,1  18,0   15:55  10,5   03:47   6,3   0,0   0,0   7,3  40,0   14:46    NW
21  12,3  15,9   14:20   9,7   05:50   6,1   0,0   0,0   2,9  11,0   00:50     S
22  13,3  16,3   14:07  10,7   06:13   5,0   0,0   0,0   2,6  21,0   23:59    SE
23  15,4  19,6   11:37  13,0   00:00   3,0   0,1   5,5   3,3  34,0   08:40    SW
24  14,3  17,2   14:36  12,6   23:16   4,1   0,0   0,5   3,7  27,0   12:17    NW
25  15,4  20,6   14:11  12,0   02:19   3,3   0,3   0,0   7,8  40,0   13:41   SSW
26  14,3  16,9   13:21  12,6   04:21   3,9   0,0   2,0   6,0  24,0   13:21   WNW
27  14,3  16,4   15:54  12,3   02:58   4,1   0,0   0,0  10,0  46,0   22:59   SSE
28  16,6  21,7   13:02  11,8   22:57   2,4   0,7   1,0   9,5  60,0   12:23   SSE
29  13,6  17,7   13:23  11,2   02:44   4,7   0,0   0,5   8,8  38,0   14:58    SW
----------------------------------------------------------------------------------
    14,2  21,7    28     9,4     6   121,4   2,4  36,0   6,6  60,0     7      SW

Max >=  20,0:  5
Max <=  19,9: 24
Min <=  10,0:  2
Min <=   4,0:  0
Max Rain: 17,5 on day 18
Days of Rain: 12 (>= 0,3 mm)  1 (>= 6,0 mm)  0 (>= 20,0 mm)
Heat Base: 18,3  Cool Base: 18,3  Method: Integration