Report per 2016 Marzo
                   Monthly Climatological Summary for mar 2016

Name: Meteo Bagheria Centro   City: Bagheria   State: Italia
Elevation: 88 m  Lat: N 38 04' 37"   Lon: E 013 30' 15"

                  Temperature (C), Rain (mm), Wind Speed (km/h)

                                      Heat  Cool        Avg
    Mean                              Deg   Deg         Wind                 Dom
Day Temp  High   Time   Low    Time   Days  Days  Rain  Speed High   Time    Dir
----------------------------------------------------------------------------------
 1  12,7  16,0   13:07  10,7   06:55   5,6   0,0   2,0   6,3  28,0   11:51   WSW
 2  12,8  15,9   13:49  10,8   06:52   5,5   0,0   1,0   5,9  32,0   14:45   WNW
 3  13,1  15,7   13:37   9,6   08:19   5,2   0,0   6,5   8,3  44,0   08:18   WNW
 4  11,7  15,1   13:55   9,3   23:58   6,6   0,0   6,0   8,5  43,0   05:55   WNW
 5  14,0  18,8   14:17   9,1   00:10   4,3   0,0   0,0  10,3  50,0   13:55     S
 6  13,2  14,9   12:42  11,9   23:19   5,1   0,0   0,0   4,3  28,0   23:52   SSW
 7  12,0  15,9   13:47  10,1   07:04   6,2   0,0   0,5   6,3  30,0   13:58     W
 9  10,7  14,9   10:10   8,6   22:56  16,1   0,0   6,5   5,4  46,0   21:40   WSW
10  10,6  14,5   14:35   8,1   02:07   7,7   0,0   1,5   4,1  37,0   16:25     S
11  11,0  14,3   14:55   8,6   11:09   7,3   0,0   1,0   3,9  50,0   10:13     S
12  10,8  13,4   12:22   8,7   06:34   7,6   0,0  26,0   3,0  19,0   14:10     W
13  11,3  14,3   13:12   9,3   05:53   7,0   0,0   9,5   4,2  33,0   19:46    NW
14  12,0  15,1   11:15  10,2   03:14   6,3   0,0  10,0   3,4  21,0   10:50   WNW
15  12,1  15,4   10:46  10,1   04:56   6,2   0,0   7,5   2,0  19,0   15:27   WSW
16  11,9  15,0   14:16  10,1   06:40   6,5   0,0  13,0   2,0  15,0   12:32   SSE
17  12,3  14,7   12:35  10,2   05:33   6,0   0,0   0,0   1,7  13,0   13:51     W
18  12,5  15,6   13:38  10,6   05:58   5,8   0,0   0,0   5,3  32,0   14:49   WNW
19  12,9  15,6   13:10  11,2   06:31   5,4   0,0   1,0   2,8  16,0   11:54   WNW
20  14,4  18,2   14:06  10,4   06:18   3,9   0,0   0,0   3,7  36,0   22:58   SSE
21  20,8  25,3   13:22  17,6   00:06   0,1   2,6   0,0  19,1  65,0   13:45     S
22  19,5  24,5   15:39   9,7   05:06   0,5   1,7   0,0  10,2  44,0   00:18     S
23  14,5  16,9   00:00  12,7   23:55   3,9   0,0   2,5  15,1  40,0   13:25     W
24  13,2  15,8   10:08  11,5   03:05   5,1   0,0   1,0   8,3  26,0   11:03   WNW
25  12,5  15,7   13:51  10,0   02:07   5,8   0,0   7,5   9,5  31,0   09:31    NW
26  12,9  16,0   11:18  10,5   00:19   5,4   0,0   0,0   6,2  23,0   19:07   WNW
27  13,9  17,9   15:05  11,0   06:24   4,2   0,0   0,0   4,9  18,0   13:21   WNW
28  15,7  19,5   13:33  12,9   00:16   2,6   0,1   0,0   8,1  26,0   09:57    SW
29  16,0  19,4   14:22  13,5   01:13   2,5   0,1   0,0   6,6  19,0   07:55    SE
30  16,9  20,7   14:46  13,2   07:29   1,9   0,5   0,0   5,5  30,0   23:24    SE
31  22,9  28,9   14:43  18,9   00:29   0,0   4,6   0,0  16,2  44,0   10:52     S
----------------------------------------------------------------------------------
    13,7  28,9    31     8,1    10   156,3   9,6 103,0   7,7  65,0    21     WSW

Max >=  20,0:  4
Max <=  19,9: 26
Min <=  10,0: 10
Min <=   4,0:  0
Max Rain: 26,0 on day 12
Days of Rain: 17 (>= 0,3 mm)  9 (>= 6,0 mm)  1 (>= 20,0 mm)
Heat Base: 18,3  Cool Base: 18,3  Method: Integration