Report per 2016 Maggio
                   Monthly Climatological Summary for mag 2016

Name: Meteo Bagheria Centro   City: Bagheria   State: Italia
Elevation: 88 m  Lat: N 38 04' 37"   Lon: E 013 30' 15"

                  Temperature (C), Rain (mm), Wind Speed (km/h)

                                      Heat  Cool        Avg
    Mean                              Deg   Deg         Wind                 Dom
Day Temp  High   Time   Low    Time   Days  Days  Rain  Speed High   Time    Dir
----------------------------------------------------------------------------------
 1  16,7  18,9   04:22  14,4   23:36   1,7   0,1   6,5   8,5  24,0   04:15    NW
 2  13,7  15,8   15:20  11,9   10:41   4,6   0,0   7,5  11,6  34,0   10:22     W
 3  15,8  18,9   14:51  12,2   00:00   2,5   0,0   1,0  16,0  45,0   09:27    NW
 4  17,0  20,2   14:14  14,6   06:07   1,5   0,3   0,0  10,2  30,0   11:29   WNW
 5  17,5  21,2   12:39  14,5   05:35   1,4   0,6   0,0   5,7  21,0   14:12   ESE
 6  17,8  21,2   14:27  14,4   05:27   1,1   0,6   0,0   5,8  19,0   15:07   ESE
 7  17,8  21,7   11:02  14,7   23:41   1,1   0,6   4,5   7,4  21,0   15:40   SSE
 8  17,4  20,8   13:14  14,4   00:54   1,4   0,4   1,0   5,5  17,0   12:52   ESE
 9  19,6  22,6   12:26  16,1   05:19   0,5   1,7   0,0   7,0  26,0   23:30   ESE
10  22,6  26,8   11:46  18,3   05:52   0,0   4,3   0,0  10,6  44,0   23:11   SSE
11  22,5  24,7   12:44  19,1   23:30   0,0   4,2   1,0  16,0  55,0   05:30   SSW
12  19,2  21,8   16:06  16,9   23:58   0,1   1,0  51,0  10,3  39,0   14:43    NW
13  19,8  24,8   13:27  16,0   04:51   0,6   2,1   0,0  10,4  30,0   19:11   WSW
14  19,6  23,7   15:35  15,9   06:07   0,5   1,9   0,0  12,4  36,0   14:06   WSW
15  20,7  24,8   14:58  17,5   00:26   0,1   2,5   0,0  13,8  37,0   11:50     W
16  19,3  21,8   12:43  16,6   06:15   0,2   1,2   0,0  10,6  37,0   14:21    NW
17  19,0  23,2   11:56  15,9   05:43   0,7   1,3   0,0   9,6  26,0   15:11     W
18  19,2  22,3   13:40  16,2   03:38   0,5   1,5   0,0   6,3  21,0   13:59   ESE
19  19,8  24,6   14:49  17,8   23:50   0,0   1,5   1,5   6,7  22,0   15:19     W
20  18,0  20,1   13:53  16,6   18:41   0,6   0,3   0,0  15,2  44,0   18:27    NW
21  18,8  21,9   14:41  16,0   05:42   0,6   1,1   0,0  13,1  38,0   00:12   NNW
22  21,0  25,2   13:22  17,5   02:54   0,1   2,8   0,0   5,0  16,0   13:38     E
23  22,7  29,6   14:38  19,6   00:59   0,0   4,5   0,0  11,3  42,0   16:34   WSW
24  19,5  23,8   13:34  17,4   23:30   0,1   1,3   0,0   9,3  30,0   12:26    NW
25  19,8  23,2   14:19  16,5   03:18   0,4   1,9   0,0   6,4  19,0   16:30     E
26  20,9  24,2   15:57  17,8   03:54   3,3   2,6   0,0   5,2  16,0   10:50     E
27  23,9  29,3   15:41  19,7   06:49   0,0   5,6   0,0   5,9  19,0   14:50   ENE
28  22,1  26,6   09:41  20,1   22:29   0,0   3,8   0,0   8,2  36,0   10:37   NNW
29  21,5  25,2   15:17  19,4   03:44   0,0   3,2   0,0   7,7  36,0   07:47   ENE
30  21,4  24,0   11:24  19,6   23:57   0,0   3,1   0,0   8,8  36,0   15:09   NNW
31  21,1  24,1   11:25  17,6   05:48   0,0   2,9   0,0   6,4  18,0   13:57   ESE
----------------------------------------------------------------------------------
    19,5  29,6    23    11,9     2    23,6  58,9  74,0   9,3  55,0    11     WNW

Max >=  20,0: 28
Max <=  19,9:  3
Min <=  10,0:  0
Min <=   4,0:  0
Max Rain: 51,0 on day 12
Days of Rain: 8 (>= 0,3 mm)  3 (>= 6,0 mm)  1 (>= 20,0 mm)
Heat Base: 18,3  Cool Base: 18,3  Method: Integration