Report per 2016 Giugno
                   Monthly Climatological Summary for giu 2016

Name: Meteo Bagheria Centro   City: Bagheria   State: Italia
Elevation: 88 m  Lat: N 38 04' 37"   Lon: E 013 30' 15"

                  Temperature (C), Rain (mm), Wind Speed (km/h)

                                      Heat  Cool        Avg
    Mean                              Deg   Deg         Wind                 Dom
Day Temp  High   Time   Low    Time   Days  Days  Rain  Speed High   Time    Dir
----------------------------------------------------------------------------------
 1  20,4  22,6   14:56  17,1   07:50   0,1   2,1   6,5   5,5  22,0   15:18    NW
 2  20,5  24,3   14:48  17,9   04:43   0,0   2,3   0,0   6,6  21,0   12:41    NW
 3  21,1  24,5   13:12  17,9   05:31   0,0   2,9   0,0   5,9  17,0   12:34     E
 4  22,2  25,2   14:24  19,1   05:38   0,0   3,9   0,0   5,7  17,0   11:43     E
 5  21,9  24,4   14:31  19,5   07:15   0,0   3,6   3,5   5,8  26,0   06:56   ESE
 6  22,6  26,2   13:58  19,3   04:21   0,0   4,3   0,0   5,3  17,0   13:43   ESE
 7  23,0  26,3   15:13  19,9   06:06   0,0   4,7   0,0   5,5  17,0   12:07   NNE
 8  23,2  26,1   11:49  20,5   04:57   0,0   4,9   0,0   5,8  18,0   12:59     E
 9  22,8  26,0   12:33  20,2   05:49   0,0   4,5   0,0   5,4  22,0   12:57     E
10  23,5  27,4   12:51  21,0   04:51   0,0   5,2   0,0   8,2  24,0   04:09   WSW
11  23,3  26,5   15:07  20,6   06:20   0,0   5,0   0,0   6,2  23,0   13:27   NNE
12  25,3  31,8   13:21  22,2   00:14   0,0   7,0   0,0   8,7  34,0   14:43   SSW
13  23,8  26,8   17:34  21,4   08:40   0,0   5,5   0,0  10,6  32,0   08:25    NW
14  24,9  29,1   15:42  21,0   06:14   0,0   6,6   0,0  10,9  31,0   13:20    NW
15  25,2  28,8   12:06  22,1   06:10   0,0   6,9   0,0   8,9  23,0   13:00   ESE
16  32,3  41,0   15:01  23,7   00:06   0,0  14,0   0,0  21,7  61,0   07:26     S
17  24,1  28,4   11:17  22,4   22:07   0,0   5,8   0,0   7,5  28,0   12:14   ENE
19  22,0  25,4   16:07  19,9   23:35   3,2   2,8   5,0  10,6  38,0   17:25    NW
20  21,5  24,4   10:55  19,0   02:27   0,0   3,2   0,0   9,4  33,0   15:07    NW
21  22,7  25,3   14:59  20,2   06:11   0,0   4,3   1,0   5,9  19,0   12:59    NE
22  22,8  26,2   15:20  20,1   23:43   0,0   4,5  21,5   5,9  21,0   19:07   ENE
23  21,3  24,7   15:16  17,6   04:41   0,0   3,0  53,5   4,8  19,0   15:48    NW
24  23,4  27,1   15:47  20,2   08:05   0,0   5,1   6,0   4,3  19,0   13:43   NNW
25  25,3  29,2   15:12  22,2   05:28   0,0   7,0   0,0   5,8  19,0   11:51     N
26  26,6  30,1   14:23  24,1   04:25   0,0   8,4   0,0   5,3  16,0   10:39     E
27  27,3  31,6   14:38  24,6   06:19   0,0   9,0   0,0   5,3  24,0   15:34   NNE
28  24,9  26,5   10:10  22,9   21:07   0,0   6,6   0,0   9,0  32,0   12:08   NNW
29  24,4  27,4   15:47  21,1   06:29   0,0   6,1   0,0   6,4  17,0   14:43   ESE
30  25,7  30,5   14:21  22,6   04:43   0,0   7,4   0,0   6,1  21,0   14:48     E
----------------------------------------------------------------------------------
    23,7  41,0    16    17,1     1     3,3 156,6  97,0   7,3  61,0    16     NNE

Max >=  20,0: 29
Max <=  19,9:  0
Min <=  10,0:  0
Min <=   4,0:  0
Max Rain: 53,5 on day 23
Days of Rain: 7 (>= 0,3 mm)  4 (>= 6,0 mm)  2 (>= 20,0 mm)
Heat Base: 18,3  Cool Base: 18,3  Method: Integration