Report per 2016 Luglio
                   Monthly Climatological Summary for lug 2016

Name: Meteo Bagheria Centro   City: Bagheria   State: Italia
Elevation: 88 m  Lat: N 38 04' 37"   Lon: E 013 30' 15"

                  Temperature (C), Rain (mm), Wind Speed (km/h)

                                      Heat  Cool        Avg
    Mean                              Deg   Deg         Wind                 Dom
Day Temp  High   Time   Low    Time   Days  Days  Rain  Speed High   Time    Dir
----------------------------------------------------------------------------------
 1  26,3  29,6   12:19  23,4   04:51   0,0   8,0   0,0   5,7  19,0   12:54     E
 2  26,7  30,1   16:12  23,9   06:15   0,0   8,5   0,0   5,6  17,0   16:41     E
 3  26,8  30,5   13:55  23,9   04:54   0,0   8,5   0,0   5,5  17,0   14:12     E
 4  26,2  29,0   11:50  23,7   06:34   0,0   7,9   0,0   6,1  21,0   14:53     E
 5  26,2  29,3   17:13  23,6   06:11   0,0   7,9   0,0   5,8  18,0   15:59     E
 6  26,6  30,4   12:58  24,0   05:51   0,0   8,3   0,0   6,3  19,0   15:46    NE
 7  26,6  29,6   14:42  24,3   05:52   0,0   8,3   0,0   6,2  22,0   14:23     E
 8  26,7  30,0   16:23  23,7   06:07   0,0   8,4   0,0   5,4  17,0   13:47     E
 9  27,2  30,7   15:10  24,5   03:35   0,0   8,9   0,0   5,9  18,0   15:16   ESE
10  27,3  30,7   14:45  24,9   04:10   0,0   9,0   0,0   6,0  17,0   16:35   ESE
11  27,7  31,1   15:43  24,9   06:10   0,0   9,4   0,0   5,6  17,0   13:05     E
12  28,1  31,2   11:29  25,4   06:24   0,0   9,8   0,0   5,6  18,0   15:43     E
13  28,8  32,1   12:57  26,1   05:47   0,0  10,5   0,0   5,2  21,0   17:04    NE
14  25,9  27,9   14:42  23,6   23:46   0,0   7,6   0,5  10,2  30,0   15:01   NNW
15  23,2  25,5   15:31  21,7   21:35   0,0   4,9   0,0  16,4  53,0   16:46   WNW
16  22,3  24,2   12:55  21,1   04:22   0,0   4,0   0,0  20,0  45,0   15:03    NW
17  22,8  25,6   12:09  19,8   04:31   0,0   4,5   0,0   9,8  31,0   11:28    NW
18  23,5  26,2   15:27  21,2   06:23   0,0   5,2   0,0   6,6  22,0   10:38   NNW
19  25,0  28,5   11:53  22,3   01:51   0,0   6,7   0,0   6,8  23,0   14:39   NNW
20  25,7  29,6   14:47  23,6   06:20   0,0   7,4   0,0   5,7  21,0   10:13   NNW
21  27,4  31,8   14:07  23,7   03:03   0,0   9,1   0,0   4,9  17,0   14:51   ENE
22  28,1  31,8   14:27  25,1   05:36   0,0   9,8   0,0   4,9  17,0   12:14   ESE
23  27,8  31,3   14:35  25,7   06:39   0,0   9,5   0,0   5,4  22,0   14:40    NE
24  26,4  29,1   13:55  24,6   23:43   0,0   8,1   0,0   6,2  21,0   14:35   NNE
25  25,6  30,0   11:50  23,1   21:48   0,0   7,3   0,5   9,7  27,0   11:07   WNW
26  24,8  27,0   14:19  23,0   03:13   0,0   6,5   0,0  12,0  30,0   04:41    NW
27  25,9  29,9   14:49  23,0   06:11   0,0   7,6   0,0   5,7  17,0   12:53   NNE
28  26,0  29,2   13:23  23,5   04:33   0,0   7,7   0,0   5,6  18,0   13:16     E
29  26,4  29,4   15:30  24,0   06:19   0,0   8,1   0,0   5,9  17,0   13:21     E
30  26,5  29,6   13:32  24,0   06:40   0,0   8,2   0,0   5,4  18,0   12:39     E
31  26,7  30,1   15:11  23,9   03:15   0,0   8,4   0,0   5,7  15,0   12:35   ESE
----------------------------------------------------------------------------------
    26,2  32,1    13    19,8    17     0,0 244,0   1,0   7,2  53,0    15     NNE

Max >=  20,0: 31
Max <=  19,9:  0
Min <=  10,0:  0
Min <=   4,0:  0
Max Rain: 0,5 on day 14
Days of Rain: 2 (>= 0,3 mm)  0 (>= 6,0 mm)  0 (>= 20,0 mm)
Heat Base: 18,3  Cool Base: 18,3  Method: Integration