Report per 2016 Agosto
                   Monthly Climatological Summary for ago 2016

Name: Meteo Bagheria Centro   City: Bagheria   State: Italia
Elevation: 88 m  Lat: N 38 04' 37"   Lon: E 013 30' 15"

                  Temperature (C), Rain (mm), Wind Speed (km/h)

                                      Heat  Cool        Avg
    Mean                              Deg   Deg         Wind                 Dom
Day Temp  High   Time   Low    Time   Days  Days  Rain  Speed High   Time    Dir
----------------------------------------------------------------------------------
 1  27,9  32,6   13:19  25,0   02:58   0,0   9,7   0,0   5,7  37,0   14:43   NNE
 2  26,7  29,6   14:07  24,2   23:59   0,0   8,4   0,0   7,4  24,0   19:27    NE
 3  25,7  28,5   14:25  23,6   06:32   0,0   7,4   0,0   7,6  22,0   15:14   NNW
 4  26,5  29,4   11:53  23,9   06:35   0,0   8,2   0,0   6,1  21,0   13:16    NW
 5  27,1  30,2   13:07  24,4   06:40   0,0   8,8   0,0   5,8  17,0   13:17   ESE
 6  26,0  28,6   12:22  24,0   23:48   0,0   7,8   0,0  10,1  37,0   16:59    NW
 7  24,4  27,3   15:05  19,9   02:08   0,0   6,1  12,0   9,6  40,0   01:18    NW
 8  24,9  27,8   15:13  22,0   02:20   0,0   6,5   0,0   8,4  27,0   14:55   NNW
 9  25,4  28,0   16:34  23,3   05:39   0,0   7,1   0,0   6,8  22,0   14:46    NW
10  25,9  29,1   13:39  22,9   05:11   0,0   7,6   0,0   5,5  19,0   13:49     E
11  26,3  29,6   11:35  24,1   23:31   0,0   8,0   0,0  10,9  40,0   16:34    NW
12  24,8  27,5   12:53  22,8   05:15   0,0   6,5   0,0  11,1  34,0   13:14    NW
13  24,7  26,9   15:43  22,7   01:03   0,0   6,4   0,0   7,7  26,0   12:35   NNW
14  25,1  28,4   14:54  22,8   05:27   0,0   6,8   0,0   5,6  19,0   13:13     N
15  25,1  28,6   13:43  22,1   04:55   0,0   6,8   0,0   5,9  21,0   15:24   ESE
16  25,0  28,4   14:28  21,9   06:39   0,0   6,7   0,0   6,1  19,0   14:07   ESE
17  24,9  28,6   14:41  22,3   06:26   0,0   6,6   0,0   5,1  18,0   12:51   ENE
18  25,6  28,2   14:24  24,0   02:08   0,0   7,3   0,0   4,9  21,0   12:59    NE
19  25,9  29,5   14:43  22,9   06:28   0,0   7,6   0,0   5,5  16,0   10:47   ESE
20  27,1  30,2   15:23  24,0   06:29   0,0   8,8   0,0   5,3  18,0   15:51     E
21  27,6  31,5   14:59  24,6   05:58   0,0   9,3   0,0   4,6  16,0   14:33     E
22  26,3  28,9   13:17  24,7   23:48   0,0   8,0   0,0   6,9  22,0   16:10   NNW
23  24,9  27,3   11:32  23,5   23:47   0,0   6,6   2,5   9,0  32,0   12:35     N
24  25,0  27,7   16:40  23,4   04:55   3,2   6,2  14,5  10,1  26,0   01:27     N
25  26,3  29,5   13:55  24,0   06:08   0,0   8,0   0,0   6,6  23,0   10:23   NNW
26  26,8  30,1   13:12  24,2   05:19   0,0   8,5   0,0   5,2  21,0   15:41    NW
27  27,0  30,2   12:39  24,6   07:02   0,0   8,7   0,0   4,7  19,0   13:42     E
28  27,0  30,7   14:48  24,3   06:08   3,2   8,8   0,0   4,9  17,0   13:43     E
29  26,8  31,5   14:19  24,0   05:01   0,0   8,5   0,0   5,1  18,0   13:54   ESE
30  26,5  29,6   14:23  24,0   06:33   0,0   8,2   0,0   5,6  18,0   18:10   ESE
31  26,3  29,3   14:24  24,5   06:32   0,0   8,0   0,0   4,4  18,0   11:23   NNE
----------------------------------------------------------------------------------
    26,0  32,6     1    19,9     7     6,4 237,9  29,0   6,7  40,0     7       N

Max >=  20,0: 31
Max <=  19,9:  0
Min <=  10,0:  0
Min <=   4,0:  0
Max Rain: 14,5 on day 24
Days of Rain: 3 (>= 0,3 mm)  2 (>= 6,0 mm)  0 (>= 20,0 mm)
Heat Base: 18,3  Cool Base: 18,3  Method: Integration