Report per 2016 Settembre
                   Monthly Climatological Summary for set 2016

Name: Meteo Bagheria Centro   City: Bagheria   State: Italia
Elevation: 88 m  Lat: N 38 04' 37"   Lon: E 013 30' 15"

                  Temperature (C), Rain (mm), Wind Speed (km/h)

                                      Heat  Cool        Avg
    Mean                              Deg   Deg         Wind                 Dom
Day Temp  High   Time   Low    Time   Days  Days  Rain  Speed High   Time    Dir
----------------------------------------------------------------------------------
 1  25,8  28,4   14:36  24,0   06:43   0,0   7,5   0,0   6,6  21,0   11:18   NNW
 2  25,2  27,7   15:10  23,5   06:16   0,0   6,9   0,0   9,4  23,0   12:23   NNW
 3  25,3  28,0   14:24  23,2   05:42   0,0   7,0   0,0   6,8  23,0   14:09    NW
 4  25,6  29,4   12:38  23,2   04:17   0,0   7,3   0,0   5,9  19,0   15:48    NW
 5  26,7  31,5   14:07  23,5   04:40   0,0   8,4   0,0   5,9  23,0   21:45     S
 6  24,7  26,9   00:00  21,9   23:26   0,0   6,4   9,5  11,6  31,0   14:20   NNW
 7  21,6  24,5   12:17  17,5   08:10   0,0   3,3  37,5   5,1  24,0   07:59   WSW
 8  22,1  25,1   14:32  19,4   00:23   0,0   3,8   0,0   8,7  30,0   15:59    NW
 9  22,6  24,9   11:58  20,7   01:39   0,0   4,3   6,0   7,0  26,0   12:23   WNW
10  24,2  29,7   12:44  21,3   06:56   3,2   5,9   0,0   7,2  30,0   13:39    NW
11  24,5  27,5   13:43  22,5   05:53   0,0   6,2   0,0   5,8  19,0   16:08    NW
12  24,4  27,4   11:56  22,0   06:26   0,0   6,1   0,0   4,6  15,0   11:51     E
13  24,2  27,3   16:11  21,6   05:57   0,0   5,9   0,0   5,5  19,0   13:16   NNW
14  24,7  28,4   15:43  22,1   07:14   0,0   6,4   0,0   5,5  17,0   13:11     E
15  25,2  28,5   15:53  23,0   03:45   0,0   6,9   0,0   4,7  15,0   10:55   ESE
16  26,1  28,9   13:55  23,8   05:35   0,0   7,8   0,0   5,2  26,0   21:43    SE
17  25,0  26,6   14:16  23,4   22:47   0,0   6,7   0,0   9,2  27,0   15:43    NW
18  24,4  28,3   14:48  21,6   06:08   0,0   6,1   0,0   5,9  27,0   18:34   NNW
19  23,6  26,5   13:02  21,6   23:55   0,0   5,3   0,0  10,2  32,0   14:45   WNW
20  22,8  25,6   14:58  20,8   06:11   0,0   4,5   0,0   6,9  24,0   14:17   WNW
21  21,8  24,1   15:18  19,6   13:24   0,0   3,6   7,5   6,4  30,0   10:36     W
22  21,9  25,2   14:33  19,9   10:03   0,0   3,6   0,0   8,8  28,0   09:39   WNW
23  22,0  25,0   11:34  19,0   07:18   0,0   3,7   0,0   5,7  16,0   15:47    SE
24  22,0  24,3   14:43  20,0   05:52   0,0   3,7   0,0   5,7  18,0   12:19   SSW
25  21,3  24,2   13:40  19,3   23:59   0,0   3,0  13,5   6,4  22,0   15:15     S
26  21,6  24,7   14:13  19,1   00:52   0,0   3,3   2,5   4,7  22,0   14:19    NW
27  22,0  24,9   12:23  19,8   06:57   0,0   3,7   0,0   4,8  18,0   13:36    NE
28  22,3  25,2   14:59  19,8   06:47   0,0   4,0   0,0   4,5  19,0   11:31   ESE
29  22,6  25,7   13:59  20,4   06:36   0,0   4,3   0,0   4,4  17,0   16:23   ESE
30  22,7  25,5   14:59  21,1   05:37   0,0   4,4   0,0   5,1  18,0   13:53   ESE
----------------------------------------------------------------------------------
    23,6  31,5     5    17,5     7     3,2 160,0  76,5   7,0  32,0    19      NW

Max >=  20,0: 30
Max <=  19,9:  0
Min <=  10,0:  0
Min <=   4,0:  0
Max Rain: 37,5 on day 7
Days of Rain: 6 (>= 0,3 mm)  5 (>= 6,0 mm)  1 (>= 20,0 mm)
Heat Base: 18,3  Cool Base: 18,3  Method: Integration