Report per 2016 Ottobre
                   Monthly Climatological Summary for ott 2016

Name: Meteo Bagheria Centro   City: Bagheria   State: Italia
Elevation: 88 m  Lat: N 38 04' 37"   Lon: E 013 30' 15"

                  Temperature (C), Rain (mm), Wind Speed (km/h)

                                      Heat  Cool        Avg
    Mean                              Deg   Deg         Wind                 Dom
Day Temp  High   Time   Low    Time   Days  Days  Rain  Speed High   Time    Dir
----------------------------------------------------------------------------------
 1  23,5  26,4   14:18  21,5   01:27   0,0   5,2   0,0   5,6  27,0   22:36   ESE
 2  24,0  26,8   12:12  21,4   07:09   0,0   5,7   3,5   7,3  30,0   05:43     S
 3  23,6  26,6   14:21  21,8   05:23   0,0   5,3   0,0   3,9  16,0   12:05   ESE
 4  23,2  26,8   14:23  20,8   07:07   0,0   4,9   0,0   3,6  15,0   12:39     N
 5  22,1  24,1   13:23  20,5   23:59   0,0   3,8   0,0   6,7  24,0   11:53    NW
 6  21,6  25,1   15:15  18,2   05:38   0,0   3,3   0,0   7,0  18,0   13:36     S
 7  22,3  25,9   10:47  18,7   12:11   0,0   4,0  17,0  11,4  43,0   11:33   WSW
 8  20,9  24,5   14:46  18,7   04:15   0,0   2,6   0,0   5,1  15,0   11:55    SW
 9  20,8  24,8   12:09  17,3   20:31   0,1   2,6   8,5   6,4  31,0   19:30   SSE
10  20,8  25,1   14:11  18,2   00:00   0,0   2,5   0,0   8,0  23,0   21:13   WSW
11  20,5  23,5   13:44  18,7   07:58   0,0   2,2   0,0   8,5  31,0   14:50     W
12  19,6  21,6   14:31  17,8   23:39   0,0   1,3   0,0   6,9  22,0   12:25   WNW
13  22,9  28,3   14:29  17,7   03:03   0,1   4,6   0,0  20,9  71,0   23:03     S
14  26,3  30,1   15:25  23,1   01:33   0,0   8,0   0,0  26,5  62,0   06:31   SSW
15  23,7  27,2   02:07  22,0   20:12   0,0   5,4   0,0   9,1  43,0   01:25    NW
16  22,0  24,5   14:54  20,3   23:59   0,0   3,7   0,0   3,8  18,0   12:02   NNE
17  21,2  23,5   13:48  19,1   07:28   0,0   2,9   0,0   5,1  19,0   13:45   ESE
18  21,1  23,6   12:06  19,2   07:38   0,0   2,8   0,0   5,5  19,0   12:35     W
19  21,2  24,0   14:11  19,5   07:08   0,0   2,9   0,0   4,1  13,0   12:26   ESE
20  20,5  24,4   13:46  18,1   06:25   0,0   2,2  33,5   6,7  22,0   12:02    SW
21  19,6  21,9   12:41  17,8   01:23   0,1   1,4   3,5   3,7  16,0   16:13   ESE
22  19,8  23,0   14:08  17,6   07:35   0,1   1,6   0,0   4,2  15,0   06:48    SE
23  20,4  25,9   14:58  18,4   09:11   0,0   2,1   9,5   5,4  27,0   14:42   SSE
24  21,9  24,9   14:39  18,9   07:40   0,0   3,6   0,0   3,9  24,0   21:45    SE
25  22,2  25,2   14:03  19,9   07:23   0,0   3,9   0,0   3,6  17,0   00:16   WNW
26  21,2  24,5   14:22  19,4   06:57   0,0   2,9   0,0   3,1  11,0   14:09     E
27  19,7  23,1   11:26  16,4   20:26   0,3   1,7  47,0   6,8  22,0   14:07    NW
28  18,1  19,2   12:59  17,3   00:00   0,3   0,1   5,5  14,1  38,0   19:54   NNE
29  18,2  19,9   11:58  17,2   05:43   0,4   0,3   0,0   8,3  37,0   00:35   NNE
30  18,0  20,9   12:52  16,3   23:46   0,8   0,5   0,0   2,8  12,0   10:47    NE
31  17,8  20,6   13:10  15,7   06:12   1,0   0,5   0,0   3,3  13,0   12:54   ESE
----------------------------------------------------------------------------------
    21,2  30,1    14    15,7    31     3,2  94,5 128,0   7,1  71,0    13     SSW

Max >=  20,0: 29
Max <=  19,9:  2
Min <=  10,0:  0
Min <=   4,0:  0
Max Rain: 47,0 on day 27
Days of Rain: 8 (>= 0,3 mm)  5 (>= 6,0 mm)  2 (>= 20,0 mm)
Heat Base: 18,3  Cool Base: 18,3  Method: Integration