Report per 2016 Novembre
                   Monthly Climatological Summary for nov 2016

Name: Meteo Bagheria Centro   City: Bagheria   State: Italia
Elevation: 88 m  Lat: N 38 04' 37"   Lon: E 013 30' 15"

                  Temperature (C), Rain (mm), Wind Speed (km/h)

                                      Heat  Cool        Avg
    Mean                              Deg   Deg         Wind                 Dom
Day Temp  High   Time   Low    Time   Days  Days  Rain  Speed High   Time    Dir
----------------------------------------------------------------------------------
 1  17,1  19,8   13:29  15,3   07:01   1,4   0,2   0,0   3,9  17,0   12:04    NW
 2  17,3  20,2   12:39  14,7   06:07   1,4   0,3   0,0   3,7  18,0   23:12   ESE
 3  19,5  23,4   12:29  17,3   07:12   0,2   1,4   0,0   6,4  23,0   10:36    SW
 4  18,9  22,3   12:55  16,8   04:41   0,5   1,1   0,0   5,2  15,0   07:06     S
 5  20,4  24,8   13:53  16,8   05:10   3,6   2,4   0,0  14,9  45,0   16:01   SSW
 6  22,4  25,6   13:58  20,7   00:00   0,0   4,1   0,0  21,6  53,0   06:30   SSW
 7  20,4  23,1   19:50  16,6   23:36   0,1   2,2   1,0   9,3  56,0   19:13   SSW
 8  18,1  22,1   13:45  14,2   23:59   0,9   0,7  11,5   8,5  33,0   23:21    SW
 9  14,2  16,3   13:37  11,9   03:31   4,1   0,0   7,0  12,1  32,0   10:08     W
10  17,1  20,0   13:00  14,9   00:19   1,4   0,2   0,0  10,6  32,0   05:47     W
11  17,3  20,9   14:20  15,0   06:14   1,4   0,4   0,0  10,5  33,0   21:23    SW
12  15,5  18,5   12:42  12,9   06:26   2,8   0,0  14,5  11,0  33,0   12:55     W
13  15,1  19,0   13:56  12,5   06:41   3,3   0,0   0,0   6,1  13,0   00:22   SSW
14  15,6  17,9   15:45  14,1   09:09   2,7   0,0   8,0  11,4  34,0   12:49   SSW
15  17,4  20,7   12:54  15,1   03:03   1,3   0,4   0,0   7,5  27,0   01:47     S
16  18,1  20,7   12:11  16,2   07:18   0,6   0,5   0,0   8,3  28,0   21:54     S
17  18,4  20,0   12:44  17,1   07:17   0,3   0,4   0,0   8,9  23,0   01:26   SSW
18  18,0  20,4   12:38  16,6   22:39   0,5   0,3   5,0  10,5  31,0   09:39     S
19  17,0  18,7   14:08  15,5   23:11   1,3   0,0   0,5   9,4  36,0   02:35   SSW
20  16,7  19,6   13:37  15,0   06:48   1,7   0,2   0,0   4,3  16,0   00:11   SSE
21  16,9  19,7   13:23  15,3   04:11   1,5   0,2   0,0   5,9  19,0   23:54   SSE
22  17,9  21,1   12:21  15,8   07:11   0,9   0,5   0,0   9,7  24,0   23:35   SSE
23  18,8  21,7   13:02  16,8   03:25   0,5   0,9   0,0  14,2  36,0   10:50     S
24  19,3  20,4   11:13  18,1   06:51   0,0   1,0   0,5  21,8  53,0   23:17     S
25  17,0  19,6   01:19  14,8   23:47   1,5   0,2   6,5   9,0  56,0   00:31   SSW
26  15,6  17,5   13:11  13,7   06:53   2,7   0,0   0,0   2,1  11,0   13:19     N
27  15,3  17,9   12:27  13,6   07:07   3,0   0,0   0,0   3,2  12,0   12:22    SE
28  14,8  17,4   13:35  13,2   06:12   3,6   0,0   2,5   4,3  19,0   14:34     W
----------------------------------------------------------------------------------
    17,5  25,6     6    11,9     9    43,2  17,6  57,0   9,1  56,0     7     SSW

Max >=  20,0: 16
Max <=  19,9: 12
Min <=  10,0:  0
Min <=   4,0:  0
Max Rain: 14,5 on day 12
Days of Rain: 10 (>= 0,3 mm)  5 (>= 6,0 mm)  0 (>= 20,0 mm)
Heat Base: 18,3  Cool Base: 18,3  Method: Integration