Report per 2016 Dicembre
                   Monthly Climatological Summary for dic 2016

Name: Meteo Bagheria Centro   City: Bagheria   State: Italia
Elevation: 88 m  Lat: N 38 04' 37"   Lon: E 013 30' 15"

                  Temperature (C), Rain (mm), Wind Speed (km/h)

                                      Heat  Cool        Avg
    Mean                              Deg   Deg         Wind                 Dom
Day Temp  High   Time   Low    Time   Days  Days  Rain  Speed High   Time    Dir
----------------------------------------------------------------------------------
 1  11,6  14,2   12:19   9,2   07:16   6,7   0,0   0,0   6,3  26,0   12:49     W
 2  12,3  16,0   13:29   9,9   06:49   6,0   0,0   0,0   6,3  16,0   23:39   SSW
 3  13,2  16,1   13:35  11,0   06:45   5,1   0,0   0,0   8,9  19,0   13:33   SSW
 4  13,6  16,4   12:39  11,3   06:51   4,7   0,0   0,0   6,5  21,0   02:54     S
 5  14,7  17,3   12:50  12,7   02:42   3,6   0,0   0,0  10,3  27,0   06:07     S
 6  15,4  16,6   12:37  14,2   04:08   2,9   0,0   0,0   9,5  32,0   11:55     S
 7  14,6  15,8   10:31  13,2   23:00   3,7   0,0  18,0   3,3  18,0   00:31     S
 8  14,4  18,5   14:53  12,9   00:34   3,9   0,0   0,0   5,1  16,0   02:23     S
 9  14,2  17,0   14:19  12,4   06:31   4,1   0,0   0,0   4,3  18,0   00:49   SSE
10  13,6  15,9   13:42  12,1   07:03   4,7   0,0   0,0   2,4  13,0   12:28   WNW
11  13,4  15,6   10:50  11,7   06:22   4,9   0,0   0,0   4,0  16,0   14:38   WSW
12  14,6  17,5   12:52  13,4   00:03   3,8   0,0   1,5   6,6  26,0   20:49   WSW
13  13,7  15,9   13:07  11,2   22:37   4,6   0,0   0,0   3,9  17,0   07:06    NE
14  12,4  14,3   13:14  11,1   02:42   5,9   0,0   0,0   5,7  19,0   12:08     S
15  13,4  15,0   12:28  12,4   01:11   4,9   0,0   1,5   4,5  15,0   00:21    SE
16  12,8  15,5   13:25  10,9   22:27   5,5   0,0   0,0   5,1  18,0   16:21    SE
17  12,0  13,6   14:07  10,0   05:35   6,3   0,0   0,0   5,0  26,0   14:38     E
18  11,9  14,5   13:14   9,9   07:24   6,4   0,0   0,0   9,1  26,0   20:31   SSW
19  13,6  16,1   14:44  10,8   05:55   4,8   0,0   1,0  13,5  43,0   21:47   SSE
20  15,8  18,3   13:52  13,4   22:57   2,5   0,0   2,5  11,5  39,0   11:01    SE
21  14,6  17,8   13:58  12,6   05:41   3,7   0,0   0,0   4,4  19,0   01:47     S
22  13,7  17,8   05:51  11,9   23:43   4,6   0,0   0,0   4,2  18,0   08:05   SSE
23  12,6  15,1   13:09  11,3   03:17   5,6   0,0   0,0   3,9  18,0   10:44    NW
24  12,6  15,5   13:50  10,4   06:56   5,7   0,0   0,0   4,9  18,0   15:18   WSW
25  13,2  15,6   13:27  11,2   07:28   5,1   0,0   0,0   2,7  12,0   12:57     S
26  13,1  15,8   14:23  11,7   21:26   5,2   0,0   0,0   3,0  16,0   11:51     W
27  13,0  15,5   12:43  10,8   07:37   5,3   0,0   0,0   2,9  13,0   13:04   SSW
28  12,6  14,0   12:44  11,1   20:11   5,7   0,0   0,0   8,3  31,0   07:03     N
29  10,1  13,0   03:08   8,8   15:38  18,1   0,0   0,5  19,6  44,0   20:43     N
30   9,5  10,8   14:07   8,7   04:41   8,8   0,0   0,0  12,8  31,0   01:19     N
31   9,6  11,5   13:23   8,6   03:30   8,7   0,0   0,5   8,0  34,0   03:31   NNE
----------------------------------------------------------------------------------
    13,1  18,5     8     8,6    31   171,5   0,0  25,5   6,7  44,0    29       S

Max >=  20,0:  0
Max <=  19,9: 31
Min <=  10,0:  7
Min <=   4,0:  0
Max Rain: 18,0 on day 7
Days of Rain: 7 (>= 0,3 mm)  1 (>= 6,0 mm)  0 (>= 20,0 mm)
Heat Base: 18,3  Cool Base: 18,3  Method: Integration