Report per 2017 Febbraio
                   Monthly Climatological Summary for feb 2017

Name: Meteo Bagheria Centro   City: Bagheria   State: Italia
Elevation: 88 m  Lat: N 38 04' 37"   Lon: E 013 30' 15"

                  Temperature (C), Rain (mm), Wind Speed (km/h)

                                      Heat  Cool        Avg
    Mean                              Deg   Deg         Wind                 Dom
Day Temp  High   Time   Low    Time   Days  Days  Rain  Speed High   Time    Dir
----------------------------------------------------------------------------------
 1  12,9  17,2   13:34  10,3   06:54   5,4   0,0   0,0  14,3  30,0   01:09     S
 2  14,2  18,0   13:37  12,4   00:00   4,1   0,0   0,0  16,9  40,0   05:51     S
 3  14,7  19,6   13:33  12,7   05:15   3,6   0,0   0,0  14,9  42,0   02:12   SSW
 4  15,1  17,9   13:27  13,4   01:07   3,2   0,0   0,0  14,1  34,0   20:36    SW
 5  15,4  18,2   12:39  12,0   23:59   2,9   0,0   0,0  13,3  45,0   23:28   SSW
 6  11,2  13,6   10:36   9,2   20:36   7,1   0,0   8,5  12,0  40,0   00:34   WSW
 7  11,2  13,8   14:23   9,2   05:18   7,1   0,0  21,5   7,0  24,0   11:18   WNW
 8  12,4  16,1   12:29   9,6   07:07   5,9   0,0   0,0   8,2  30,0   23:24   SSW
 9  11,5  13,8   13:57   9,4   08:34   7,0   0,0  20,0   9,0  32,0   10:33   SSE
10  11,8  14,5   14:11   9,5   05:17   6,5   0,0   0,0   6,0  21,0   14:51   WNW
11  12,5  15,3   12:59  10,9   07:08   5,8   0,0   0,5   4,0  17,0   13:00   ESE
12  13,4  17,6   13:25  11,4   07:13   5,0   0,0   0,0   7,4  28,0   07:14     S
13  13,4  16,5   11:53  11,1   04:56   4,9   0,0   0,0   7,9  26,0   01:57   SSE
14  14,2  17,5   13:22  12,5   07:36   4,1   0,0   0,0   5,6  27,0   00:28   SSE
15  13,0  15,8   14:51  11,1   05:36   5,3   0,0   0,0   4,3  17,0   12:35    NW
16  11,7  14,7   13:56   9,3   07:13   6,6   0,0   0,0   3,3  15,0   15:24   ESE
17  11,1  13,9   13:04   9,1   05:11   7,2   0,0   0,0   3,2  11,0   12:41   SSE
18  11,4  14,3   14:11   9,8   04:16   6,9   0,0   0,0   4,0  15,0   06:28   SSE
19  11,6  14,8   13:16   9,5   03:05   6,7   0,0   0,0   2,7  15,0   15:08   ESE
20  11,5  14,6   14:13   9,5   04:37   7,0   0,0   0,5   3,8  24,0   20:39   NNW
21  11,8  15,4   14:17   9,7   01:12   6,5   0,0   0,5   4,6  19,0   13:15    NW
22  12,2  15,6   13:48   9,2   05:31   6,1   0,0   0,0   4,1  15,0   12:41    SE
23  13,9  17,1   13:45  12,0   23:57   4,4   0,0   0,0   4,6  15,0   12:40    SE
24  16,3  22,0   14:07  11,2   05:21   2,8   0,8   0,0   8,2  37,0   17:40     S
25  16,4  20,4   01:09  12,9   23:42   2,2   0,2   0,0  10,6  37,0   12:52   WNW
26  13,6  15,4   13:08  12,1   04:07   4,7   0,0   0,0   3,8  17,0   23:54     N
27  14,2  16,6   11:39  13,0   03:46   4,1   0,0   1,0   4,9  17,0   12:39   NNW
28  15,8  20,7   14:27  12,8   06:22   2,8   0,3   0,0   9,1  30,0   16:09    SW
----------------------------------------------------------------------------------
    13,2  22,0    24     9,1    17   145,9   1,3  52,5   7,6  45,0     5     SSW

Max >=  20,0:  3
Max <=  19,9: 25
Min <=  10,0: 12
Min <=   4,0:  0
Max Rain: 21,5 on day 7
Days of Rain: 7 (>= 0,3 mm)  3 (>= 6,0 mm)  2 (>= 20,0 mm)
Heat Base: 18,3  Cool Base: 18,3  Method: Integration