Report per 2017 Marzo
                   Monthly Climatological Summary for mar 2017

Name: Meteo Bagheria Centro   City: Bagheria   State: Italia
Elevation: 88 m  Lat: N 38 04' 37"   Lon: E 013 30' 15"

                  Temperature (C), Rain (mm), Wind Speed (km/h)

                                      Heat  Cool        Avg
    Mean                              Deg   Deg         Wind                 Dom
Day Temp  High   Time   Low    Time   Days  Days  Rain  Speed High   Time    Dir
----------------------------------------------------------------------------------
 1  14,8  18,4   13:14  12,3   23:40   3,5   0,0   0,0  12,4  39,0   11:21     W
 2  13,7  17,2   13:15  11,0   06:38   4,6   0,0   0,0   5,3  19,0   11:08    SE
 3  13,9  17,1   12:57  11,2   05:19   4,4   0,0   0,0   5,4  28,0   22:37    SE
 4  16,6  21,5   14:13  13,7   02:19   2,2   0,5   0,0  15,1  45,0   08:11   SSW
 5  15,8  19,8   10:59  12,9   23:39   2,7   0,2   6,0  10,7  36,0   07:53    SW
 6  14,3  17,4   13:48  11,6   02:43   4,0   0,0   0,0   7,0  33,0   22:10   SSW
 7  14,0  17,2   04:25  10,2   23:16   4,3   0,0   7,5  26,4  83,0   23:08   WNW
 8  12,7  14,6   13:56  10,5   00:00   5,6   0,0   3,5  28,9  75,0   01:02   NNW
 9  13,1  15,5   13:53  11,2   06:18   5,2   0,0   0,0  10,6  31,0   10:05    NW
10  13,7  18,1   11:17  10,7   04:45   4,6   0,0   0,0   9,8  37,0   15:48    NW
11  13,1  15,1   13:56  11,4   23:55   5,1   0,0   0,0  13,7  37,0   05:58   NNW
12  13,0  17,2   13:33  10,0   06:03   5,3   0,0   0,0   5,1  18,0   15:17    NW
13  12,9  15,3   13:17  10,7   04:51   5,4   0,0   0,0   3,6  15,0   09:53   ESE
14  13,5  16,8   13:38  11,2   06:08   4,8   0,0   0,0   4,5  18,0   12:35    NE
15  12,8  16,0   14:02  10,3   05:40   5,5   0,0   0,0   6,3  23,0   15:08   NNW
16  13,2  16,5   14:07  10,6   06:26   5,1   0,0   0,0   4,5  19,0   11:28    NE
17  14,0  17,6   15:02  11,2   04:24   4,3   0,0   0,0   7,6  30,0   12:37    NW
18  14,9  19,2   13:16  11,6   05:35   3,5   0,0   0,0   5,3  21,0   23:30    SE
19  16,1  21,6   12:38  12,7   05:37   2,6   0,4   0,0   8,6  26,0   05:28   SSE
20  15,9  19,1   13:37  13,6   06:11   2,4   0,1   0,0   6,8  19,0   12:34    SE
21  15,2  18,4   13:10  12,9   05:47   3,0   0,0   0,0   4,0  15,0   12:05     E
22  15,8  19,0   13:37  14,0   01:57   2,5   0,1   0,0   4,7  19,0   13:27   ESE
23  15,5  19,0   13:30  12,8   04:07   2,8   0,0   0,0   5,8  19,0   08:49     E
24  16,4  20,2   12:26  13,3   06:57   2,2   0,3   0,0   4,6  22,0   13:35   ESE
25  16,8  20,3   09:59  14,8   02:26   1,8   0,2   0,0   9,7  24,0   05:03   WSW
26  15,3  17,3   13:43  14,0   23:44   3,1   0,0   0,0   5,9  19,0   16:46   NNW
27  14,5  17,1   12:33  11,8   05:28   3,8   0,0   0,0   7,1  27,0   14:53    NW
28  13,8  16,2   15:15  12,0   04:14   4,5   0,0   0,0   6,9  19,0   11:58   NNW
29  14,4  17,2   15:42  12,2   07:06   3,9   0,0   0,0   7,3  26,0   16:39    NW
30  14,8  18,0   15:30  12,1   06:30   3,5   0,0   0,0   6,9  23,0   14:46    NW
31  16,0  20,3   15:07  12,5   06:43   2,5   0,2   0,0   3,8  15,0   13:56   ENE
----------------------------------------------------------------------------------
    14,5  21,6    19    10,0    12   118,7   2,0  17,0   8,5  83,0     7      NW

Max >=  20,0:  5
Max <=  19,9: 26
Min <=  10,0:  1
Min <=   4,0:  0
Max Rain: 7,5 on day 7
Days of Rain: 3 (>= 0,3 mm)  2 (>= 6,0 mm)  0 (>= 20,0 mm)
Heat Base: 18,3  Cool Base: 18,3  Method: Integration